000
CXHW51 PHFO 020021
CLMLIH
CLIMATE REPORT
NATIONAL WEATHER SERVICE HONOLULU HI
221 PM HST WED NOV 01 2023
...................................
...THE LIHUE HI CLIMATE SUMMARY FOR THE MONTH OF OCTOBER 2023...
CLIMATE NORMAL PERIOD 1991 TO 2020
CLIMATE RECORD PERIOD 1950 TO 2023
WEATHER OBSERVED NORMAL DEPART LAST YEAR`S
VALUE DATE(S) VALUE FROM VALUE DATE(S)
NORMAL
................................................................
TEMPERATURE (F)
RECORD
HIGH 91 10/09/2012
LOW 61 10/17/2006
10/27/1993
HIGHEST 87 10/22 84 3 85 10/22
10/24
10/25
LOWEST 66 10/04 73 -7 65 10/06
10/26
10/28
10/09
AVG. MAXIMUM 84.0 83.9 0.1 83.8
AVG. MINIMUM 70.9 73.6 -2.7 71.5
MEAN 77.5 78.7 -1.2 77.7
DAYS MAX >= 93 0 0
DAYS MAX >= 90 0 0
DAYS MAX <= 80 0 1
DAYS MIN >= 72 14 18
DAYS MIN <= 60 0 0
DAYS MIN <= 55 0 0
PRECIPITATION (INCHES)
RECORD
MAXIMUM 18.04 1982
MINIMUM 0.35 2012
TOTALS 1.22 3.27 -2.05 2.11
DAILY AVG. 0.04 0.11 -0.07 0.07
DAYS >= .01 15 16.9 -1.9 18
DAYS >= .10 5 5.4 -0.4 10
DAYS >= .50 0 1.7 -1.7 0
DAYS >= 1.00 0 0.8 -0.8 0
GREATEST
24 HR. TOTAL 0.51 10/22 TO 10/23 0.39
SNOWFALL (INCHES)
RECORDS
TOTAL MM MM
TOTALS MM MM MM MM
SINCE 7/1 MM 0.0 MM MM
SNOWDEPTH AVG. MM MM
DAYS >= 1.0 MM MM MM MM
GREATEST
SNOW DEPTH MM MM MM
24 HR TOTAL MM MM
DEGREE DAYS
HEATING TOTAL 0 0 0 0
SINCE 7/1 0 0 0 MM
COOLING TOTAL 383 426 -43 401
SINCE 1/1 3832 3512 320 MM
................................................................
WIND (MPH)
AVERAGE WIND SPEED 9.1
HIGHEST WIND SPEED/DIRECTION 25/240 DATE 10/23
HIGHEST GUST SPEED/DIRECTION 31/240 DATE 10/23
SKY COVER
POSSIBLE SUNSHINE (PERCENT) MM
AVERAGE SKY COVER 0.48
NUMBER OF DAYS FAIR 9
NUMBER OF DAYS PC 19
NUMBER OF DAYS CLOUDY 3
AVERAGE RH (PERCENT) 77
WEATHER CONDITIONS. NUMBER OF DAYS WITH
THUNDERSTORM 0 MIXED PRECIP 0
HEAVY RAIN 4 RAIN 5
LIGHT RAIN 17 FREEZING RAIN 0
LT FREEZING RAIN 0 HAIL 0
HEAVY SNOW 0 SNOW 0
LIGHT SNOW 0 SLEET 0
FOG 12 FOG W/VIS <= 1/4 MILE 0
HAZE 5
- INDICATES NEGATIVE NUMBERS.
R INDICATES RECORD WAS SET OR TIED.
MM INDICATES DATA IS MISSING.
T INDICATES TRACE AMOUNT.
$$