000
CXUS53 KMKX 010810
CF6LNR
PRELIMINARY LOCAL CLIMATOLOGICAL DATA (WS FORM: F-6)
STATION: LONE ROCK WI
MONTH: MAY
YEAR: 2023
LATITUDE: 43 12 N
LONGITUDE: 90 11 W
TEMPERATURE IN F: :PCPN: SNOW: WIND :SUNSHINE: SKY :PK WND
================================================================================
1 2 3 4 5 6A 6B 7 8 9 10 11 12 13 14 15 16 17 18
12Z AVG MX 2MIN
DY MAX MIN AVG DEP HDD CDD WTR SNW DPTH SPD SPD DIR MIN PSBL S-S WX SPD DR
================================================================================
1 55 41 48 -5 17 0 T M M 17.1 30 320 M M 10 42 330
2 59 40 50 -4 15 0 0.00 M M 13.9 26 330 M M 6 38 340
3 65 32 49 -5 16 0 0.00 M M 6.3 18 320 M M 0 28 340
4 77 34 56 2 9 0 0.00 M M 8.4 22 200 M M 3 8 30 200
5 77 56 67 12 0 2 0.14 M M 7.9 24 210 M M 5 1 35 200
6 68 56 62 7 3 0 0.04 M M 7.8 17 120 M M 9 1 25 140
7 83 50 67 11 0 2 T M M 6.6 24 90 M M 2 128 30 90
8 61 52 57 1 8 0 0.13 M M 6.2 16 90 M M 9 1 21 100
9 74 51 63 7 2 0 0.00 M M 3.5 9 130 M M 4 1 16 100
10 79 47 63 6 2 0 0.00 M M 4.6 14 170 M M 0 1 26 230
11 84 47 66 9 0 1 0.00 M M 5.4 16 180 M M 0 21 150
12 73 58 66 8 0 1 0.03 M M 4.8 15 50 M M 9 1 21 40
13 75 60 68 10 0 3 0.00 M M 12.5 25 100 M M 9 35 110
14 64 47 56 -2 9 0 0.39 M M 8.7 20 70 M M 9 1 27 70
15 73 40 57 -2 8 0 0.00 M M 1.8 9 70 M M 0 1 13 110
16 83 43 63 4 2 0 0.00 M M 7.5 20 100 M M 0 27 100
17 67 43 55 -5 10 0 0.00 M M 6.9 14 80 M M 0 19 110
18 78 42 60 0 5 0 0.01 M M 9.1 18 160 M M 2 8 26 160
19 64 50 57 -3 8 0 0.00 M M 9.1 18 310 M M 5 18 29 330
20 76 42 59 -2 6 0 0.00 M M 5.5 16 10 M M 0 21 290
21 80 42 61 0 4 0 0.00 0.0 0 2.8 14 300 M M 0 23 300
22 82 45 64 2 1 0 0.00 M M 2.8 16 200 M M 1 8 25 190
23 85 47 66 4 0 1 0.00 M M 2.5 16 210 M M 0 1 24 220
24 76 48 62 0 3 0 0.00 M M 10.1 22 70 M M 1 8 30 70
25 73 42 58 -5 7 0 0.00 M M 9.0 17 100 M M 2 24 110
26 77 33 55 -8 10 0 0.00 M M 4.0 15 110 M M 0 21 90
27 82 36 59 -4 6 0 0.00 M M 4.5 15 100 M M 0 20 110
28 82 44 63 -1 2 0 0.00 M M 2.5 10 100 M M 0 17 150
29 86 49 68 4 0 3 0.00 M M 2.7 14 140 M M 0 21 160
30 90 50 70 6 0 5 0.00 M M 3.8 17 180 M M 0 25 150
31 94 53 74 9 0 9 0.00 M M 5.1 16 180 M M 1 26 170
================================================================================
SM 2342 1420 153 27 0.74 0.0 203.4 M 87
================================================================================
AV 75.5 45.8 6.6 FASTST M M 3 MAX(MPH)
MISC ----> 30 320 42 330
================================================================================
NOTES:
# LAST OF SEVERAL OCCURRENCES
COLUMN 17 PEAK WIND IN M.P.H.
PRELIMINARY LOCAL CLIMATOLOGICAL DATA (WS FORM: F-6) , PAGE 2
STATION: LONE ROCK WI
MONTH: MAY
YEAR: 2023
LATITUDE: 43 12 N
LONGITUDE: 90 11 W
[TEMPERATURE DATA] [PRECIPITATION DATA] SYMBOLS USED IN COLUMN 16
AVERAGE MONTHLY: 60.7 TOTAL FOR MONTH: 0.74 1 = FOG OR MIST
DPTR FM NORMAL: 1.5 DPTR FM NORMAL: -2.98 2 = FOG REDUCING VISIBILITY
HIGHEST: 94 ON 31 GRTST 24HR 0.39 ON 14-14 TO 1/4 MILE OR LESS
LOWEST: 32 ON 3 3 = THUNDER
SNOW, ICE PELLETS, HAIL 4 = ICE PELLETS
TOTAL MONTH: 0.0 INCH 5 = HAIL
GRTST 24HR 0.0 6 = FREEZING RAIN OR DRIZZLE
GRTST DEPTH: 0 7 = DUSTSTORM OR SANDSTORM:
VSBY 1/2 MILE OR LESS
8 = SMOKE OR HAZE
[NO. OF DAYS WITH] [WEATHER - DAYS WITH] 9 = BLOWING SNOW
X = TORNADO
MAX 32 OR BELOW: 0 0.01 INCH OR MORE: 6
MAX 90 OR ABOVE: 2 0.10 INCH OR MORE: 3
MIN 32 OR BELOW: 1 0.50 INCH OR MORE: 0
MIN 0 OR BELOW: 0 1.00 INCH OR MORE: 0
[HDD (BASE 65) ]
TOTAL THIS MO. 153 CLEAR (SCALE 0-3) 21
DPTR FM NORMAL -70 PTCLDY (SCALE 4-7) 4
TOTAL FM JUL 1 6344 CLOUDY (SCALE 8-10) 6
DPTR FM NORMAL -687
[CDD (BASE 65) ]
TOTAL THIS MO. 27
DPTR FM NORMAL -15 [PRESSURE DATA]
TOTAL FM JAN 1 36 HIGHEST SLP M ON M
DPTR FM NORMAL -9 LOWEST SLP 29.48 ON 1
[REMARKS]
#FINAL-05-23#