000
CXUS53 KMKX 010910
CF6LNR
PRELIMINARY LOCAL CLIMATOLOGICAL DATA (WS FORM: F-6)
STATION: LONE ROCK WI
MONTH: NOVEMBER
YEAR: 2022
LATITUDE: 43 12 N
LONGITUDE: 90 11 W
TEMPERATURE IN F: :PCPN: SNOW: WIND :SUNSHINE: SKY :PK WND
================================================================================
1 2 3 4 5 6A 6B 7 8 9 10 11 12 13 14 15 16 17 18
12Z AVG MX 2MIN
DY MAX MIN AVG DEP HDD CDD WTR SNW DPTH SPD SPD DIR MIN PSBL S-S WX SPD DR
================================================================================
1 77 31 54 11 11 0 0.00 M M 3.4 14 200 M M 0 18 18 190
2 78 40 59 16 6 0 0.00 M M 6.5 17 160 M M 0 25 170
3 76 54 65 23 0 0 0.00 M M 9.5 21 180 M M 4 29 150
4 70 49 60 18 5 0 1.36 M M 5.9 20 200 M M 8 3 32 190
5 60 45 53 12 12 0 1.14 M M 8.5 37 200 M M 8 18 51 200
6 62 46 54 13 11 0 0.00 M M 9.1 23 280 M M 1 34 260
7 53 35 44 4 21 0 0.00 M M 7.1 18 270 M M 0 27 270
8 59 37 48 8 17 0 0.00 M M 9.8 17 110 M M 1 25 120
9 76 53 65 25 0 0 0.00 M M 7.3 18 190 M M 8 24 180
10 76 43 60 21 5 0 0.73 M M 12.0 22 210 M M 8 3 31 200
11 43 31 37 -2 28 0 0.15 M M 12.7 21 290 M M 9 29 290
12 38 33 36 -2 29 0 T M M 9.1 17 350 M M 10 8 24 330
13 35 25 30 -8 35 0 0.00 M M 3.5 12 300 M M 9 17 300
14 42 22 32 -5 33 0 0.00 M M 4.9 14 130 M M 7 20 150
15 39 31 35 -2 30 0 0.20 M M 3.9 9 60 M M 9 8 14 40
16 38 33 36 -1 29 0 0.10 M M 5.3 10 260 M M 10 8 17 250
17 36 28 32 -4 33 0 0.01 M M 11.5 25 290 M M 10 33 280
18 30 21 26 -10 39 0 T M M 14.7 24 280 M M 9 35 250
19 28 15 22 -13 43 0 T M M 14.3 28 290 M M 6 8 36 270
20 40 13 27 -8 38 0 0.00 M M 6.3 15 190 M M 1 22 200
21 45 20 33 -1 32 0 0.00 M M 6.5 16 280 M M 0 22 290
22 51 18 35 1 30 0 0.00 M M 2.2 10 270 M M 0 16 270
23 58 22 40 6 25 0 0.00 M M 1.6 9 200 M M 0 18 13 100
24 55 26 41 8 24 0 0.00 M M 4.4 16 310 M M 4 128 22 300
25 55 31 43 10 22 0 0.00 M M 6.0 12 280 M M 0 18 17 300
26 58 29 44 12 21 0 0.00 M M 4.5 17 220 M M 0 26 210
27 50 23 37 5 28 0 0.00 M M 6.7 20 10 M M 3 27 20
28 36 18 27 -4 38 0 0.00 M M 1.5 8 100 M M 0 8 M M
29 54 28 41 10 24 0 0.27 M M 12.5 28 280 M M 10 18 38 300
30 32 23 28 -2 37 0 T M M 17.6 31 280 M M 5 43 280
================================================================================
SM 1550 923 706 0 3.96 M 228.8 M 140
================================================================================
AV 51.7 30.8 7.6 FASTST M M 5 MAX(MPH)
MISC ----> 37 200 51 200
================================================================================
NOTES:
# LAST OF SEVERAL OCCURRENCES
COLUMN 17 PEAK WIND IN M.P.H.
PRELIMINARY LOCAL CLIMATOLOGICAL DATA (WS FORM: F-6) , PAGE 2
STATION: LONE ROCK WI
MONTH: NOVEMBER
YEAR: 2022
LATITUDE: 43 12 N
LONGITUDE: 90 11 W
[TEMPERATURE DATA] [PRECIPITATION DATA] SYMBOLS USED IN COLUMN 16
AVERAGE MONTHLY: 41.2 TOTAL FOR MONTH: 3.96 1 = FOG OR MIST
DPTR FM NORMAL: 4.4 DPTR FM NORMAL: 2.01 2 = FOG REDUCING VISIBILITY
HIGHEST: 78 ON 2 GRTST 24HR 2.18 ON 4- 5 TO 1/4 MILE OR LESS
LOWEST: 13 ON 20 3 = THUNDER
SNOW, ICE PELLETS, HAIL 4 = ICE PELLETS
TOTAL MONTH: M 5 = HAIL
GRTST 24HR M ON M 6 = FREEZING RAIN OR DRIZZLE
GRTST DEPTH: M ON M 7 = DUSTSTORM OR SANDSTORM:
VSBY 1/2 MILE OR LESS
8 = SMOKE OR HAZE
[NO. OF DAYS WITH] [WEATHER - DAYS WITH] 9 = BLOWING SNOW
X = TORNADO
MAX 32 OR BELOW: 3 0.01 INCH OR MORE: 8
MAX 90 OR ABOVE: 0 0.10 INCH OR MORE: 7
MIN 32 OR BELOW: 19 0.50 INCH OR MORE: 3
MIN 0 OR BELOW: 0 1.00 INCH OR MORE: 2
[HDD (BASE 65) ]
TOTAL THIS MO. 706 CLEAR (SCALE 0-3) 13
DPTR FM NORMAL -142 PTCLDY (SCALE 4-7) 7
TOTAL FM JUL 1 1190 CLOUDY (SCALE 8-10) 10
DPTR FM NORMAL -310
[CDD (BASE 65) ]
TOTAL THIS MO. 0
DPTR FM NORMAL 0 [PRESSURE DATA]
TOTAL FM JAN 1 763 HIGHEST SLP 30.64 ON 8
DPTR FM NORMAL 117 LOWEST SLP 29.19 ON 5
[REMARKS]
#FINAL-11-22#