000
CXUS53 KMKX 010810
CF6LNR
PRELIMINARY LOCAL CLIMATOLOGICAL DATA (WS FORM: F-6)
STATION: LONE ROCK WI
MONTH: MARCH
YEAR: 2021
LATITUDE: 43 12 N
LONGITUDE: 90 11 W
TEMPERATURE IN F: :PCPN: SNOW: WIND :SUNSHINE: SKY :PK WND
================================================================================
1 2 3 4 5 6A 6B 7 8 9 10 11 12 13 14 15 16 17 18
12Z AVG MX 2MIN
DY MAX MIN AVG DEP HDD CDD WTR SNW DPTH SPD SPD DIR MIN PSBL S-S WX SPD DR
================================================================================
1 31 14 23 -5 42 0 T M M 8.0 17 340 M M 2 8 24 340
2 40 12 26 -2 39 0 0.00 M M 6.1 20 220 M M 0 31 230
3 54 21 38 9 27 0 0.00 M M 3.5 10 290 M M 1 1 14 280
4 41 22 32 3 33 0 0.00 M M 5.5 14 70 M M 2 1 20 90
5 47 18 33 3 32 0 0.00 M M 4.1 10 280 M M 4 13 280
6 49 21 35 5 30 0 0.00 M M 2.1 8 270 M M 1 11 130
7 48 20 34 4 31 0 0.00 M M 7.3 16 170 M M 1 1 22 160
8 64 32 48 17 17 0 0.00 M M 3.9 12 250 M M 1 17 250
9 65 32 49 18 16 0 0.00 M M 9.4 25 140 M M 1 1 35 140
10 66 51 59 27 6 0 0.30 M M 12.4 26 240 M M 9 1 41 240
11 52 35 44 12 21 0 0.00 M M 12.2 25 250 M M 5 41 230
12 50 25 38 5 27 0 0.00 M M 5.5 18 280 M M 0 24 280
13 60 21 41 8 24 0 0.00 M M 3.1 14 280 M M 0 19 260
14 50 25 38 4 27 0 T M M 11.8 24 70 M M 0 32 90
15 35 29 32 -2 33 0 T M M 13.8 23 100 M M 7 128 37 100
16 36 30 33 -1 32 0 0.00 M M 2.9 8 90 M M 10 1 10 100
17 37 32 35 0 30 0 0.30 M M 5.5 13 40 M M 9 1 19 40
18 50 32 41 6 24 0 0.00 M M 13.2 29 40 M M 0 41 50
19 54 21 38 2 27 0 0.00 M M 3.5 12 110 M M 0 17 120
20 60 21 41 5 24 0 0.00 M M 5.5 18 160 M M 0 24 180
21 65 37 51 14 14 0 0.00 M M 11.8 28 170 M M 0 8 38 170
22 61 43 52 15 13 0 T M M 4.7 20 190 M M 8 27 190
23 57 35 46 9 19 0 0.61 M M 7.7 18 90 M M 6 18 24 80
24 53 43 48 10 17 0 0.09 M M 12.3 24 250 M M 10 1 36 240
25 46 36 41 3 24 0 0.26 M M 6.1 14 30 M M 10 1 19 40
26 49 33 41 2 24 0 0.02 M M 2.0 10 200 M M 7 15 220
27 47 37 42 3 23 0 0.28 M M 7.5 24 280 M M 10 1 33 290
28 45 26 36 -4 29 0 T M M 13.5 30 300 M M 3 43 320
29 70 25 48 8 17 0 M M M 15.1 29 200 M M 2 8 47 170
30 57 36 47 7 18 0 0.00 M M 16.8 25 290 M M 1 36 200
31 41 27 34 -7 31 0 0.00 M M 13.5 26 280 M M 7 35 280
================================================================================
SM 1580 892 771 0 1.86 M 250.3 M 117
================================================================================
AV 51.0 28.8 8.1 FASTST M M 4 MAX(MPH)
MISC ----> 30 300 47 170
================================================================================
NOTES:
# LAST OF SEVERAL OCCURRENCES
COLUMN 17 PEAK WIND IN M.P.H.
PRELIMINARY LOCAL CLIMATOLOGICAL DATA (WS FORM: F-6) , PAGE 2
STATION: LONE ROCK WI
MONTH: MARCH
YEAR: 2021
LATITUDE: 43 12 N
LONGITUDE: 90 11 W
[TEMPERATURE DATA] [PRECIPITATION DATA] SYMBOLS USED IN COLUMN 16
AVERAGE MONTHLY: 39.9 TOTAL FOR MONTH: 1.86 1 = FOG OR MIST
DPTR FM NORMAL: 5.5 DPTR FM NORMAL: -0.06 2 = FOG REDUCING VISIBILITY
HIGHEST: 70 ON 29 GRTST 24HR 0.68 ON 23-24 TO 1/4 MILE OR LESS
LOWEST: 12 ON 2 3 = THUNDER
SNOW, ICE PELLETS, HAIL 4 = ICE PELLETS
TOTAL MONTH: M 5 = HAIL
GRTST 24HR M ON M 6 = FREEZING RAIN OR DRIZZLE
GRTST DEPTH: M ON M 7 = DUSTSTORM OR SANDSTORM:
VSBY 1/2 MILE OR LESS
8 = SMOKE OR HAZE
[NO. OF DAYS WITH] [WEATHER - DAYS WITH] 9 = BLOWING SNOW
X = TORNADO
MAX 32 OR BELOW: 1 0.01 INCH OR MORE: 7
MAX 90 OR ABOVE: 0 0.10 INCH OR MORE: 5
MIN 32 OR BELOW: 21 0.50 INCH OR MORE: 1
MIN 0 OR BELOW: 0 1.00 INCH OR MORE: 0
[HDD (BASE 65) ]
TOTAL THIS MO. 771 CLEAR (SCALE 0-3) 18
DPTR FM NORMAL -178 PTCLDY (SCALE 4-7) 6
TOTAL FM JUL 1 6185 CLOUDY (SCALE 8-10) 7
DPTR FM NORMAL -305
[CDD (BASE 65) ]
TOTAL THIS MO. 0
DPTR FM NORMAL 0 [PRESSURE DATA]
TOTAL FM JAN 1 0 HIGHEST SLP M ON M
DPTR FM NORMAL 0 LOWEST SLP 29.47 ON 24
[REMARKS]
#FINAL-03-21#