000
CXUS53 KLMK 010710
CF6LOU
PRELIMINARY LOCAL CLIMATOLOGICAL DATA (WS FORM: F-6)
STATION: LOUISVILLE BOWMAN KY
MONTH: MAY
YEAR: 2023
LATITUDE: 38 13 N
LONGITUDE: 85 39 W
TEMPERATURE IN F: :PCPN: SNOW: WIND :SUNSHINE: SKY :PK WND
================================================================================
1 2 3 4 5 6A 6B 7 8 9 10 11 12 13 14 15 16 17 18
12Z AVG MX 2MIN
DY MAX MIN AVG DEP HDD CDD WTR SNW DPTH SPD SPD DIR MIN PSBL S-S WX SPD DR
================================================================================
1 57 45 51 -12 14 0 T M M 14.7 25 280 M M 10 39 300
2 60 45 53 -10 12 0 0.00 M M 12.3 25 280 M M 4 36 280
3 64 43 54 -10 11 0 0.00 M M 7.2 16 280 M M 2 26 260
4 71 38 55 -9 10 0 0.00 M M 2.0 12 300 M M 1 16 360
5 76 45 61 -3 4 0 0.00 M M 5.6 15 150 M M 0 21 130
6 77 59 68 4 0 3 0.03 M M 7.5 21 130 M M 7 3 29 170
7 71 59 65 0 0 0 0.47 M M 8.3 24 350 M M 4 3 41 350
8 75 53 64 -1 1 0 0.15 M M 5.4 16 160 M M 4 13 23 160
9 77 57 67 2 0 2 0.32 M M 7.5 22 260 M M 5 13 37 290
10 79 49 64 -2 1 0 0.00 M M 5.6 13 70 M M 0 18 50
11 81 50 66 0 0 1 0.00 M M 5.1 15 210 M M 2 20 160
12 73 66 70 4 0 5 T M M 7.8 18 180 M M 7 1 25 180
13 82 68 75 9 0 10 T M M 4.3 10 230 M M 7 16 240
14 82 65 74 7 0 9 0.13 M M 6.8 13 70 M M 3 1 18 80
15 74 60 67 0 0 2 0.00 M M 6.0 13 30 M M 3 18 40
16 69 55 62 -5 3 0 0.55 M M 3.3 16 300 M M 8 13 26 280
17 77 50 64 -4 1 0 0.00 M M 4.1 14 20 M M 1 12 18 20
18 78 47 63 -5 2 0 0.00 M M 2.8 13 70 M M 1 17 80
19 76 61 69 1 0 4 T M M 7.3 17 200 M M 6 23 190
20 72 52 62 -6 3 0 0.75 M M 5.7 15 20 M M 5 18 24 340
21 76 47 62 -7 3 0 0.00 M M 4.2 15 40 M M 0 1 23 90
22 78 49 64 -5 1 0 0.00 M M 5.7 17 60 M M 0 24 60
23 83 53 68 -1 0 3 0.00 M M 2.3 10 20 M M 1 14 20
24 84 55 70 0 0 5 0.00 M M 4.0 15 20 M M 1 24 20
25 74 57 66 -4 0 1 0.00 M M 9.4 16 30 M M 0 24 60
26 77 50 64 -6 1 0 0.00 M M 8.2 18 40 M M 0 30 30
27 75 50 63 -7 2 0 0.00 M M 6.6 17 50 M M 0 25 60
28 67 56 62 -9 3 0 T M M 3.9 12 110 M M 7 16 120
29 85 54 70 -1 0 5 0.00 M M 4.0 14 60 M M 6 21 50
30 85 63 74 3 0 9 T M M 4.2 13 80 M M 3 3 22 100
31 87 61 74 2 0 9 0.00 M M 4.4 13 110 M M 1 24 100
================================================================================
SM 2342 1662 72 68 2.40 M 186.2 M 99
================================================================================
AV 75.5 53.6 6.0 FASTST M M 3 MAX(MPH)
MISC ----> # 25 280 41 350
================================================================================
NOTES:
# LAST OF SEVERAL OCCURRENCES
COLUMN 17 PEAK WIND IN M.P.H.
PRELIMINARY LOCAL CLIMATOLOGICAL DATA (WS FORM: F-6) , PAGE 2
STATION: LOUISVILLE BOWMAN KY
MONTH: MAY
YEAR: 2023
LATITUDE: 38 13 N
LONGITUDE: 85 39 W
[TEMPERATURE DATA] [PRECIPITATION DATA] SYMBOLS USED IN COLUMN 16
AVERAGE MONTHLY: 64.6 TOTAL FOR MONTH: 2.40 1 = FOG OR MIST
DPTR FM NORMAL: -2.6 DPTR FM NORMAL: -2.76 2 = FOG REDUCING VISIBILITY
HIGHEST: 87 ON 31 GRTST 24HR 0.75 ON 19-20 TO 1/4 MILE OR LESS
LOWEST: 38 ON 4 3 = THUNDER
SNOW, ICE PELLETS, HAIL 4 = ICE PELLETS
TOTAL MONTH: M 5 = HAIL
GRTST 24HR M ON M 6 = FREEZING RAIN OR DRIZZLE
GRTST DEPTH: M ON M 7 = DUSTSTORM OR SANDSTORM:
VSBY 1/2 MILE OR LESS
8 = SMOKE OR HAZE
[NO. OF DAYS WITH] [WEATHER - DAYS WITH] 9 = BLOWING SNOW
X = TORNADO
MAX 32 OR BELOW: 0 0.01 INCH OR MORE: 7
MAX 90 OR ABOVE: 0 0.10 INCH OR MORE: 6
MIN 32 OR BELOW: 0 0.50 INCH OR MORE: 2
MIN 0 OR BELOW: 0 1.00 INCH OR MORE: 0
[HDD (BASE 65) ]
TOTAL THIS MO. 72 CLEAR (SCALE 0-3) 16
DPTR FM NORMAL 2 PTCLDY (SCALE 4-7) 14
TOTAL FM JUL 1 3875 CLOUDY (SCALE 8-10) 1
DPTR FM NORMAL -272
[CDD (BASE 65) ]
TOTAL THIS MO. 68
DPTR FM NORMAL -72 [PRESSURE DATA]
TOTAL FM JAN 1 90 HIGHEST SLP M ON M
DPTR FM NORMAL -93 LOWEST SLP 29.50 ON 1
[REMARKS]
#FINAL-05-23#