000
CXUS53 KJKL 011410
CF6LOZ
PRELIMINARY LOCAL CLIMATOLOGICAL DATA (WS FORM: F-6)
STATION: LONDON KY
MONTH: JANUARY
YEAR: 2024
LATITUDE: 37 4 N
LONGITUDE: 84 5 W
TEMPERATURE IN F: :PCPN: SNOW: WIND :SUNSHINE: SKY :PK WND
================================================================================
1 2 3 4 5 6A 6B 7 8 9 10 11 12 13 14 15 16 17 18
12Z AVG MX 2MIN
DY MAX MIN AVG DEP HDD CDD WTR SNW DPTH SPD SPD DIR MIN PSBL S-S WX SPD DR
================================================================================
1 35 30 33 -4 32 0 0.00 M M 6.0 10 290 M M 10 15 310
2 43 28 36 -1 29 0 0.00 M M 1.8 8 230 M M 5 14 220
3 39 22 31 -5 34 0 0.00 M M 2.6 10 270 M M 1 12 260
4 39 23 31 -5 34 0 0.00 M M 4.6 13 360 M M 6 19 350
5 47 18 33 -3 32 0 0.00 M M 2.4 7 90 M M 0 11 150
6 44 35 40 4 25 0 0.54 M M 7.0 15 260 M M 10 1 21 260
7 40 34 37 1 28 0 0.12 M M 7.2 20 270 M M 10 1 26 270
8 48 26 37 1 28 0 0.03 M M 3.9 13 90 M M 1 1 20 130
9 52 35 44 8 21 0 1.80 M M 12.9 36 240 M M 10 1 50 240
10 37 29 33 -3 32 0 0.03 M M 10.1 24 240 M M 8 1 35 250
11 53 26 40 4 25 0 0.00 M M 4.4 16 270 M M 0 23 230
12 51 29 40 4 25 0 0.74 M M 9.4 26 270 M M 6 18 37 270
13 43 26 35 -1 30 0 T M M 12.7 31 270 M M 6 43 270
14 33 20 27 -9 38 0 T M M 9.0 18 280 M M 7 25 290
15 20 15 18 -18 47 0 0.24 M M 5.1 9 350 M M 10 18 13 350
16 17 1 9 -27 56 0 T M M 5.2 14 290 M M 5 18 20 310
17 25 -4 11 -25 54 0 0.00 M M 4.4 15 230 M M 0 20 230
18 36 7 22 -14 43 0 0.10 M M 1.9 10 180 M M 4 16 15 180
19 33 13 23 -13 42 0 0.02 M M 10.7 20 290 M M 10 16 27 290
20 14 0 7 -29 58 0 T M M 6.1 15 280 M M 8 22 280
21 26 -6 10 -26 55 0 0.00 M M 1.1 10 90 M M 0 18 14 110
22 46 8 27 -9 38 0 0.00 M M 2.2 15 200 M M 0 19 200
23 55 29 42 6 23 0 0.00 M M 3.5 12 190 M M 6 18 170
24 63 43 53 17 12 0 0.31 M M 4.3 14 180 M M 9 1 20 170
25 64 55 60 24 5 0 0.66 M M 3.0 16 250 M M 10 12 22 240
26 62 43 53 17 12 0 0.01 M M 5.8 16 250 M M 5 1 22 240
27 56 41 49 13 16 0 0.29 M M 4.8 14 290 M M 8 13 22 70
28 55 38 47 11 18 0 0.23 M M 12.8 26 240 M M 10 1 37 250
29 38 34 36 0 29 0 0.01 M M 5.9 14 290 M M 10 1 18 310
30 51 32 42 6 23 0 0.01 M M 7.1 14 340 M M 9 19 340
31 42 32 37 0 28 0 0.04 M M 4.2 13 310 M M 10 1 19 320
================================================================================
SM 1307 762 972 0 5.18 M 182.1 M 194
================================================================================
AV 42.2 24.6 5.9 FASTST M M 6 MAX(MPH)
MISC ----> 36 240 50 240
================================================================================
NOTES:
# LAST OF SEVERAL OCCURRENCES
COLUMN 17 PEAK WIND IN M.P.H.
PRELIMINARY LOCAL CLIMATOLOGICAL DATA (WS FORM: F-6) , PAGE 2
STATION: LONDON KY
MONTH: JANUARY
YEAR: 2024
LATITUDE: 37 4 N
LONGITUDE: 84 5 W
[TEMPERATURE DATA] [PRECIPITATION DATA] SYMBOLS USED IN COLUMN 16
AVERAGE MONTHLY: 33.4 TOTAL FOR MONTH: 5.18 1 = FOG OR MIST
DPTR FM NORMAL: -2.6 DPTR FM NORMAL: 1.29 2 = FOG REDUCING VISIBILITY
HIGHEST: 64 ON 25 GRTST 24HR 1.80 ON 9- 9 TO 1/4 MILE OR LESS
LOWEST: -6 ON 21 3 = THUNDER
SNOW, ICE PELLETS, HAIL 4 = ICE PELLETS
TOTAL MONTH: M 5 = HAIL
GRTST 24HR M ON M 6 = FREEZING RAIN OR DRIZZLE
GRTST DEPTH: M ON M 7 = DUSTSTORM OR SANDSTORM:
VSBY 1/2 MILE OR LESS
8 = SMOKE OR HAZE
[NO. OF DAYS WITH] [WEATHER - DAYS WITH] 9 = BLOWING SNOW
X = TORNADO
MAX 32 OR BELOW: 5 0.01 INCH OR MORE: 17
MAX 90 OR ABOVE: 0 0.10 INCH OR MORE: 10
MIN 32 OR BELOW: 22 0.50 INCH OR MORE: 4
MIN 0 OR BELOW: 3 1.00 INCH OR MORE: 1
[HDD (BASE 65) ]
TOTAL THIS MO. 972 CLEAR (SCALE 0-3) 7
DPTR FM NORMAL 72 PTCLDY (SCALE 4-7) 11
TOTAL FM JUL 1 2375 CLOUDY (SCALE 8-10) 13
DPTR FM NORMAL -165
[CDD (BASE 65) ]
TOTAL THIS MO. 0
DPTR FM NORMAL 0 [PRESSURE DATA]
TOTAL FM JAN 1 0 HIGHEST SLP 30.77 ON 21
DPTR FM NORMAL 0 LOWEST SLP 29.11 ON 9
[REMARKS]
#FINAL-01-24#