000
CXUS53 KARX 011535
CF6LSE
PRELIMINARY LOCAL CLIMATOLOGICAL DATA (WS FORM: F-6)
STATION: LA CROSSE WI
MONTH: OCTOBER
YEAR: 2023
LATITUDE: 43 52 N
LONGITUDE: 91 15 W
TEMPERATURE IN F: :PCPN: SNOW: WIND :SUNSHINE: SKY :PK WND
================================================================================
1 2 3 4 5 6A 6B 7 8 9 10 11 12 13 14 15 16 17 18
12Z AVG MX 2MIN
DY MAX MIN AVG DEP HDD CDD WTR SNW DPTH SPD SPD DIR MIN PSBL S-S WX SPD DR
================================================================================
1 91 68 80 22 0 15 0.00 0.0 0 9.2 16 180 M M 0 21 170
2 87 61 74 16 0 9 0.00 0.0 0 9.2 17 170 M M 0 23 190
3 86 62 74 16 0 9 0.00 0.0 0 10.4 22 160 M M 0 29 170
4 77 56 67 10 0 2 0.00 0.0 0 11.5 24 210 M M 5 35 220
5 73 50 62 5 3 0 0.00 0.0 0 12.1 25 290 M M 3 32 270
6 55 48 52 -4 13 0 0.02 0.0 0 14.0 24 270 M M 5 32 270
7 55 43 49 -7 16 0 0.00 0.0 0 8.2 21 310 M M 5 27 310
8 61 44 53 -2 12 0 0.00 0.0 0 4.7 17 350 M M 8 24 40
9 58 39 49 -6 16 0 0.00 0.0 0 9.8 17 310 M M 1 24 320
10 62 37 50 -4 15 0 0.00 0.0 0 5.1 17 320 M M 1 23 310
11 65 34 50 -4 15 0 0.00 0.0 0 5.0 17 80 M M 2 1 26 70
12 51 45 48 -6 17 0 0.74 0.0 0 8.6 17 90 M M 8 1 30 110
13 51 48 50 -3 15 0 1.25 0.0 0 11.2 26 80 M M 10 1 41 80
14 59 46 53 0 12 0 0.00 0.0 0 10.6 20 40 M M 10 18 29 30
15 59 44 52 0 13 0 0.00 0.0 0 9.5 18 320 M M 6 24 340
16 55 36 46 -6 19 0 0.00 0.0 0 5.8 12 310 M M 2 1 16 300
17 67 38 53 2 12 0 0.00 0.0 0 5.6 10 190 M M 4 12 13 200
18 65 46 56 5 9 0 0.01 0.0 0 7.9 22 170 M M 4 32 170
19 58 46 52 2 13 0 0.04 0.0 0 4.7 13 300 M M 7 1 17 280
20 66 39 53 3 12 0 0.00 0.0 0 4.9 15 340 M M 1 1 19 350
21 61 45 53 3 12 0 T 0.0 0 10.5 23 320 M M 6 36 330
22 56 42 49 0 16 0 T 0.0 0 4.5 10 100 M M 5 15 100
23 63 46 55 6 10 0 0.25 0.0 0 7.8 18 170 M M 8 138 24 170
24 74 55 65 17 0 0 0.28 0.0 0 9.4 24 300 M M 9 13 37 320
25 68 58 63 15 2 0 0.03 0.0 0 6.0 22 200 M M 10 1 29 200
26 67 59 63 16 2 0 0.59 0.0 0 5.6 14 180 M M 10 1 18 170
27 64 38 51 4 14 0 0.10 0.0 0 13.1 25 300 M M 10 1 32 290
28 38 34 36 -10 29 0 T T 0 8.9 18 340 M M 10 23 350
29 40 32 36 -10 29 0 0.00 0.0 0 9.0 14 300 M M 5 19 300
30 39 26 33 -13 32 0 0.00 0.0 0 12.1 20 330 M M 2 25 320
31 37 25 31 -14 34 0 0.07 1.1 T 12.5 25 320 M M 8 1 34 320
================================================================================
SM 1908 1390 392 35 3.38 1.1 267.4 M 165
================================================================================
AV 61.5 44.8 8.6 FASTST M M 5 MAX(MPH)
MISC ----> 26 80 41 80
================================================================================
NOTES:
# LAST OF SEVERAL OCCURRENCES
COLUMN 17 PEAK WIND IN M.P.H.
PRELIMINARY LOCAL CLIMATOLOGICAL DATA (WS FORM: F-6) , PAGE 2
STATION: LA CROSSE WI
MONTH: OCTOBER
YEAR: 2023
LATITUDE: 43 52 N
LONGITUDE: 91 15 W
[TEMPERATURE DATA] [PRECIPITATION DATA] SYMBOLS USED IN COLUMN 16
AVERAGE MONTHLY: 53.2 TOTAL FOR MONTH: 3.38 1 = FOG OR MIST
DPTR FM NORMAL: 1.5 DPTR FM NORMAL: 0.89 2 = FOG REDUCING VISIBILITY
HIGHEST: 91 ON 1 GRTST 24HR 1.93 ON 12-13 TO 1/4 MILE OR LESS
LOWEST: 25 ON 31 3 = THUNDER
SNOW, ICE PELLETS, HAIL 4 = ICE PELLETS
TOTAL MONTH: 1.1 INCHES 5 = HAIL
GRTST 24HR 1.1 ON 31-31 6 = FREEZING RAIN OR DRIZZLE
GRTST DEPTH: T 7 = DUSTSTORM OR SANDSTORM:
VSBY 1/2 MILE OR LESS
8 = SMOKE OR HAZE
[NO. OF DAYS WITH] [WEATHER - DAYS WITH] 9 = BLOWING SNOW
X = TORNADO
MAX 32 OR BELOW: 0 0.01 INCH OR MORE: 11
MAX 90 OR ABOVE: 1 0.10 INCH OR MORE: 6
MIN 32 OR BELOW: 3 0.50 INCH OR MORE: 3
MIN 0 OR BELOW: 0 1.00 INCH OR MORE: 1
[HDD (BASE 65) ]
TOTAL THIS MO. 392 CLEAR (SCALE 0-3) 10
DPTR FM NORMAL -30 PTCLDY (SCALE 4-7) 12
TOTAL FM JUL 1 418 CLOUDY (SCALE 8-10) 9
DPTR FM NORMAL -121
[CDD (BASE 65) ]
TOTAL THIS MO. 35
DPTR FM NORMAL 23 [PRESSURE DATA]
TOTAL FM JAN 1 1052 HIGHEST SLP 30.42 ON 28
DPTR FM NORMAL 110 LOWEST SLP 29.57 ON 21
[REMARKS]
#FINAL-10-23#