000
CXUS54 KHGX 310709
CF6LVJ
PRELIMINARY LOCAL CLIMATOLOGICAL DATA (WS FORM: F-6)
STATION: HOUSTON/CLOVER_FIELD
MONTH: APRIL
YEAR: 2020
LATITUDE: 29 31 N
LONGITUDE: 95 14 W
TEMPERATURE IN F: :PCPN: SNOW: WIND :SUNSHINE: SKY :PK WND
================================================================================
1 2 3 4 5 6A 6B 7 8 9 10 11 12 13 14 15 16 17 18
12Z AVG MX 2MIN
DY MAX MIN AVG DEP HDD CDD WTR SNW DPTH SPD SPD DIR MIN PSBL S-S WX SPD DR
================================================================================
1 75 52 64 -2 1 0 0.00 0.0 0 7.1 18 100 M M 1 23 110
2 76 63 70 4 0 5 0.00 0.0 0 10.0 21 140 M M 6 28 130
3 81 70 76 10 0 11 0.11 0.0 0 8.8 16 140 M M 8 1 20 140
4 71 58 65 -1 0 0 0.59 0.0 0 8.8 17 350 M M 8 18 22 350
5 76 62 69 2 0 4 0.00 0.0 0 6.9 17 70 M M 8 18 22 80
6 76 65 71 4 0 6 T 0.0 0 4.7 13 110 M M 8 18 17 100
7 87 74 81 14 0 16 T 0.0 0 6.0 12 160 M M 6 18 15 150
8 88 74 81 14 0 16 0.00 0.0 0 5.0 12 230 M M 7 18 15 180
9 90 71 81 13 0 16 0.20 0.0 0 6.0 17 10 M M 4 138 23 10
10 76 66 71 3 0 6 0.00 0.0 0 8.5 14 80 M M 0 25 50
11 78 64 71 3 0 6 0.00 0.0 0 9.8 17 130 M M 6 22 130
12 92 61 77 9 0 12 0.02 0.0 0 10.8 24 280 M M 5 18 36 270
13 73 54 64 -4 1 0 0.00 0.0 0 10.3 18 10 M M 0 24 350
14 73 50 62 -7 3 0 0.00 0.0 0 11.3 17 10 M M 2 24 30
15 72 51 62 -7 3 0 0.00 0.0 0 7.5 18 40 M M 0 22 30
16 76 52 64 -5 1 0 0.00 0.0 0 7.6 18 110 M M 1 25 80
17 82 64 73 4 0 8 T 0.0 0 5.2 14 150 M M 8 18 160
18 73 65 69 -1 0 4 0.04 0.0 0 7.5 14 120 M M 10 18 18 110
19 82 72 77 7 0 12 0.04 0.0 0 6.4 22 180 M M 8 1238 29 180
20 82 65 74 4 0 9 0.00 0.0 0 5.4 10 90 M M 5 128 13 100
21 86 68 77 7 0 12 0.00 0.0 0 7.9 16 140 M M 4 18 21 130
22 83 74 79 9 0 14 0.00 0.0 0 9.9 20 180 M M 10 18 28 170
23 91 63 77 6 0 12 0.00 0.0 0 7.8 20 340 M M 3 18 28 320
24 89 59 74 3 0 9 0.00 0.0 0 7.2 18 150 M M 0 24 320
25 84 65 75 4 0 10 0.01 0.0 0 7.9 21 320 M M 3 3 31 330
26 86 60 73 2 0 8 0.00 0.0 0 5.4 15 80 M M 2 21 70
27 83 58 71 -1 0 6 0.00 0.0 0 9.0 22 140 M M 2 27 160
28 84 75 80 8 0 15 0.05 0.0 0 10.3 28 180 M M 10 138 39 160
29 85 58 72 0 0 7 0.00 0.0 M 6.8 20 340 M M 4 3 26 320
30 85 54 70 -2 0 5 0.00 0.0 0 3.4 12 330 M M 0 16 330
================================================================================
SM 2435 1887 9 229 1.06 0.0 229.2 M 139
================================================================================
AV 81.2 62.9 7.6 FASTST M M 5 MAX(MPH)
MISC ----> # 28 180 # 39 160
================================================================================
NOTES:
# LAST OF SEVERAL OCCURRENCES
COLUMN 17 PEAK WIND IN M.P.H.
PRELIMINARY LOCAL CLIMATOLOGICAL DATA (WS FORM: F-6) , PAGE 2
STATION: HOUSTON/CLOVER_FIELD
MONTH: APRIL
YEAR: 2020
LATITUDE: 29 31 N
LONGITUDE: 95 14 W
[TEMPERATURE DATA] [PRECIPITATION DATA] SYMBOLS USED IN COLUMN 16
AVERAGE MONTHLY: 72.0 TOTAL FOR MONTH: 1.06 1 = FOG OR MIST
DPTR FM NORMAL: 3.0 DPTR FM NORMAL: -2.46 2 = FOG REDUCING VISIBILITY
HIGHEST: 92 ON 12 GRTST 24HR 0.59 ON 4- 4 TO 1/4 MILE OR LESS
LOWEST: 50 ON 14 3 = THUNDER
SNOW, ICE PELLETS, HAIL 4 = ICE PELLETS
TOTAL MONTH: 0.0 INCH 5 = HAIL
GRTST 24HR 0.0 6 = FREEZING RAIN OR DRIZZLE
GRTST DEPTH: 0 7 = DUSTSTORM OR SANDSTORM:
VSBY 1/2 MILE OR LESS
8 = SMOKE OR HAZE
[NO. OF DAYS WITH] [WEATHER - DAYS WITH] 9 = BLOWING SNOW
X = TORNADO
MAX 32 OR BELOW: 0 0.01 INCH OR MORE: 8
MAX 90 OR ABOVE: 3 0.10 INCH OR MORE: 3
MIN 32 OR BELOW: 0 0.50 INCH OR MORE: 1
MIN 0 OR BELOW: 0 1.00 INCH OR MORE: 0
[HDD (BASE 65) ]
TOTAL THIS MO. 9 CLEAR (SCALE 0-3) 12
DPTR FM NORMAL -25 PTCLDY (SCALE 4-7) 13
TOTAL FM JUL 1 883 CLOUDY (SCALE 8-10) 5
DPTR FM NORMAL -407
[CDD (BASE 65) ]
TOTAL THIS MO. 229
DPTR FM NORMAL 74 [PRESSURE DATA]
TOTAL FM JAN 1 547 HIGHEST SLP 30.22 ON 15
DPTR FM NORMAL 302 LOWEST SLP 29.50 ON 12
[REMARKS]
#FINAL-04-20#