000
CXUS56 KMTR 010900
CF6LVK
PRELIMINARY LOCAL CLIMATOLOGICAL DATA (WS FORM: F-6)
STATION: LIVERMORE AIRPORT
MONTH: MAY
YEAR: 2022
LATITUDE: 37 42 N
LONGITUDE: 121 49 W
TEMPERATURE IN F: :PCPN: SNOW: WIND :SUNSHINE: SKY :PK WND
================================================================================
1 2 3 4 5 6A 6B 7 8 9 10 11 12 13 14 15 16 17 18
12Z AVG MX 2MIN
DY MAX MIN AVG DEP HDD CDD WTR SNW DPTH SPD SPD DIR MIN PSBL S-S WX SPD DR
================================================================================
1 76 48 62 2 3 0 0.00 M M 8.5 18 270 M M 2 22 280
2 66 45 56 -4 9 0 0.00 M M 8.6 20 260 M M 3 24 260
3 81 45 63 3 2 0 0.00 M M 4.0 14 280 M M 0 24 350
4 89 47 68 8 0 3 0.00 M M 5.0 17 280 M M 0 21 300
5 73 50 62 2 3 0 0.00 M M 9.2 21 280 M M 1 25 270
6 75 55 65 4 0 0 0.00 M M 10.1 21 280 M M 7 1 28 290
7 68 50 59 -2 6 0 0.00 M M 12.2 21 260 M M 3 25 250
8 62 46 54 -7 11 0 0.00 M M 14.3 28 260 M M 2 34 270
9 62 44 53 -8 12 0 0.00 M M 12.6 21 290 M M 2 28 290
10 62 40 51 -10 14 0 0.00 M M 8.6 21 270 M M 1 26 270
11 68 38 53 -9 12 0 0.00 M M 6.9 20 250 M M 0 27 270
12 67 46 57 -5 8 0 0.00 M M 9.4 21 280 M M 1 24 290
13 80 47 64 2 1 0 0.00 M M 5.3 20 270 M M 0 8 23 270
14 87 51 69 7 0 4 0.00 M M 5.3 15 270 M M 0 21 250
15 77 54 66 4 0 1 0.00 M M 7.9 16 280 M M 0 21 260
16 70 50 60 -2 5 0 0.00 M M 9.9 20 290 M M 3 24 290
17 82 48 65 3 0 0 0.00 M M 7.2 20 280 M M 0 25 270
18 92 48 70 7 0 5 0.00 M M 5.0 17 280 M M 0 20 280
19 84 55 70 7 0 5 0.00 M M 5.7 18 290 M M 0 23 270
20 80 48 64 1 1 0 0.00 M M 6.1 18 270 M M 0 28 330
21 85 46 66 3 0 1 0.00 M M 6.1 20 270 M M 0 25 250
22 85 50 68 5 0 3 0.00 M M 6.6 18 290 M M 0 22 270
23 88 52 70 6 0 5 0.00 M M 6.8 18 280 M M 0 22 270
24 98 53 76 12 0 11 0.00 M M 4.3 13 270 M M 0 17 300
25 100 61 81 17 0 16 0.00 M M 6.1 21 260 M M 0 24 260
26 79 55 67 3 0 2 0.00 M M 12.2 21 290 M M 0 24 290
27 74 55 65 1 0 0 0.00 M M 11.5 22 300 M M 2 27 310
28 73 54 64 0 1 0 0.00 M M 11.9 20 250 M M 7 26 250
29 76 53 65 1 0 0 0.00 M M 9.1 20 280 M M 3 25 270
30 78 48 63 -2 2 0 0.00 M M 8.6 16 280 M M 0 M M
31 84 47 66 1 0 1 0.00 M M 6.7 21 280 M M 0 25 250
================================================================================
SM 2421 1529 90 57 0.00 M 251.7 M 37
================================================================================
AV 78.1 49.3 8.1 FASTST M M 1 MAX(MPH)
MISC ----> 28 260 34 270
================================================================================
NOTES:
# LAST OF SEVERAL OCCURRENCES
COLUMN 17 PEAK WIND IN M.P.H.
PRELIMINARY LOCAL CLIMATOLOGICAL DATA (WS FORM: F-6) , PAGE 2
STATION: LIVERMORE AIRPORT
MONTH: MAY
YEAR: 2022
LATITUDE: 37 42 N
LONGITUDE: 121 49 W
[TEMPERATURE DATA] [PRECIPITATION DATA] SYMBOLS USED IN COLUMN 16
AVERAGE MONTHLY: 63.7 TOTAL FOR MONTH: 0.00 1 = FOG OR MIST
DPTR FM NORMAL: 1.3 DPTR FM NORMAL: -0.56 2 = FOG REDUCING VISIBILITY
HIGHEST: 100 ON 25 GRTST 24HR 0.00 ON 1- 1 TO 1/4 MILE OR LESS
LOWEST: 38 ON 11 3 = THUNDER
SNOW, ICE PELLETS, HAIL 4 = ICE PELLETS
TOTAL MONTH: M 5 = HAIL
GRTST 24HR M ON M 6 = FREEZING RAIN OR DRIZZLE
GRTST DEPTH: M ON M 7 = DUSTSTORM OR SANDSTORM:
VSBY 1/2 MILE OR LESS
8 = SMOKE OR HAZE
[NO. OF DAYS WITH] [WEATHER - DAYS WITH] 9 = BLOWING SNOW
X = TORNADO
MAX 32 OR BELOW: 0 0.01 INCH OR MORE: 0
MAX 90 OR ABOVE: 3 0.10 INCH OR MORE: 0
MIN 32 OR BELOW: 0 0.50 INCH OR MORE: 0
MIN 0 OR BELOW: 0 1.00 INCH OR MORE: 0
[HDD (BASE 65) ]
TOTAL THIS MO. 90 CLEAR (SCALE 0-3) 27
DPTR FM NORMAL -36 PTCLDY (SCALE 4-7) 4
TOTAL FM JUL 1 2365 CLOUDY (SCALE 8-10) 0
DPTR FM NORMAL -309
[CDD (BASE 65) ]
TOTAL THIS MO. 57
DPTR FM NORMAL 13 [PRESSURE DATA]
TOTAL FM JAN 1 68 HIGHEST SLP M ON M
DPTR FM NORMAL 16 LOWEST SLP 29.73 ON 25
[REMARKS]
#FINAL-05-22#