000
CXUS55 KBYZ 011000
CF6LVM
PRELIMINARY LOCAL CLIMATOLOGICAL DATA (WS FORM: F-6)
STATION: LIVINGSTON MT
MONTH: OCTOBER
YEAR: 2022
LATITUDE: 45 41 N
LONGITUDE: 110 26 W
TEMPERATURE IN F: :PCPN: SNOW: WIND :SUNSHINE: SKY :PK WND
================================================================================
1 2 3 4 5 6A 6B 7 8 9 10 11 12 13 14 15 16 17 18
12Z AVG MX 2MIN
DY MAX MIN AVG DEP HDD CDD WTR SNW DPTH SPD SPD DIR MIN PSBL S-S WX SPD DR
================================================================================
1 53 48 51 -1 14 0 0.31 M M 6.2 17 100 M M 10 1 21 90
2 64 48 56 5 9 0 0.55 M M 7.5 20 320 M M 9 1 29 330
3 63 47 55 4 10 0 0.15 M M 10.5 22 250 M M 7 1 28 240
4 73 41 57 7 8 0 0.00 M M 10.7 18 320 M M 0 20 320
5 76 38 57 7 8 0 0.00 M M 6.7 15 290 M M 0 18 280
6 59 38 49 0 16 0 0.00 M M 9.9 24 80 M M 2 18 30 90
7 63 36 50 1 15 0 0.00 M M 3.1 13 80 M M 5 18 16 60
8 72 31 52 4 13 0 0.00 M M 4.8 13 290 M M 0 1 15 300
9 76 35 56 8 9 0 0.00 M M 6.9 17 250 M M 0 21 250
10 76 36 56 8 9 0 0.00 M M 16.4 31 240 M M 0 40 250
11 66 44 55 8 10 0 0.01 M M 15.7 31 330 M M 5 42 330
12 70 38 54 7 11 0 0.00 M M 10.8 26 290 M M 5 8 36 280
13 70 30 50 4 15 0 0.00 M M 10.1 24 250 M M 0 29 280
14 73 36 55 9 10 0 T M M 12.2 25 240 M M 1 30 250
15 63 32 48 2 17 0 T M M 7.9 21 300 M M 4 26 280
16 64 25 45 0 20 0 0.00 M M 4.1 10 330 M M 0 12 80
17 77 31 54 9 11 0 0.00 M M 7.8 20 300 M M 0 23 300
18 79 33 56 12 9 0 0.00 M M 8.7 22 320 M M 0 25 290
19 77 32 55 11 10 0 0.00 M M 13.4 20 330 M M 0 23 330
20 76 37 57 13 8 0 0.00 M M 17.2 29 270 M M 1 36 270
21 71 46 59 16 6 0 0.07 M M 15.8 39 260 M M 6 18 52 270
22 47 34 41 -2 24 0 0.98 M M 8.7 22 250 M M 10 1 28 270
23 35 31 33 -10 32 0 0.19 M M 13.2 24 330 M M 10 12 32 330
24 46 31 39 -3 26 0 0.00 M M 25.8 51 220 M M 7 65 220
25 48 35 42 0 23 0 T M M 17.4 37 220 M M 7 50 220
26 50 33 42 0 23 0 0.00 M M 13.8 24 220 M M 3 32 220
27 48 33 41 0 24 0 0.00 M M 27.3 48 220 M M 2 60 220
28 56 31 44 3 21 0 0.00 M M 25.1 44 230 M M 0 54 220
29 58 32 45 4 20 0 0.00 M M 17.6 35 220 M M 0 44 240
30 58 28 43 3 22 0 0.00 M M 20.9 37 270 M M 2 46 270
31 64 46 55 15 10 0 0.00 M M 29.4 44 210 M M 1 55 220
================================================================================
SM 1971 1116 463 0 2.26 M 405.6 M 97
================================================================================
AV 63.6 36.0 13.1 FASTST M M 3 MAX(MPH)
MISC ----> 51 220 65 220
================================================================================
NOTES:
# LAST OF SEVERAL OCCURRENCES
COLUMN 17 PEAK WIND IN M.P.H.
PRELIMINARY LOCAL CLIMATOLOGICAL DATA (WS FORM: F-6) , PAGE 2
STATION: LIVINGSTON MT
MONTH: OCTOBER
YEAR: 2022
LATITUDE: 45 41 N
LONGITUDE: 110 26 W
[TEMPERATURE DATA] [PRECIPITATION DATA] SYMBOLS USED IN COLUMN 16
AVERAGE MONTHLY: 49.8 TOTAL FOR MONTH: 2.26 1 = FOG OR MIST
DPTR FM NORMAL: 4.3 DPTR FM NORMAL: 0.90 2 = FOG REDUCING VISIBILITY
HIGHEST: 79 ON 18 GRTST 24HR 1.00 ON 21-22 TO 1/4 MILE OR LESS
LOWEST: 25 ON 16 3 = THUNDER
SNOW, ICE PELLETS, HAIL 4 = ICE PELLETS
TOTAL MONTH: M 5 = HAIL
GRTST 24HR M ON M 6 = FREEZING RAIN OR DRIZZLE
GRTST DEPTH: M ON M 7 = DUSTSTORM OR SANDSTORM:
VSBY 1/2 MILE OR LESS
8 = SMOKE OR HAZE
[NO. OF DAYS WITH] [WEATHER - DAYS WITH] 9 = BLOWING SNOW
X = TORNADO
MAX 32 OR BELOW: 0 0.01 INCH OR MORE: 7
MAX 90 OR ABOVE: 0 0.10 INCH OR MORE: 5
MIN 32 OR BELOW: 11 0.50 INCH OR MORE: 2
MIN 0 OR BELOW: 0 1.00 INCH OR MORE: 0
[HDD (BASE 65) ]
TOTAL THIS MO. 463 CLEAR (SCALE 0-3) 19
DPTR FM NORMAL -145 PTCLDY (SCALE 4-7) 8
TOTAL FM JUL 1 623 CLOUDY (SCALE 8-10) 4
DPTR FM NORMAL -331
[CDD (BASE 65) ]
TOTAL THIS MO. 0
DPTR FM NORMAL -2 [PRESSURE DATA]
TOTAL FM JAN 1 481 HIGHEST SLP 30.47 ON 7
DPTR FM NORMAL 203 LOWEST SLP 29.30 ON 22
[REMARKS]
#FINAL-10-22#