000
CXUS53 KTOP 190810
CF6LWC
PRELIMINARY LOCAL CLIMATOLOGICAL DATA (WS FORM: F-6)
STATION: LAWRENCE KS
MONTH: APRIL
YEAR: 2024
LATITUDE: 39 0 N
LONGITUDE: 95 13 W
TEMPERATURE IN F: :PCPN: SNOW: WIND :SUNSHINE: SKY :PK WND
================================================================================
1 2 3 4 5 6A 6B 7 8 9 10 11 12 13 14 15 16 17 18
12Z AVG MX 2MIN
DY MAX MIN AVG DEP HDD CDD WTR SNW DPTH SPD SPD DIR MIN PSBL S-S WX SPD DR
================================================================================
1 82 50 66 16 0 1 0.55 M M 9.8 25 340 M M 8 138 32 330
2 57 39 48 -3 17 0 0.05 M M 15.3 25 330 M M 8 1 35 330
3 59 37 48 -3 17 0 0.01 M M 18.4 39 350 M M 4 1 49 350
4 64 29 47 -4 18 0 0.00 M M 9.6 22 320 M M 0 40 310
5 67 25 46 -6 19 0 0.00 M M 7.6 18 100 M M 0 8 26 100
6 75 46 61 9 4 0 0.06 M M 18.8 33 150 M M 3 1 46 140
7 73 54 64 12 1 0 0.00 M M 16.6 33 240 M M 3 8 50 240
8 71 33 52 0 13 0 0.00 M M 3.9 14 230 M M 0 18 20 260
9 71 37 54 1 11 0 0.00 M M 5.0 14 350 M M 0 18 18 330
10 69 38 54 1 11 0 0.00 M M 5.1 14 50 M M 1 8 18 60
11 67 35 51 -2 14 0 0.00 M M 17.9 35 340 M M 1 47 320
12 73 29 51 -3 14 0 0.00 M M 5.7 15 300 M M 0 8 21 270
13 89 44 67 13 0 2 0.00 M M 11.6 29 200 M M 0 8 39 200
14 88 55 72 18 0 7 0.00 M M 5.1 14 220 M M 0 8 18 210
15 85 59 72 18 0 7 T M M 11.8 24 140 M M 4 138 32 130
16 82 61 72 17 0 7 0.08 M M 23.1 44 210 M M 4 13 61 200
17 81 59 70 15 0 5 0.38 M M 11.3 38 310 M M 1 38 51 320
18 67 41 54 -1 11 0 0.53 M M 12.4 30 350 M M 8 13 41 350
================================================================================
SM 1320 771 150 29 1.66 M 209.0 M 45
================================================================================
AV 73.3 42.8 11.6 FASTST M M 3 MAX(MPH)
MISC ----> 44 210 61 200
================================================================================
NOTES:
# LAST OF SEVERAL OCCURRENCES
COLUMN 17 PEAK WIND IN M.P.H.
PRELIMINARY LOCAL CLIMATOLOGICAL DATA (WS FORM: F-6) , PAGE 2
STATION: LAWRENCE KS
MONTH: APRIL
YEAR: 2024
LATITUDE: 39 0 N
LONGITUDE: 95 13 W
[TEMPERATURE DATA] [PRECIPITATION DATA] SYMBOLS USED IN COLUMN 16
AVERAGE MONTHLY: 58.1 TOTAL FOR MONTH: 1.66 1 = FOG OR MIST
DPTR FM NORMAL: 5.3 DPTR FM NORMAL: -0.47 2 = FOG REDUCING VISIBILITY
HIGHEST: 89 ON 13 GRTST 24HR 0.91 ON 17-18 TO 1/4 MILE OR LESS
LOWEST: 25 ON 5 3 = THUNDER
SNOW, ICE PELLETS, HAIL 4 = ICE PELLETS
TOTAL MONTH: M 5 = HAIL
GRTST 24HR M ON M 6 = FREEZING RAIN OR DRIZZLE
GRTST DEPTH: M ON M 7 = DUSTSTORM OR SANDSTORM:
VSBY 1/2 MILE OR LESS
8 = SMOKE OR HAZE
[NO. OF DAYS WITH] [WEATHER - DAYS WITH] 9 = BLOWING SNOW
X = TORNADO
MAX 32 OR BELOW: 0 0.01 INCH OR MORE: 7
MAX 90 OR ABOVE: 0 0.10 INCH OR MORE: 3
MIN 32 OR BELOW: 3 0.50 INCH OR MORE: 2
MIN 0 OR BELOW: 0 1.00 INCH OR MORE: 0
[HDD (BASE 65) ]
TOTAL THIS MO. 150 CLEAR (SCALE 0-3) 12
DPTR FM NORMAL -76 PTCLDY (SCALE 4-7) 5
TOTAL FM JUL 1 4146 CLOUDY (SCALE 8-10) 1
DPTR FM NORMAL -645
[CDD (BASE 65) ]
TOTAL THIS MO. 29
DPTR FM NORMAL 21 [PRESSURE DATA]
TOTAL FM JAN 1 34 HIGHEST SLP M ON M
DPTR FM NORMAL 22 LOWEST SLP 29.43 ON 16
[REMARKS]