000
CXUS56 KTFX 011110
CF6LWT
PRELIMINARY LOCAL CLIMATOLOGICAL DATA (WS FORM: F-6)
STATION: LEWISTOWN MT
MONTH: MARCH
YEAR: 2021
LATITUDE: 47 2 N
LONGITUDE: 109 28 W
TEMPERATURE IN F: :PCPN: SNOW: WIND :SUNSHINE: SKY :PK WND
================================================================================
1 2 3 4 5 6A 6B 7 8 9 10 11 12 13 14 15 16 17 18
12Z AVG MX 2MIN
DY MAX MIN AVG DEP HDD CDD WTR SNW DPTH SPD SPD DIR MIN PSBL S-S WX SPD DR
================================================================================
1 48 20 34 6 31 0 0.00 0.0 3 10.8 29 250 M M 0 33 250
2 44 32 38 9 27 0 0.00 0.0 1 14.4 29 250 M M 3 37 260
3 53 30 42 13 23 0 0.00 0.0 0 9.3 18 230 M M 0 20 230
4 55 24 40 11 25 0 0.00 0.0 0 5.2 10 160 M M 0 12 170
5 58 26 42 12 23 0 0.00 0.0 0 8.3 20 220 M M 0 22 220
6 60 30 45 15 20 0 0.02 0.0 0 9.0 23 250 M M 3 30 300
7 50 25 38 8 27 0 0.00 0.0 0 6.1 25 270 M M 7 29 270
8 45 25 35 5 30 0 T T 0 6.7 16 90 M M 5 1 19 90
9 36 21 29 -2 36 0 0.03 0.7 1 7.6 14 270 M M 7 1 17 270
10 41 17 29 -2 36 0 0.00 0.0 0 5.8 14 300 M M 0 1 18 300
11 43 22 33 2 32 0 0.00 0.0 0 4.7 13 300 M M 5 1 16 290
12 50 20 35 3 30 0 0.00 0.0 0 7.0 20 230 M M 0 25 230
13 54 21 38 6 27 0 0.00 0.0 0 6.6 13 120 M M 0 16 90
14 55 32 44 12 21 0 0.00 0.0 0 16.6 30 120 M M 0 37 120
15 49 26 38 5 27 0 0.00 0.0 0 7.7 16 300 M M 1 23 290
16 47 26 37 4 28 0 0.00 0.0 0 6.3 15 300 M M 5 19 310
17 54 24 39 6 26 0 0.00 0.0 0 8.9 17 80 M M 2 21 90
18 61 26 44 10 21 0 0.00 0.0 0 10.7 24 200 M M 0 30 210
19 64 35 50 16 15 0 0.01 0.0 0 8.2 24 240 M M 5 36 300
20 47 26 37 3 28 0 0.00 0.0 0 5.3 16 290 M M 7 21 290
21 47 24 36 2 29 0 0.00 0.0 0 9.8 18 250 M M 5 28 300
22 45 25 35 0 30 0 0.00 0.0 0 12.0 21 270 M M 5 28 280
23 31 16 24 -11 41 0 0.03 0.4 T 9.0 16 310 M M 7 1 22 310
24 47 16 32 -3 33 0 0.00 0.0 T 12.9 22 250 M M 3 27 240
25 41 27 34 -2 31 0 T T 0 9.6 21 300 M M 9 26 300
26 44 22 33 -3 32 0 0.01 T 0 7.4 23 300 M M 8 1 31 300
27 52 29 41 5 24 0 T T T 8.4 18 270 M M 7 25 270
28 68 38 53 17 12 0 0.00 0.0 0 22.7 39 240 M M 1 47 250
29 55 17 36 -1 29 0 0.14 1.2 T 19.3 39 260 M M 7 1289 51 270
30 31 10 21 -16 44 0 T T T 11.3 20 300 M M 7 1 26 310
31 50 22 36 -1 29 0 0.00 0.0 0 7.1 18 260 M M 1 22 270
================================================================================
SM 1525 754 867 0 0.24 2.3 294.7 M 110
================================================================================
AV 49.2 24.3 9.5 FASTST M M 4 MAX(MPH)
MISC ----> # 39 240 51 270
================================================================================
NOTES:
# LAST OF SEVERAL OCCURRENCES
COLUMN 17 PEAK WIND IN M.P.H.
PRELIMINARY LOCAL CLIMATOLOGICAL DATA (WS FORM: F-6) , PAGE 2
STATION: LEWISTOWN MT
MONTH: MARCH
YEAR: 2021
LATITUDE: 47 2 N
LONGITUDE: 109 28 W
[TEMPERATURE DATA] [PRECIPITATION DATA] SYMBOLS USED IN COLUMN 16
AVERAGE MONTHLY: 36.8 TOTAL FOR MONTH: 0.24 1 = FOG OR MIST
DPTR FM NORMAL: 3.9 DPTR FM NORMAL: -0.75 2 = FOG REDUCING VISIBILITY
HIGHEST: 68 ON 28 GRTST 24HR 0.14 ON 29-29 TO 1/4 MILE OR LESS
LOWEST: 10 ON 30 3 = THUNDER
SNOW, ICE PELLETS, HAIL 4 = ICE PELLETS
TOTAL MONTH: 2.3 INCHES 5 = HAIL
GRTST 24HR 1.2 ON 29-29 6 = FREEZING RAIN OR DRIZZLE
GRTST DEPTH: 5 ON M 7 = DUSTSTORM OR SANDSTORM:
VSBY 1/2 MILE OR LESS
8 = SMOKE OR HAZE
[NO. OF DAYS WITH] [WEATHER - DAYS WITH] 9 = BLOWING SNOW
X = TORNADO
MAX 32 OR BELOW: 2 0.01 INCH OR MORE: 6
MAX 90 OR ABOVE: 0 0.10 INCH OR MORE: 1
MIN 32 OR BELOW: 29 0.50 INCH OR MORE: 0
MIN 0 OR BELOW: 0 1.00 INCH OR MORE: 0
[HDD (BASE 65) ]
TOTAL THIS MO. 867 CLEAR (SCALE 0-3) 16
DPTR FM NORMAL -128 PTCLDY (SCALE 4-7) 14
TOTAL FM JUL 1 6575 CLOUDY (SCALE 8-10) 1
DPTR FM NORMAL -224
[CDD (BASE 65) ]
TOTAL THIS MO. 0
DPTR FM NORMAL 0 [PRESSURE DATA]
TOTAL FM JAN 1 0 HIGHEST SLP 30.42 ON 31
DPTR FM NORMAL 0 LOWEST SLP 29.16 ON 29
[REMARKS]
#FINAL-03-21#