000
CXUS53 KILX 010900
CF6LWV
PRELIMINARY LOCAL CLIMATOLOGICAL DATA (WS FORM: F-6)
STATION: LAWRENCEVILLE IL AIRPORT
MONTH: JULY
YEAR: 2022
LATITUDE: 38 45 N
LONGITUDE: 87 36 W
TEMPERATURE IN F: :PCPN: SNOW: WIND :SUNSHINE: SKY :PK WND
================================================================================
1 2 3 4 5 6A 6B 7 8 9 10 11 12 13 14 15 16 17 18
12Z AVG MX 2MIN
DY MAX MIN AVG DEP HDD CDD WTR SNW DPTH SPD SPD DIR MIN PSBL S-S WX SPD DR
================================================================================
1 93 72 83 6 0 18 T M M 6.9 20 340 M M 2 3 27 350
2 84 70 77 0 0 12 0.53 M M 6.0 24 330 M M 6 13 33 340
3 87 70 79 2 0 14 T M M 4.5 10 90 M M 4 19 130
4 92 69 81 4 0 16 0.00 M M 5.8 12 200 M M 0 17 180
5 97 76 87 10 0 22 0.00 M M 5.9 14 210 M M 0 18 230
6 93 78 86 9 0 21 0.00 M M 6.9 18 300 M M 1 24 310
7 86 74 80 2 0 15 0.75 M M 4.6 20 260 M M 4 13 25 260
8 86 74 80 2 0 15 0.13 M M 6.5 16 40 M M 6 13 23 340
9 81 70 76 -2 0 11 M M M 9.6 21 70 M M 7 1 30 60
10 86 64 75 -3 0 10 0.00 M M 5.7 12 30 M M 0 17 30
11 88 64 76 -2 0 11 0.00 M M 5.9 16 210 M M 0 20 220
12 87 69 78 0 0 13 0.00 M M 7.8 18 300 M M 1 24 280
13 88 64 76 -2 0 11 0.00 M M 5.0 13 290 M M 1 19 290
14 88 68 78 0 0 13 0.01 M M 2.9 12 40 M M 3 16 40
15 86 68 77 -1 0 12 T M M 3.8 9 200 M M 3 12 170
16 91 73 82 4 0 17 0.12 M M 10.0 28 330 M M 5 138 33 320
17 79 72 76 -2 0 11 1.30 M M 6.1 22 230 M M 7 13 29 230
18 85 69 77 -1 0 12 0.00 M M 4.0 10 300 M M 6 12 13 300
19 89 69 79 1 0 14 0.00 M M 4.0 13 200 M M 1 12 19 160
20 94 73 84 6 0 19 0.00 M M 8.2 15 290 M M 1 1 22 210
21 90 69 80 3 0 15 0.00 M M 6.1 14 290 M M 0 20 270
22 94 70 82 5 0 17 0.00 M M 4.6 10 330 M M 0 1 14 260
23 95 75 85 8 0 20 0.00 M M 6.7 14 220 M M 1 1 20 230
24 94 73 84 7 0 19 4.12 M M 11.9 38 30 M M 3 13 60 50
25 82 72 77 0 0 12 T M M 4.1 12 10 M M 5 1 15 10
26 79 66 73 -4 0 8 1.31 M M 4.3 13 190 M M 7 13 18 190
27 85 72 79 2 0 14 0.06 M M 6.9 20 220 M M 3 13 27 220
28 88 72 80 3 0 15 0.16 M M 5.2 18 220 M M 5 13 23 240
29 83 66 75 -2 0 10 T M M 6.3 14 300 M M 4 22 340
30 84 64 74 -3 0 9 0.00 M M 2.5 9 200 M M 1 12 190
31 81 69 75 -2 0 10 T M M 5.9 13 190 M M 6 1 16 190
================================================================================
SM 2715 2174 0 436 8.49 M 184.6 M 93
================================================================================
AV 87.6 70.1 6.0 FASTST M M 3 MAX(MPH)
MISC ----> 38 30 60 50
================================================================================
NOTES:
# LAST OF SEVERAL OCCURRENCES
COLUMN 17 PEAK WIND IN M.P.H.
PRELIMINARY LOCAL CLIMATOLOGICAL DATA (WS FORM: F-6) , PAGE 2
STATION: LAWRENCEVILLE IL AIRPORT
MONTH: JULY
YEAR: 2022
LATITUDE: 38 45 N
LONGITUDE: 87 36 W
[TEMPERATURE DATA] [PRECIPITATION DATA] SYMBOLS USED IN COLUMN 16
AVERAGE MONTHLY: 78.9 TOTAL FOR MONTH: 8.49 1 = FOG OR MIST
DPTR FM NORMAL: 1.5 DPTR FM NORMAL: 4.27 2 = FOG REDUCING VISIBILITY
HIGHEST: 97 ON 5 GRTST 24HR 4.12 ON 24-24 TO 1/4 MILE OR LESS
LOWEST: 64 ON 30,13 3 = THUNDER
SNOW, ICE PELLETS, HAIL 4 = ICE PELLETS
TOTAL MONTH: M 5 = HAIL
GRTST 24HR M ON M 6 = FREEZING RAIN OR DRIZZLE
GRTST DEPTH: M ON M 7 = DUSTSTORM OR SANDSTORM:
VSBY 1/2 MILE OR LESS
8 = SMOKE OR HAZE
[NO. OF DAYS WITH] [WEATHER - DAYS WITH] 9 = BLOWING SNOW
X = TORNADO
MAX 32 OR BELOW: 0 0.01 INCH OR MORE: 10
MAX 90 OR ABOVE: 10 0.10 INCH OR MORE: 8
MIN 32 OR BELOW: 0 0.50 INCH OR MORE: 5
MIN 0 OR BELOW: 0 1.00 INCH OR MORE: 3
[HDD (BASE 65) ]
TOTAL THIS MO. 0 CLEAR (SCALE 0-3) 17
DPTR FM NORMAL 0 PTCLDY (SCALE 4-7) 14
TOTAL FM JUL 1 0 CLOUDY (SCALE 8-10) 0
DPTR FM NORMAL 0
[CDD (BASE 65) ]
TOTAL THIS MO. 436
DPTR FM NORMAL 52 [PRESSURE DATA]
TOTAL FM JAN 1 978 HIGHEST SLP 30.21 ON 30
DPTR FM NORMAL 142 LOWEST SLP 29.67 ON 20
[REMARKS]
#FINAL-07-22#