000
CXUS53 KGID 011255
CF6LXN
PRELIMINARY LOCAL CLIMATOLOGICAL DATA (WS FORM: F-6)
STATION: LEXINGTON NE
MONTH: NOVEMBER
YEAR: 2023
LATITUDE: 40 47 N
LONGITUDE: 99 46 W
TEMPERATURE IN F: :PCPN: SNOW: WIND :SUNSHINE: SKY :PK WND
================================================================================
1 2 3 4 5 6A 6B 7 8 9 10 11 12 13 14 15 16 17 18
12Z AVG MX 2MIN
DY MAX MIN AVG DEP HDD CDD WTR SNW DPTH SPD SPD DIR MIN PSBL S-S WX SPD DR
================================================================================
1 58 24 41 M 24 0 0.00 M M 4.3 10 180 M M 0 16 150
2 67 24 46 M 19 0 0.00 M M 6.2 13 230 M M 1 17 210
3 66 38 52 M 13 0 T M M 6.8 15 220 M M 3 20 220
4 62 43 53 M 12 0 0.04 M M 5.8 13 200 M M 5 20 240
5 71 41 56 M 9 0 0.00 M M 9.8 18 200 M M 0 28 200
6 69 33 51 M 14 0 0.00 M M 6.0 9 170 M M 0 M M
7 62 35 49 M 16 0 0.00 M M 5.0 9 190 M M 4 12 M M
8 62 30 46 M 19 0 0.00 M M 10.7 28 340 M M 2 1 33 340
9 59 22 41 M 24 0 0.00 M M 9.0 23 280 M M 0 33 280
10 59 19 39 M 26 0 0.00 M M 7.5 15 160 M M 0 21 160
11 62 30 46 M 19 0 0.00 M M 8.5 17 220 M M 0 25 210
12 69 26 48 M 17 0 0.00 M M 6.5 15 350 M M 0 21 20
13 67 24 46 M 19 0 0.00 M M 9.3 20 180 M M 0 24 150
14 67 31 49 M 16 0 0.00 M M 7.6 14 220 M M 0 22 220
15 69 27 48 M 17 0 0.00 M M 5.8 16 200 M M 0 M M
16 71 35 53 M 12 0 0.03 M M 11.1 24 20 M M 2 1 35 10
17 60 26 43 M 22 0 0.00 M M 5.3 15 220 M M 0 16 240
18 67 26 47 M 18 0 0.00 M M 6.1 10 140 M M 0 M M
19 52 45 49 M 16 0 0.06 M M 7.0 12 170 M M 10 1 17 170
20 48 43 46 M 19 0 0.04 M M 10.8 16 330 M M 10 1 24 330
21 51 26 39 M 26 0 0.00 M M 15.6 28 330 M M 1 35 330
22 71 23 47 M 18 0 0.00 M M 5.8 16 260 M M 0 21 270
23 44 26 35 M 30 0 0.00 M M 13.6 20 50 M M 1 25 40
24 26 19 23 M 42 0 M M M 12.0 20 30 M M 10 24 30
25 25 14 20 M 45 0 M M M 4.8 12 300 M M 9 M M
26 37 14 26 M 39 0 0.00 M M 11.2 23 310 M M 1 27 310
27 41 14 28 M 37 0 0.00 M M 7.6 16 310 M M 0 M M
28 49 16 33 M 32 0 0.00 M M 6.1 14 290 M M 0 M M
29 58 22 40 M 25 0 0.00 M M 7.6 16 200 M M 0 21 200
30 44 24 34 M 31 0 0.00 M M 9.6 15 30 M M 0 21 10
================================================================================
SM 1713 820 676 0 M M 243.0 M 59
================================================================================
AV 57.1 27.3 8.1 FASTST M M 2 MAX(MPH)
MISC ----> # 28 340 # M M
================================================================================
NOTES:
# LAST OF SEVERAL OCCURRENCES
COLUMN 17 PEAK WIND IN M.P.H.
PRELIMINARY LOCAL CLIMATOLOGICAL DATA (WS FORM: F-6) , PAGE 2
STATION: LEXINGTON NE
MONTH: NOVEMBER
YEAR: 2023
LATITUDE: 40 47 N
LONGITUDE: 99 46 W
[TEMPERATURE DATA] [PRECIPITATION DATA] SYMBOLS USED IN COLUMN 16
AVERAGE MONTHLY: 42.2 TOTAL FOR MONTH: M 1 = FOG OR MIST
DPTR FM NORMAL: M DPTR FM NORMAL: M 2 = FOG REDUCING VISIBILITY
HIGHEST: 71 ON 22,16 GRTST 24HR M ON M TO 1/4 MILE OR LESS
LOWEST: 14 ON 27,26 3 = THUNDER
SNOW, ICE PELLETS, HAIL 4 = ICE PELLETS
TOTAL MONTH: M 5 = HAIL
GRTST 24HR M ON M 6 = FREEZING RAIN OR DRIZZLE
GRTST DEPTH: M ON M 7 = DUSTSTORM OR SANDSTORM:
VSBY 1/2 MILE OR LESS
8 = SMOKE OR HAZE
[NO. OF DAYS WITH] [WEATHER - DAYS WITH] 9 = BLOWING SNOW
X = TORNADO
MAX 32 OR BELOW: 2 0.01 INCH OR MORE: M
MAX 90 OR ABOVE: 0 0.10 INCH OR MORE: M
MIN 32 OR BELOW: 22 0.50 INCH OR MORE: M
MIN 0 OR BELOW: 0 1.00 INCH OR MORE: M
[HDD (BASE 65) ]
TOTAL THIS MO. 676 CLEAR (SCALE 0-3) 23
DPTR FM NORMAL M PTCLDY (SCALE 4-7) 3
TOTAL FM JUL 1 1133 CLOUDY (SCALE 8-10) 4
DPTR FM NORMAL M
[CDD (BASE 65) ]
TOTAL THIS MO. 0
DPTR FM NORMAL M [PRESSURE DATA]
TOTAL FM JAN 1 1043 HIGHEST SLP M ON M
DPTR FM NORMAL M LOWEST SLP M ON M
[REMARKS]
#FINAL-11-23#