000
CXUS55 KPUB 011210
CF6LXV
PRELIMINARY LOCAL CLIMATOLOGICAL DATA (WS FORM: F-6)
STATION: LEADVILLE CO
MONTH: MARCH
YEAR: 2023
LATITUDE: 39 15 N
LONGITUDE: 106 18 W
TEMPERATURE IN F: :PCPN: SNOW: WIND :SUNSHINE: SKY :PK WND
================================================================================
1 2 3 4 5 6A 6B 7 8 9 10 11 12 13 14 15 16 17 18
12Z AVG MX 2MIN
DY MAX MIN AVG DEP HDD CDD WTR SNW DPTH SPD SPD DIR MIN PSBL S-S WX SPD DR
================================================================================
1 21 -8 7 -14 58 0 0.05 M M 5.5 18 190 M M 9 1 23 190
2 29 -6 12 -9 53 0 0.00 M M 7.4 20 300 M M 2 26 310
3 31 2 17 -4 48 0 T M M 7.3 23 300 M M 5 1 33 310
4 31 -2 15 -7 50 0 T M M 8.8 32 200 M M 5 1 56 200
5 29 8 19 -3 46 0 0.00 M M 9.3 29 250 M M 3 46 230
6 39 20 30 8 35 0 0.00 M M 12.0 28 230 M M 0 40 230
7 37 16 27 5 38 0 0.00 M M 9.7 25 200 M M 0 45 160
8 33 10 22 -1 43 0 0.00 M M 8.7 29 200 M M 4 45 230
9 34 12 23 0 42 0 0.01 M M 9.2 24 270 M M 2 35 310
10 32 10 21 -2 44 0 0.22 M M 6.6 22 200 M M 9 128 36 200
11 32 20 26 2 39 0 0.30 M M 8.1 23 280 M M 7 12 35 290
12 33 18 26 2 39 0 0.06 M M 6.6 23 310 M M 10 128 33 320
13 35 11 23 -1 42 0 T M M 7.2 16 320 M M 4 1 23 320
14 42 9 26 2 39 0 0.00 M M 8.2 17 360 M M 2 26 10
15 45 23 34 10 31 0 0.01 M M 5.4 20 190 M M 7 30 180
16 31 13 22 -3 43 0 0.01 M M 10.2 24 360 M M 7 18 36 350
17 27 -7 10 -15 55 0 T M M 7.5 23 10 M M 5 18 31 360
18 27 -10 9 -16 56 0 0.00 M M 5.8 17 310 M M 0 24 320
19 33 -12 11 -15 54 0 0.00 M M 5.3 18 280 M M 1 32 280
20 34 11 23 -3 42 0 0.01 M M 3.2 21 180 M M 9 18 25 180
21 27 10 19 -7 46 0 0.20 M M 5.0 15 310 M M 7 128 25 320
22 32 11 22 -4 43 0 0.16 M M 8.0 21 170 M M 10 128 34 210
23 32 3 18 -8 47 0 T M M 5.7 16 300 M M 6 1 21 310
24 29 5 17 -10 48 0 0.04 M M 8.1 18 310 M M 8 12 28 310
25 13 -4 5 -22 60 0 T M M 11.5 25 280 M M 8 1 39 290
26 19 -12 4 -23 61 0 0.05 M M 5.9 18 180 M M 6 1 30 210
27 15 -6 5 -22 60 0 0.05 M M 10.4 26 300 M M 9 189 37 350
28 39 -16 12 -15 53 0 0.00 M M 5.6 21 310 M M 4 30 210
29 41 15 28 0 37 0 0.00 M M 8.4 22 180 M M 1 33 200
30 35 15 25 -3 40 0 0.06 M M 13.5 33 200 M M 6 12 54 170
31 23 11 17 -11 48 0 0.09 M M 13.5 31 300 M M 10 128 46 290
================================================================================
SM 960 170 1440 0 1.32 M 247.6 M 166
================================================================================
AV 31.0 5.5 8.0 FASTST M M 5 MAX(MPH)
MISC ----> 33 200 56 200
================================================================================
NOTES:
# LAST OF SEVERAL OCCURRENCES
COLUMN 17 PEAK WIND IN M.P.H.
PRELIMINARY LOCAL CLIMATOLOGICAL DATA (WS FORM: F-6) , PAGE 2
STATION: LEADVILLE CO
MONTH: MARCH
YEAR: 2023
LATITUDE: 39 15 N
LONGITUDE: 106 18 W
[TEMPERATURE DATA] [PRECIPITATION DATA] SYMBOLS USED IN COLUMN 16
AVERAGE MONTHLY: 18.2 TOTAL FOR MONTH: 1.32 1 = FOG OR MIST
DPTR FM NORMAL: -6.4 DPTR FM NORMAL: 0.30 2 = FOG REDUCING VISIBILITY
HIGHEST: 45 ON 15 GRTST 24HR 0.48 ON 10-11 TO 1/4 MILE OR LESS
LOWEST: -16 ON 28 3 = THUNDER
SNOW, ICE PELLETS, HAIL 4 = ICE PELLETS
TOTAL MONTH: M 5 = HAIL
GRTST 24HR M ON M 6 = FREEZING RAIN OR DRIZZLE
GRTST DEPTH: M ON M 7 = DUSTSTORM OR SANDSTORM:
VSBY 1/2 MILE OR LESS
8 = SMOKE OR HAZE
[NO. OF DAYS WITH] [WEATHER - DAYS WITH] 9 = BLOWING SNOW
X = TORNADO
MAX 32 OR BELOW: 18 0.01 INCH OR MORE: 15
MAX 90 OR ABOVE: 0 0.10 INCH OR MORE: 4
MIN 32 OR BELOW: 31 0.50 INCH OR MORE: 0
MIN 0 OR BELOW: 10 1.00 INCH OR MORE: 0
[HDD (BASE 65) ]
TOTAL THIS MO. 1440 CLEAR (SCALE 0-3) 8
DPTR FM NORMAL 188 PTCLDY (SCALE 4-7) 15
TOTAL FM JUL 1 9003 CLOUDY (SCALE 8-10) 8
DPTR FM NORMAL 155
[CDD (BASE 65) ]
TOTAL THIS MO. 0
DPTR FM NORMAL 0 [PRESSURE DATA]
TOTAL FM JAN 1 0 HIGHEST SLP 30.51 ON 28
DPTR FM NORMAL 0 LOWEST SLP 29.36 ON 30
[REMARKS]
#FINAL-03-23#