000
CXUS55 KPUB 011210
CF6LXV
PRELIMINARY LOCAL CLIMATOLOGICAL DATA (WS FORM: F-6)
STATION: LEADVILLE CO
MONTH: AUGUST
YEAR: 2021
LATITUDE: 39 15 N
LONGITUDE: 106 18 W
TEMPERATURE IN F: :PCPN: SNOW: WIND :SUNSHINE: SKY :PK WND
================================================================================
1 2 3 4 5 6A 6B 7 8 9 10 11 12 13 14 15 16 17 18
12Z AVG MX 2MIN
DY MAX MIN AVG DEP HDD CDD WTR SNW DPTH SPD SPD DIR MIN PSBL S-S WX SPD DR
================================================================================
1 60 48 54 -1 11 0 0.03 M M 7.2 20 190 M M 9 1 24 190
2 65 46 56 1 9 0 0.11 M M 3.5 18 10 M M 9 12 27 10
3 63 45 54 -1 11 0 1.06 M M 5.5 17 290 M M 9 12 25 300
4 65 39 52 -3 13 0 0.00 M M 8.3 20 10 M M 1 31 360
5 72 34 53 -2 12 0 0.00 M M 3.6 12 310 M M 0 1 17 140
6 73 36 55 0 10 0 T M M 5.5 20 180 M M 4 3 29 190
7 63 38 51 -4 14 0 0.00 M M 7.9 21 300 M M 1 8 33 320
8 72 32 52 -2 13 0 0.00 M M 6.2 17 350 M M 0 18 26 320
9 73 35 54 0 11 0 0.00 M M 4.7 17 310 M M 1 8 25 300
10 73 35 54 0 11 0 0.00 M M 6.8 20 300 M M 1 8 28 300
11 74 35 55 1 10 0 0.00 M M 5.7 17 320 M M 1 27 330
12 74 34 54 0 11 0 0.00 M M 7.8 20 170 M M 2 34 130
13 74 40 57 3 8 0 T M M 6.7 24 180 M M 2 3 31 170
14 77 37 57 3 8 0 0.05 M M 4.7 29 10 M M 2 3 40 10
15 70 42 56 3 9 0 0.04 M M 5.5 18 10 M M 5 3 30 40
16 71 35 53 0 12 0 T M M 4.0 14 300 M M 1 19 310
17 72 35 54 1 11 0 0.34 M M 3.7 21 210 M M 3 3 30 210
18 70 39 55 2 10 0 T M M 4.4 18 180 M M 5 26 220
19 61 38 50 -3 15 0 0.04 M M 6.1 21 210 M M 8 1 38 200
20 58 32 45 -7 20 0 0.01 M M 10.2 24 300 M M 2 35 350
21 64 32 48 -4 17 0 0.02 M M 5.3 18 200 M M 3 3 28 280
22 69 37 53 1 12 0 T M M 7.5 21 300 M M 2 29 300
23 70 35 53 1 12 0 0.00 M M 5.4 20 200 M M 4 29 220
24 73 35 54 2 11 0 0.00 M M 5.5 16 10 M M 1 24 310
25 74 29 52 0 13 0 0.00 M M 6.0 21 180 M M 0 32 160
26 65 35 50 -1 15 0 T M M 6.6 20 180 M M 3 27 170
27 73 33 53 2 12 0 0.00 M M 5.3 21 280 M M 1 28 300
28 75 36 56 5 9 0 0.00 M M 6.9 20 290 M M 1 34 270
29 74 37 56 5 9 0 0.00 M M 5.6 17 350 M M 3 26 340
30 73 36 55 5 10 0 0.00 M M 5.0 17 280 M M 1 27 260
31 73 34 54 4 11 0 0.00 M M 3.0 12 20 M M 2 17 360
================================================================================
SM 2163 1134 360 0 1.70 M 180.1 M 87
================================================================================
AV 69.8 36.6 5.8 FASTST M M 3 MAX(MPH)
MISC ----> 29 10 40 10
================================================================================
NOTES:
# LAST OF SEVERAL OCCURRENCES
COLUMN 17 PEAK WIND IN M.P.H.
PRELIMINARY LOCAL CLIMATOLOGICAL DATA (WS FORM: F-6) , PAGE 2
STATION: LEADVILLE CO
MONTH: AUGUST
YEAR: 2021
LATITUDE: 39 15 N
LONGITUDE: 106 18 W
[TEMPERATURE DATA] [PRECIPITATION DATA] SYMBOLS USED IN COLUMN 16
AVERAGE MONTHLY: 53.2 TOTAL FOR MONTH: 1.70 1 = FOG OR MIST
DPTR FM NORMAL: 0.1 DPTR FM NORMAL: -0.17 2 = FOG REDUCING VISIBILITY
HIGHEST: 77 ON 14 GRTST 24HR 1.14 ON 2- 3 TO 1/4 MILE OR LESS
LOWEST: 29 ON 25 3 = THUNDER
SNOW, ICE PELLETS, HAIL 4 = ICE PELLETS
TOTAL MONTH: M 5 = HAIL
GRTST 24HR M ON M 6 = FREEZING RAIN OR DRIZZLE
GRTST DEPTH: M ON M 7 = DUSTSTORM OR SANDSTORM:
VSBY 1/2 MILE OR LESS
8 = SMOKE OR HAZE
[NO. OF DAYS WITH] [WEATHER - DAYS WITH] 9 = BLOWING SNOW
X = TORNADO
MAX 32 OR BELOW: 0 0.01 INCH OR MORE: 9
MAX 90 OR ABOVE: 0 0.10 INCH OR MORE: 3
MIN 32 OR BELOW: 4 0.50 INCH OR MORE: 1
MIN 0 OR BELOW: 0 1.00 INCH OR MORE: 1
[HDD (BASE 65) ]
TOTAL THIS MO. 360 CLEAR (SCALE 0-3) 22
DPTR FM NORMAL -9 PTCLDY (SCALE 4-7) 6
TOTAL FM JUL 1 592 CLOUDY (SCALE 8-10) 3
DPTR FM NORMAL -84
[CDD (BASE 65) ]
TOTAL THIS MO. 0
DPTR FM NORMAL 0 [PRESSURE DATA]
TOTAL FM JAN 1 0 HIGHEST SLP 30.26 ON 14
DPTR FM NORMAL 0 LOWEST SLP 29.67 ON 31
[REMARKS]
#FINAL-08-21#