000
CXUS54 KLZK 051122
CF6LZK
PRELIMINARY LOCAL CLIMATOLOGICAL DATA (WS FORM: F-6)
STATION: NORTH LITTLE ROCK
MONTH: JANUARY
YEAR: 2023
LATITUDE: 34 50 N
LONGITUDE: 92 16 W
TEMPERATURE IN F: :PCPN: SNOW: WIND :SUNSHINE: SKY :PK WND
================================================================================
1 2 3 4 5 6A 6B 7 8 9 10 11 12 13 14 15 16 17 18
12Z AVG MX 2MIN
DY MAX MIN AVG DEP HDD CDD WTR SNW DPTH SPD SPD DIR MIN PSBL S-S WX SPD DR
================================================================================
1 69 48 59 18 6 0 T 0.0 0 M M M M M M 12 M M
2 69 63 66 25 0 1 1.05 0.0 0 M M M M M M 123 M M
3 70 52 61 21 4 0 0.53 0.0 0 M M M M M M 3 M M
4 53 38 46 6 19 0 0.00 0.0 0 M M M M M M M M
5 55 38 47 7 18 0 0.00 0.0 0 M M M M M M M M
6 56 35 46 6 19 0 0.00 0.0 0 M M M M M M M M
7 63 46 55 15 10 0 0.00 0.0 0 M M M M M M M M
8 54 41 48 8 17 0 0.00 0.0 0 M M M M M M M M
9 56 35 46 6 19 0 0.00 0.0 0 M M M M M M M M
10 63 42 53 13 12 0 0.00 0.0 0 M M M M M M 1 M M
11 72 55 64 24 1 0 0.12 0.0 0 M M M M M M M M
12 63 37 50 10 15 0 0.00 0.0 0 M M M M M M 1 M M
13 43 27 35 -5 30 0 0.00 0.0 0 M M M M M M M M
14 45 24 35 -5 30 0 0.00 0.0 0 M M M M M M M M
15 58 30 44 4 21 0 0.00 0.0 0 M M M M M M M M
16 67 54 61 21 4 0 0.07 0.0 0 M M M M M M M M
17 68 55 62 22 3 0 0.00 0.0 0 M M M M M M M M
18 64 52 58 18 7 0 0.99 0.0 0 M M M M M M 3 M M
19 53 39 46 6 19 0 0.00 0.0 0 M M M M M M M M
20 54 36 45 5 20 0 0.00 0.0 0 M M M M M M M M
21 50 34 42 2 23 0 0.12 0.0 0 M M M M M M M M
22 45 37 41 0 24 0 0.23 0.0 0 M M M M M M M M
23 50 34 42 1 23 0 0.00 0.0 0 M M M M M M M M
24 40 33 37 -4 28 0 1.11 T 0 M M M M M M 4 M M
25 42 32 37 -4 28 0 0.07 T 0 M M M M M M 1 M M
26 43 29 36 -5 29 0 0.00 0.0 0 M M M M M M M M
27 58 32 45 4 20 0 0.00 0.0 0 M M M M M M M M
28 50 39 45 4 20 0 1.05 0.0 0 M M M M M M 3 M M
29 58 40 49 8 16 0 1.31 0.0 0 M M M M M M 1 M M
30 40 30 35 -7 30 0 0.62 T 0 M M M M M M 46 M M
31 30 24 27 -15 38 0 0.23 0.4 T M M M M M M 46 M M
================================================================================
SM 1701 1211 553 1 7.50 0.4 M M M
================================================================================
AV 54.9 39.1 M FASTST M M M MAX(MPH)
MISC ----> M M M M
================================================================================
NOTES:
# LAST OF SEVERAL OCCURRENCES
COLUMN 17 PEAK WIND IN M.P.H.
PRELIMINARY LOCAL CLIMATOLOGICAL DATA (WS FORM: F-6) , PAGE 2
STATION: NORTH LITTLE ROCK
MONTH: JANUARY
YEAR: 2023
LATITUDE: 34 50 N
LONGITUDE: 92 16 W
[TEMPERATURE DATA] [PRECIPITATION DATA] SYMBOLS USED IN COLUMN 16
AVERAGE MONTHLY: 47.0 TOTAL FOR MONTH: 7.50 1 = FOG OR MIST
DPTR FM NORMAL: 6.4 DPTR FM NORMAL: 3.96 2 = FOG REDUCING VISIBILITY
HIGHEST: 72 ON 11 GRTST 24HR 1.96 ON 24-25 TO 1/4 MILE OR LESS
LOWEST: 24 ON 14,31 3 = THUNDER
SNOW, ICE PELLETS, HAIL 4 = ICE PELLETS
TOTAL MONTH: 0.4 INCH 5 = HAIL
GRTST 24HR 0.4 ON 31-31 6 = FREEZING RAIN OR DRIZZLE
GRTST DEPTH: T 7 = DUSTSTORM OR SANDSTORM:
VSBY 1/2 MILE OR LESS
8 = SMOKE OR HAZE
[NO. OF DAYS WITH] [WEATHER - DAYS WITH] 9 = BLOWING SNOW
X = TORNADO
MAX 32 OR BELOW: 1 0.01 INCH OR MORE: 13
MAX 90 OR ABOVE: 0 0.10 INCH OR MORE: 11
MIN 32 OR BELOW: 8 0.50 INCH OR MORE: 7
MIN 0 OR BELOW: 0 1.00 INCH OR MORE: 4
[HDD (BASE 65) ]
TOTAL THIS MO. 553 CLEAR (SCALE 0-3) 0
DPTR FM NORMAL -205 PTCLDY (SCALE 4-7) 0
TOTAL FM JUL 1 1791 CLOUDY (SCALE 8-10) 31
DPTR FM NORMAL -216
[CDD (BASE 65) ]
TOTAL THIS MO. 1
DPTR FM NORMAL 1 [PRESSURE DATA]
TOTAL FM JAN 1 1 HIGHEST SLP M ON M
DPTR FM NORMAL 1 LOWEST SLP M ON M
[REMARKS]
#FINAL-01-23#