000
CXUS54 KLZK 011849
CLALZK
CLIMATE REPORT
NATIONAL WEATHER SERVICE LITTLE ROCK AR
1249 PM CST MON JAN 01 2024
...................................
...THE NORTH LITTLE ROCK CLIMATE SUMMARY FOR THE YEAR OF 2023...
CLIMATE NORMAL PERIOD 1991 TO 2020
CLIMATE RECORD PERIOD 1975 TO 2023
WEATHER OBSERVED NORMAL DEPART LAST YEAR`S
VALUE DATE(S) VALUE FROM VALUE DATE(S)
NORMAL
................................................................
TEMPERATURE (F)
RECORD
HIGH 111 08/03/2011
08/30/2000
LOW -6 01/20/1985
HIGHEST 103 08/25 73 30 103 08/15
08/26
LOWEST 24 01/31 53 -29 1 12/23
01/14
02/01
AVG. MAXIMUM 73.7 71.1 2.6 72.3
AVG. MINIMUM 54.9 52.5 2.4 52.3
MEAN 64.3 61.8 2.5 62.3
DAYS MAX >= 90 74 69.7 4.3 76
DAYS MAX <= 32 2 4.2 -2.2 10
DAYS MIN <= 32 27 40.6 -13.6 63
DAYS MIN <= 0 0 0.0 0.0 0
PRECIPITATION (INCHES)
RECORD
MAXIMUM 79.61 2009
MINIMUM 37.02 1995
TOTALS 55.02 51.85 3.17 45.47
DAILY AVG. 0.15 0.14 0.01 0.13
DAYS >= .01 105 109.0 -4.0 102
DAYS >= .10 72 73.2 -1.2 70
DAYS >= .50 39 34.4 4.6 31
DAYS >= 1.00 18 15.5 2.5 15
GREATEST
24 HR. TOTAL MM MM 3.22
STORM TOTAL 3.43 2.32
(MM/DD(HH)) MM
SNOWFALL (INCHES)
RECORDS
TOTAL 19.1 1979
24 HR TOTAL 12.0 01/06/1988 TO 01/07/1988
SNOW DEPTH 14 02/18/2021
TOTALS 0.4 3.8 -3.4 9.7
LIQUID EQUIV 0.00 0.60 -0.60 1.00
SINCE 7/1 0.0 0.7 -0.7 MM
LIQUID 7/1 0.00 0.00 0.00 MM
SNOWDEPTH AVG. T -1
DAYS >= TRACE 10 2.7 7.3 19
DAYS >= 1.0 0 1.3 -1.3 3
GREATEST
SNOW DEPTH 0 3 02/04
03/12
24 HR TOTAL 0.4 0MM31 TO 01/31 4.3
STORM TOTAL 0.4 4.3
(MM/DD(HH)) MM
DEGREE DAYS
HEATING TOTAL 2475 3145 -670 3166
SINCE 7/1 1015 1248 -233 MM
COOLING TOTAL 2347 2008 339 2305
SINCE 1/1 2347 2009 338 MM
FREEZE DATES
RECORD
EARLIEST 10/20/1989
LATEST 04/19/1983
EARLIEST 10/31
LATEST 03/20
................................................................
WIND (MPH)
AVERAGE WIND SPEED MM
HIGHEST WIND SPEED/DIRECTION MM DATE MM
HIGHEST GUST SPEED/DIRECTION 48/315 DATE 06/25
SKY COVER
AVERAGE SKY COVER 0.00
NUMBER OF DAYS FAIR 1
NUMBER OF DAYS PC 0
NUMBER OF DAYS CLOUDY 0
WEATHER CONDITIONS. NUMBER OF DAYS WITH
THUNDERSTORM 57 MIXED PRECIP 1
HEAVY RAIN 30 RAIN 63
LIGHT RAIN 129 FREEZING RAIN 3
LT FREEZING RAIN 4 HAIL 4
HEAVY SNOW 0 SLEET 5
FOG 41 FOG W/VIS <= 1/4 MILE 10
HAZE 0
- INDICATES NEGATIVE NUMBERS.
R INDICATES RECORD WAS SET OR TIED.
MM INDICATES DATA IS MISSING.
T INDICATES TRACE AMOUNT.
$$