000
CXUS53 KDTX 010635
CF6MBS
PRELIMINARY LOCAL CLIMATOLOGICAL DATA (WS FORM: F-6)
STATION: TRI CITIES MI
MONTH: MAY
YEAR: 2021
LATITUDE: 43 31 N
LONGITUDE: 84 5 W
TEMPERATURE IN F: :PCPN: SNOW: WIND :SUNSHINE: SKY :PK WND
================================================================================
1 2 3 4 5 6A 6B 7 8 9 10 11 12 13 14 15 16 17 18
12Z AVG MX 2MIN
DY MAX MIN AVG DEP HDD CDD WTR SNW DPTH SPD SPD DIR MIN PSBL S-S WX SPD DR
================================================================================
1 70 29 50 -2 15 0 T 0.0 0 12.5 33 220 M M 2 8 43 220
2 83 51 67 14 0 2 0.04 0.0 0 10.6 26 230 M M 3 36 230
3 65 50 58 5 7 0 0.02 0.0 0 3.7 14 10 M M 10 18 20 10
4 61 44 53 -1 12 0 0.29 0.0 0 12.1 20 320 M M 8 1 25 270
5 58 41 50 -4 15 0 0.00 0.0 0 13.4 22 330 M M 6 29 300
6 52 40 46 -8 19 0 0.08 0.0 0 2.8 12 250 M M 8 1 16 240
7 54 34 44 -11 21 0 0.14 0.0 0 9.4 28 330 M M 8 12 33 330
8 56 34 45 -10 20 0 0.00 0.0 0 7.5 15 340 M M 6 22 340
9 57 36 47 -9 18 0 0.00 0.0 0 8.4 17 40 M M 1 24 30
10 56 35 46 -10 19 0 0.00 0.0 0 10.0 21 330 M M 4 31 260
11 56 32 44 -12 21 0 T 0.0 0 12.4 26 330 M M 3 33 330
12 66 38 52 -5 13 0 0.00 0.0 0 6.1 14 10 M M 1 18 60
13 68 38 53 -4 12 0 0.00 0.0 0 4.8 14 260 M M 0 19 250
14 73 40 57 -1 8 0 0.00 0.0 0 6.1 10 250 M M 2 M M
15 74 46 60 2 5 0 0.00 0.0 0 6.4 24 270 M M 4 31 260
16 68 53 61 3 4 0 T 0.0 0 4.9 15 160 M M 8 20 160
17 78 50 64 5 1 0 0.00 0.0 0 6.4 13 180 M M 2 18 190
18 82 51 67 8 0 2 0.00 0.0 0 6.9 18 190 M M 0 27 200
19 85 60 73 14 0 8 0.00 0.0 0 8.2 21 260 M M 4 32 160
20 87 66 77 17 0 12 T 0.0 0 7.1 15 180 M M 5 21 180
21 86 66 76 16 0 11 0.00 0.0 0 8.8 20 220 M M 2 26 220
22 86 66 76 16 0 11 0.06 0.0 0 9.3 21 280 M M 5 1 27 270
23 80 51 66 5 0 1 0.20 0.0 0 13.0 26 40 M M 8 1 34 40
24 76 54 65 4 0 0 0.04 0.0 0 3.8 12 180 M M 8 8 15 160
25 87 68 78 16 0 13 0.00 0.0 0 14.1 26 260 M M 1 18 37 240
26 78 49 64 2 1 0 0.29 0.0 0 14.5 24 310 M M 6 1 34 280
27 57 38 48 -14 17 0 0.04 0.0 0 10.6 17 60 M M 5 24 60
28 51 42 47 -16 18 0 0.33 0.0 0 18.5 32 50 M M 7 1 43 30
29 61 37 49 -14 16 0 0.00 0.0 0 13.4 26 30 M M 0 35 40
30 70 35 53 -10 12 0 0.00 0.0 0 4.0 10 250 M M 0 16 240
31 74 50 62 -2 3 0 0.00 0.0 0 8.2 18 210 M M 1 25 220
================================================================================
SM 2155 1424 277 60 1.53 0.0 277.9 M 128
================================================================================
AV 69.5 45.9 9.0 FASTST M M 4 MAX(MPH)
MISC ----> 33 220 # 43 220
================================================================================
NOTES:
# LAST OF SEVERAL OCCURRENCES
COLUMN 17 PEAK WIND IN M.P.H.
PRELIMINARY LOCAL CLIMATOLOGICAL DATA (WS FORM: F-6) , PAGE 2
STATION: TRI CITIES MI
MONTH: MAY
YEAR: 2021
LATITUDE: 43 31 N
LONGITUDE: 84 5 W
[TEMPERATURE DATA] [PRECIPITATION DATA] SYMBOLS USED IN COLUMN 16
AVERAGE MONTHLY: 57.7 TOTAL FOR MONTH: 1.53 1 = FOG OR MIST
DPTR FM NORMAL: -0.5 DPTR FM NORMAL: -1.88 2 = FOG REDUCING VISIBILITY
HIGHEST: 87 ON 25,20 GRTST 24HR 0.37 ON 27-28 TO 1/4 MILE OR LESS
LOWEST: 29 ON 1 3 = THUNDER
SNOW, ICE PELLETS, HAIL 4 = ICE PELLETS
TOTAL MONTH: 0.0 INCH 5 = HAIL
GRTST 24HR 0.0 6 = FREEZING RAIN OR DRIZZLE
GRTST DEPTH: 0 7 = DUSTSTORM OR SANDSTORM:
VSBY 1/2 MILE OR LESS
8 = SMOKE OR HAZE
[NO. OF DAYS WITH] [WEATHER - DAYS WITH] 9 = BLOWING SNOW
X = TORNADO
MAX 32 OR BELOW: 0 0.01 INCH OR MORE: 11
MAX 90 OR ABOVE: 0 0.10 INCH OR MORE: 5
MIN 32 OR BELOW: 2 0.50 INCH OR MORE: 0
MIN 0 OR BELOW: 0 1.00 INCH OR MORE: 0
[HDD (BASE 65) ]
TOTAL THIS MO. 277 CLEAR (SCALE 0-3) 13
DPTR FM NORMAL 24 PTCLDY (SCALE 4-7) 12
TOTAL FM JUL 1 6237 CLOUDY (SCALE 8-10) 6
DPTR FM NORMAL -496
[CDD (BASE 65) ]
TOTAL THIS MO. 60
DPTR FM NORMAL 19 [PRESSURE DATA]
TOTAL FM JAN 1 62 HIGHEST SLP M ON M
DPTR FM NORMAL 18 LOWEST SLP 29.54 ON 4
[REMARKS]
#FINAL-05-21#