000
CXUS56 KHNX 011201
CF6MCE
PRELIMINARY LOCAL CLIMATOLOGICAL DATA (WS FORM: F-6)
STATION: MERCED CA AIRPORT
MONTH: AUGUST
YEAR: 2022
LATITUDE: 37 16 N
LONGITUDE: 120 36 W
TEMPERATURE IN F: :PCPN: SNOW: WIND :SUNSHINE: SKY :PK WND
================================================================================
1 2 3 4 5 6A 6B 7 8 9 10 11 12 13 14 15 16 17 18
12Z AVG MX 2MIN
DY MAX MIN AVG DEP HDD CDD WTR SNW DPTH SPD SPD DIR MIN PSBL S-S WX SPD DR
================================================================================
1 93 72 83 4 0 18 0.00 0.0 0 8.2 16 340 M M 0 20 310
2 101 70 86 7 0 21 0.00 0.0 0 8.7 14 340 M M 0 19 320
3 103 68 86 7 0 21 0.00 0.0 0 8.5 15 350 M M 0 19 350
4 104 72 88 9 0 23 0.00 0.0 0 7.3 14 330 M M 0 18 330
5 91 70 81 2 0 16 0.00 0.0 0 6.6 12 310 M M 2 16 320
6 94 63 79 0 0 14 0.00 0.0 0 9.4 14 340 M M 0 18 330
7 95 62 79 0 0 14 0.00 0.0 0 9.8 14 330 M M 0 21 350
8 95 64 80 2 0 15 0.00 0.0 0 10.7 16 340 M M 0 19 340
9 94 65 80 2 0 15 0.00 0.0 0 10.1 18 330 M M 0 22 330
10 94 62 78 0 0 13 0.00 0.0 0 9.4 15 340 M M 0 20 330
11 97 61 79 1 0 14 0.00 0.0 0 8.9 16 330 M M 0 19 330
12 97 59 78 0 0 13 0.00 0.0 0 9.1 16 340 M M 0 22 340
13 98 58 78 0 0 13 0.00 0.0 0 7.1 13 330 M M 0 16 330
14 100 60 80 2 0 15 0.00 0.0 0 6.7 16 350 M M 0 19 330
15 102 59 81 3 0 16 0.00 0.0 0 5.0 13 340 M M 0 17 320
16 105 62 84 6 0 19 0.00 0.0 0 5.0 13 350 M M 0 16 360
17 103 70 87 9 0 22 0.00 0.0 0 6.8 15 350 M M 0 18 310
18 104 68 86 8 0 21 0.00 0.0 0 9.3 16 330 M M 0 20 340
19 92 62 77 -1 0 12 0.00 0.0 0 4.5 9 330 M M 0 M M
20 106 62 84 6 0 19 0.00 0.0 0 4.6 10 270 M M 0 8 12 270
21 102 63 83 5 0 18 0.00 0.0 0 6.4 15 340 M M 0 18 340
22 98 63 81 4 0 16 0.00 0.0 0 7.1 18 330 M M 0 23 320
23 101 63 82 5 0 17 0.00 0.0 0 5.8 12 340 M M 0 17 240
24 105 66 86 9 0 21 0.00 0.0 0 5.5 14 340 M M 0 17 340
25 102 67 85 8 0 20 0.00 0.0 0 6.4 13 330 M M 0 16 330
26 99 64 82 5 0 17 0.00 0.0 0 6.8 12 330 M M 0 13 330
27 100 66 83 6 0 18 0.00 0.0 0 5.0 12 330 M M 0 15 340
28 95 62 79 2 0 14 0.00 0.0 0 6.3 12 310 M M 0 8 14 310
29 97 61 79 2 0 14 0.00 0.0 0 7.9 13 340 M M 0 16 350
30 99 63 81 4 0 16 0.00 0.0 0 7.6 13 340 M M 0 17 360
31 100 62 81 5 0 16 0.00 0.0 0 6.6 14 330 M M 0 8 17 340
================================================================================
SM 3066 1989 0 521 0.00 0.0 227.1 M 2
================================================================================
AV 98.9 64.2 7.3 FASTST M M 0 MAX(MPH)
MISC ----> # 18 330 23 320
================================================================================
NOTES:
# LAST OF SEVERAL OCCURRENCES
COLUMN 17 PEAK WIND IN M.P.H.
PRELIMINARY LOCAL CLIMATOLOGICAL DATA (WS FORM: F-6) , PAGE 2
STATION: MERCED CA AIRPORT
MONTH: AUGUST
YEAR: 2022
LATITUDE: 37 16 N
LONGITUDE: 120 36 W
[TEMPERATURE DATA] [PRECIPITATION DATA] SYMBOLS USED IN COLUMN 16
AVERAGE MONTHLY: 81.5 TOTAL FOR MONTH: 0.00 1 = FOG OR MIST
DPTR FM NORMAL: 3.6 DPTR FM NORMAL: 0.00 2 = FOG REDUCING VISIBILITY
HIGHEST: 106 ON 20 GRTST 24HR 0.00 ON 1- 1 TO 1/4 MILE OR LESS
LOWEST: 58 ON 13 3 = THUNDER
SNOW, ICE PELLETS, HAIL 4 = ICE PELLETS
TOTAL MONTH: 0.0 INCH 5 = HAIL
GRTST 24HR 0.0 6 = FREEZING RAIN OR DRIZZLE
GRTST DEPTH: 0 7 = DUSTSTORM OR SANDSTORM:
VSBY 1/2 MILE OR LESS
8 = SMOKE OR HAZE
[NO. OF DAYS WITH] [WEATHER - DAYS WITH] 9 = BLOWING SNOW
X = TORNADO
MAX 32 OR BELOW: 0 0.01 INCH OR MORE: 0
MAX 90 OR ABOVE: 31 0.10 INCH OR MORE: 0
MIN 32 OR BELOW: 0 0.50 INCH OR MORE: 0
MIN 0 OR BELOW: 0 1.00 INCH OR MORE: 0
[HDD (BASE 65) ]
TOTAL THIS MO. 0 CLEAR (SCALE 0-3) 31
DPTR FM NORMAL 0 PTCLDY (SCALE 4-7) 0
TOTAL FM JUL 1 0 CLOUDY (SCALE 8-10) 0
DPTR FM NORMAL 0
[CDD (BASE 65) ]
TOTAL THIS MO. 521
DPTR FM NORMAL 123 [PRESSURE DATA]
TOTAL FM JAN 1 1611 HIGHEST SLP 30.06 ON 10
DPTR FM NORMAL 355 LOWEST SLP 29.67 ON 27
[REMARKS]
#FINAL-08-22#