376
CXUS56 KHNX 011146
CF6MCE
PRELIMINARY LOCAL CLIMATOLOGICAL DATA (WS FORM: F-6)
STATION: MERCED CA AIRPORT
MONTH: JULY
YEAR: 2020
LATITUDE: 37 16 N
LONGITUDE: 120 36 W
TEMPERATURE IN F: :PCPN: SNOW: WIND :SUNSHINE: SKY :PK WND
================================================================================
1 2 3 4 5 6A 6B 7 8 9 10 11 12 13 14 15 16 17 18
12Z AVG MX 2MIN
DY MAX MIN AVG DEP HDD CDD WTR SNW DPTH SPD SPD DIR MIN PSBL S-S WX SPD DR
================================================================================
1 95 61 78 1 0 13 0.00 0.0 0 5.5 12 260 M M 0 M M
2 92 57 75 -2 0 10 0.00 0.0 M 6.3 14 270 M M 0 18 270
3 94 60 77 0 0 12 0.00 0.0 0 7.3 13 340 M M 0 17 340
4 97 58 78 1 0 13 0.00 0.0 0 6.7 14 330 M M 0 18 320
5 99 62 81 4 0 16 0.00 0.0 0 8.1 17 310 M M 0 8 21 320
6 95 59 77 -1 0 12 0.00 0.0 0 7.9 16 310 M M 0 21 310
7 91 56 74 -4 0 9 0.00 0.0 0 7.4 15 340 M M 0 20 350
8 97 59 78 0 0 13 0.00 0.0 0 5.7 10 340 M M 0 M M
9 98 62 80 2 0 15 0.00 0.0 M 6.4 14 340 M M 0 16 340
10 101 63 82 4 0 17 0.00 0.0 0 5.9 14 330 M M 0 17 310
11 106 61 84 6 0 19 0.00 0.0 0 6.6 16 330 M M 0 19 340
12 105 62 84 6 0 19 0.00 0.0 0 6.7 14 330 M M 0 18 340
13 101 67 84 6 0 19 0.00 0.0 0 7.1 16 260 M M 0 22 260
14 94 61 78 0 0 13 0.00 0.0 0 6.6 12 310 M M 0 14 310
15 96 62 79 1 0 14 0.00 0.0 0 6.4 12 330 M M 0 17 350
16 97 66 82 4 0 17 0.00 0.0 0 8.4 14 340 M M 0 17 340
17 96 64 80 2 0 15 0.00 0.0 0 7.0 13 330 M M 0 15 280
18 98 64 81 3 0 16 0.00 0.0 0 7.8 14 330 M M 0 17 350
19 98 66 82 4 0 17 0.00 0.0 0 7.9 16 350 M M 0 19 340
20 95 66 81 3 0 16 0.00 0.0 0 9.0 13 360 M M 0 17 350
21 95 63 79 1 0 14 0.00 0.0 0 6.6 13 330 M M 0 15 320
22 93 59 76 -2 0 11 0.00 0.0 0 7.3 14 260 M M 0 19 260
23 93 60 77 -1 0 12 0.00 0.0 0 6.6 12 320 M M 0 17 320
24 96 61 79 1 0 14 0.00 0.0 0 6.2 14 330 M M 0 17 10
25 97 62 80 2 0 15 0.00 0.0 0 6.3 12 340 M M 0 15 330
26 99 65 82 4 0 17 0.00 0.0 0 6.4 15 330 M M 0 18 320
27 100 64 82 4 0 17 0.00 0.0 0 8.1 13 350 M M 0 18 340
28 100 63 82 4 0 17 0.00 0.0 0 7.6 14 330 M M 0 20 320
29 101 63 82 4 0 17 0.00 0.0 0 9.8 16 330 M M 0 20 340
30 98 64 81 3 0 16 0.00 0.0 0 9.0 15 330 M M 0 18 360
31 98 61 80 2 0 15 0.00 0.0 0 9.9 18 330 M M 0 23 300
================================================================================
SM 3015 1921 0 460 0.00 0.0 224.5 M 0
================================================================================
AV 97.3 62.0 7.2 FASTST M M 0 MAX(MPH)
MISC ----> # 18 330 # 23 300
================================================================================
NOTES:
# LAST OF SEVERAL OCCURRENCES
COLUMN 17 PEAK WIND IN M.P.H.
PRELIMINARY LOCAL CLIMATOLOGICAL DATA (WS FORM: F-6) , PAGE 2
STATION: MERCED CA AIRPORT
MONTH: JULY
YEAR: 2020
LATITUDE: 37 16 N
LONGITUDE: 120 36 W
[TEMPERATURE DATA] [PRECIPITATION DATA] SYMBOLS USED IN COLUMN 16
AVERAGE MONTHLY: 79.6 TOTAL FOR MONTH: 0.00 1 = FOG OR MIST
DPTR FM NORMAL: 1.8 DPTR FM NORMAL: -0.01 2 = FOG REDUCING VISIBILITY
HIGHEST: 106 ON 11 GRTST 24HR 0.00 ON 31-31 TO 1/4 MILE OR LESS
LOWEST: 56 ON 7 3 = THUNDER
SNOW, ICE PELLETS, HAIL 4 = ICE PELLETS
TOTAL MONTH: 0.0 INCH 5 = HAIL
GRTST 24HR 0.0 6 = FREEZING RAIN OR DRIZZLE
GRTST DEPTH: 0 7 = DUSTSTORM OR SANDSTORM:
VSBY 1/2 MILE OR LESS
8 = SMOKE OR HAZE
[NO. OF DAYS WITH] [WEATHER - DAYS WITH] 9 = BLOWING SNOW
X = TORNADO
MAX 32 OR BELOW: 0 0.01 INCH OR MORE: 0
MAX 90 OR ABOVE: 31 0.10 INCH OR MORE: 0
MIN 32 OR BELOW: 0 0.50 INCH OR MORE: 0
MIN 0 OR BELOW: 0 1.00 INCH OR MORE: 0
[HDD (BASE 65) ]
TOTAL THIS MO. 0 CLEAR (SCALE 0-3) 31
DPTR FM NORMAL 0 PTCLDY (SCALE 4-7) 0
TOTAL FM JUL 1 0 CLOUDY (SCALE 8-10) 0
DPTR FM NORMAL 0
[CDD (BASE 65) ]
TOTAL THIS MO. 460
DPTR FM NORMAL 63 [PRESSURE DATA]
TOTAL FM JAN 1 1032 HIGHEST SLP M ON M
DPTR FM NORMAL 242 LOWEST SLP 29.68 ON 1
[REMARKS]
#FINAL-07-20#