000
CXUS53 KGLD 010800
CF6MCK
PRELIMINARY LOCAL CLIMATOLOGICAL DATA (WS FORM: F-6)
STATION: MCCOOK NE
MONTH: JUNE
YEAR: 2020
LATITUDE: 40 13 N
LONGITUDE: 100 35 W
TEMPERATURE IN F: :PCPN: SNOW: WIND :SUNSHINE: SKY :PK WND
================================================================================
1 2 3 4 5 6A 6B 7 8 9 10 11 12 13 14 15 16 17 18
12Z AVG MX 2MIN
DY MAX MIN AVG DEP HDD CDD WTR SNW DPTH SPD SPD DIR MIN PSBL S-S WX SPD DR
================================================================================
1 97 68 83 18 0 18 0.00 M M 12.7 25 210 M M 0 38 200
2 100 63 82 17 0 17 0.52 M M 10.2 30 310 M M 2 3 40 70
3 91 60 76 11 0 11 0.06 M M 8.9 38 280 M M 0 3 52 280
4 94 55 75 9 0 10 0.00 M M 4.1 16 260 M M 0 3 22 250
5 94 59 77 11 0 12 0.00 M M 7.2 16 120 M M 0 21 110
6 97 71 84 17 0 19 0.00 M M 17.2 30 160 M M 1 8 44 160
7 94 74 84 17 0 19 0.00 M M 28.5 40 180 M M 0 57 170
8 95 71 83 16 0 18 0.00 M M 16.9 33 140 M M 2 3 46 180
9 77 53 65 -3 0 0 0.28 M M 27.7 48 350 M M 8 3 68 340
10 78 47 63 -5 2 0 0.00 M M 12.8 28 330 M M 0 41 340
11 91 49 70 2 0 5 0.00 M M 6.1 15 50 M M 0 20 250
12 90 54 72 3 0 7 0.00 M M 8.7 20 110 M M 0 27 120
13 92 56 74 5 0 9 0.00 M M 12.4 25 180 M M 0 41 180
14 96 69 83 13 0 18 0.00 M M 21.9 35 170 M M 0 48 170
15 96 72 84 14 0 19 0.00 M M 20.7 29 160 M M 0 44 170
16 95 68 82 12 0 17 0.00 M M 21.8 35 180 M M 0 50 160
17 97 71 84 13 0 19 0.00 M M 21.9 32 160 M M 0 49 150
18 80 57 69 -2 0 4 0.00 M M 16.0 33 20 M M 4 43 20
19 73 53 63 -8 2 0 0.45 M M 8.1 31 80 M M 6 13 41 80
20 88 60 74 2 0 9 T M M 5.6 18 350 M M 3 13 25 360
21 87 60 74 2 0 9 0.00 M M 6.6 21 160 M M 0 29 170
22 87 57 72 0 0 7 0.00 M M 6.7 29 20 M M 1 1 39 20
23 90 52 71 -2 0 6 0.00 M M 6.9 16 80 M M 1 22 360
24 91 62 77 4 0 12 0.08 M M 10.4 21 120 M M 2 13 25 120
25 102 63 83 10 0 18 0.07 M M 11.0 32 260 M M 0 38 47 280
26 93 63 78 4 0 13 T M M 8.1 25 350 M M 0 32 340
27 94 64 79 5 0 14 T M M 11.4 28 200 M M 1 3 38 200
28 94 63 79 5 0 14 0.00 M M 8.5 18 170 M M 0 29 180
29 101 72 87 13 0 22 0.00 M M 15.0 24 140 M M 2 33 130
30 93 61 77 2 0 12 0.00 M M 13.6 28 340 M M 1 37 340
================================================================================
SM 2747 1847 4 358 1.46 M 387.6 M 34
================================================================================
AV 91.6 61.6 12.9 FASTST M M 1 MAX(MPH)
MISC ----> 48 350 68 340
================================================================================
NOTES:
# LAST OF SEVERAL OCCURRENCES
COLUMN 17 PEAK WIND IN M.P.H.
PRELIMINARY LOCAL CLIMATOLOGICAL DATA (WS FORM: F-6) , PAGE 2
STATION: MCCOOK NE
MONTH: JUNE
YEAR: 2020
LATITUDE: 40 13 N
LONGITUDE: 100 35 W
[TEMPERATURE DATA] [PRECIPITATION DATA] SYMBOLS USED IN COLUMN 16
AVERAGE MONTHLY: 76.6 TOTAL FOR MONTH: 1.46 1 = FOG OR MIST
DPTR FM NORMAL: 6.7 DPTR FM NORMAL: -1.92 2 = FOG REDUCING VISIBILITY
HIGHEST: 102 ON 25 GRTST 24HR 0.55 ON 2- 3 TO 1/4 MILE OR LESS
LOWEST: 47 ON 10 3 = THUNDER
SNOW, ICE PELLETS, HAIL 4 = ICE PELLETS
TOTAL MONTH: M 5 = HAIL
GRTST 24HR M ON M 6 = FREEZING RAIN OR DRIZZLE
GRTST DEPTH: M ON M 7 = DUSTSTORM OR SANDSTORM:
VSBY 1/2 MILE OR LESS
8 = SMOKE OR HAZE
[NO. OF DAYS WITH] [WEATHER - DAYS WITH] 9 = BLOWING SNOW
X = TORNADO
MAX 32 OR BELOW: 0 0.01 INCH OR MORE: 6
MAX 90 OR ABOVE: 23 0.10 INCH OR MORE: 3
MIN 32 OR BELOW: 0 0.50 INCH OR MORE: 1
MIN 0 OR BELOW: 0 1.00 INCH OR MORE: 0
[HDD (BASE 65) ]
TOTAL THIS MO. 4 CLEAR (SCALE 0-3) 26
DPTR FM NORMAL -32 PTCLDY (SCALE 4-7) 4
TOTAL FM JUL 1 5620 CLOUDY (SCALE 8-10) 0
DPTR FM NORMAL -524
[CDD (BASE 65) ]
TOTAL THIS MO. 358
DPTR FM NORMAL 173 [PRESSURE DATA]
TOTAL FM JAN 1 388 HIGHEST SLP M ON M
DPTR FM NORMAL 158 LOWEST SLP 29.37 ON 8
[REMARKS]
#FINAL-06-20#