000
CXUS53 KGLD 010800
CF6MCK
PRELIMINARY LOCAL CLIMATOLOGICAL DATA (WS FORM: F-6)
STATION: MCCOOK NE
MONTH: MAY
YEAR: 2020
LATITUDE: 40 13 N
LONGITUDE: 100 35 W
TEMPERATURE IN F: :PCPN: SNOW: WIND :SUNSHINE: SKY :PK WND
================================================================================
1 2 3 4 5 6A 6B 7 8 9 10 11 12 13 14 15 16 17 18
12Z AVG MX 2MIN
DY MAX MIN AVG DEP HDD CDD WTR SNW DPTH SPD SPD DIR MIN PSBL S-S WX SPD DR
================================================================================
1 91 54 73 18 0 8 0.00 M M 9.0 24 300 M M 0 30 300
2 72 53 63 8 2 0 0.01 M M 13.3 23 30 M M 6 30 40
3 78 44 61 5 4 0 0.27 M M 7.0 24 140 M M 5 13 31 150
4 64 44 54 -2 11 0 0.80 M M 12.0 33 350 M M 7 13 42 340
5 72 39 56 0 9 0 0.00 M M 11.0 23 40 M M 0 38 310
6 68 39 54 -2 11 0 0.00 M M 5.6 13 120 M M 0 20 360
7 75 45 60 3 5 0 T M M 16.9 36 10 M M 2 3 46 10
8 63 39 51 -6 14 0 T M M 11.8 37 10 M M 2 46 360
9 67 37 52 -6 13 0 T M M 10.2 26 20 M M 5 34 340
10 61 36 49 -9 16 0 0.00 M M 7.5 20 70 M M 7 26 70
11 41 34 38 -20 27 0 0.20 M M 9.7 18 110 M M 8 18 23 110
12 47 34 41 -17 24 0 0.00 M M 11.6 18 160 M M 10 1 26 160
13 59 44 52 -7 13 0 0.00 M M 9.8 20 160 M M 10 1 26 170
14 80 45 63 4 2 0 0.00 M M 7.5 16 340 M M 2 128 22 60
15 76 54 65 6 0 0 0.01 M M 9.4 21 120 M M 5 31 110
16 73 50 62 2 3 0 1.51 M M 11.1 36 350 M M 5 13 47 350
17 69 47 58 -2 7 0 0.00 M M 10.6 21 340 M M 3 27 330
18 74 42 58 -2 7 0 0.00 M M 6.0 15 120 M M 0 1 19 140
19 77 46 62 2 3 0 0.00 M M 10.2 18 120 M M 0 18 25 140
20 79 52 66 5 0 1 0.00 M M 16.2 29 160 M M 1 39 140
21 63 56 60 -1 5 0 0.05 M M 8.7 18 80 M M 9 1 25 70
22 72 55 64 3 1 0 0.00 M M 5.9 14 130 M M 5 12 19 160
23 78 47 63 1 2 0 0.00 M M 11.9 25 150 M M 2 34 160
24 72 55 64 2 1 0 0.70 M M 14.3 29 20 M M 9 13 37 20
25 65 47 56 -6 9 0 0.74 M M 14.2 28 20 M M 6 13 36 10
26 77 42 60 -3 5 0 0.00 M M 6.8 16 360 M M 0 8 22 330
27 81 48 65 2 0 0 0.00 M M 5.7 17 10 M M 0 25 10
28 80 50 65 2 0 0 0.00 M M 10.1 20 40 M M 3 26 30
29 80 54 67 3 0 2 0.00 M M 8.6 20 120 M M 3 25 120
30 84 60 72 8 0 7 T M M 12.7 24 100 M M 1 32 110
31 93 60 77 13 0 12 0.00 M M 17.2 29 190 M M 0 43 180
================================================================================
SM 2231 1452 194 30 4.29 M 322.5 M 116
================================================================================
AV 72.0 46.8 10.4 FASTST M M 4 MAX(MPH)
MISC ----> 37 10 47 350
================================================================================
NOTES:
# LAST OF SEVERAL OCCURRENCES
COLUMN 17 PEAK WIND IN M.P.H.
PRELIMINARY LOCAL CLIMATOLOGICAL DATA (WS FORM: F-6) , PAGE 2
STATION: MCCOOK NE
MONTH: MAY
YEAR: 2020
LATITUDE: 40 13 N
LONGITUDE: 100 35 W
[TEMPERATURE DATA] [PRECIPITATION DATA] SYMBOLS USED IN COLUMN 16
AVERAGE MONTHLY: 59.4 TOTAL FOR MONTH: 4.29 1 = FOG OR MIST
DPTR FM NORMAL: -0.2 DPTR FM NORMAL: 1.15 2 = FOG REDUCING VISIBILITY
HIGHEST: 93 ON 31 GRTST 24HR 1.51 ON 15-16 TO 1/4 MILE OR LESS
LOWEST: 34 ON 12,11 3 = THUNDER
SNOW, ICE PELLETS, HAIL 4 = ICE PELLETS
TOTAL MONTH: M 5 = HAIL
GRTST 24HR M ON M 6 = FREEZING RAIN OR DRIZZLE
GRTST DEPTH: M ON M 7 = DUSTSTORM OR SANDSTORM:
VSBY 1/2 MILE OR LESS
8 = SMOKE OR HAZE
[NO. OF DAYS WITH] [WEATHER - DAYS WITH] 9 = BLOWING SNOW
X = TORNADO
MAX 32 OR BELOW: 0 0.01 INCH OR MORE: 9
MAX 90 OR ABOVE: 2 0.10 INCH OR MORE: 6
MIN 32 OR BELOW: 0 0.50 INCH OR MORE: 4
MIN 0 OR BELOW: 0 1.00 INCH OR MORE: 1
[HDD (BASE 65) ]
TOTAL THIS MO. 194 CLEAR (SCALE 0-3) 17
DPTR FM NORMAL -12 PTCLDY (SCALE 4-7) 9
TOTAL FM JUL 1 5616 CLOUDY (SCALE 8-10) 5
DPTR FM NORMAL -494
[CDD (BASE 65) ]
TOTAL THIS MO. 30
DPTR FM NORMAL -9 [PRESSURE DATA]
TOTAL FM JAN 1 30 HIGHEST SLP M ON M
DPTR FM NORMAL -15 LOWEST SLP 29.54 ON 23
[REMARKS]
#FINAL-05-20#