000
CXUS53 KGLD 041352
CLAMCK
CLIMATE REPORT
NATIONAL WEATHER SERVICE
652 AM MST TUE JAN 04 2022
...................................
...THE MCCOOK NE CLIMATE SUMMARY FOR THE YEAR OF 2021...
CLIMATE NORMAL PERIOD: 1991 TO 2020
CLIMATE RECORD PERIOD: 1896 TO 2022
WEATHER OBSERVED NORMAL DEPART LAST YEAR`S
VALUE DATE(S) VALUE FROM VALUE DATE(S)
NORMAL
................................................................
TEMPERATURE (F)
RECORD
HIGH 115 06/26/2012
LOW -30 01/12/1912
HIGHEST 108 06/17 105 3 102 06/25
LOWEST -22 02/15 -10 -12 2 10/27
AVG. MAXIMUM 67.4 66.0 1.4 74.1
AVG. MINIMUM 39.1 38.4 0.7 43.8
MEAN 53.3 52.2 1.1 59.0
DAYS MAX >= 90 73 60.9 12.1 80
DAYS MAX <= 32 23 25.5 -2.5 6
DAYS MIN <= 32 153 153.9 -0.9 78
DAYS MIN <= 0 12 6.1 5.9 0
PRECIPITATION (INCHES)
RECORD
MAXIMUM 26.12 2018
MINIMUM 9.41 2012
TOTALS 17.58 20.05 -2.47
DAYS >= .01 63 78.9 -15.9 MM
DAYS >= .10 29 38.2 -9.2 MM
DAYS >= .50 10 12.1 -2.1 MM
DAYS >= 1.00 5 3.8 1.2 MM
GREATEST
24 HR. TOTAL 2.62 09/29 TO 09/30 1.62
................................................................
- INDICATES NEGATIVE NUMBERS.
R INDICATES RECORD WAS SET OR TIED.
MM INDICATES DATA IS MISSING.
T INDICATES TRACE AMOUNT.
$$