000
CXUS53 KARX 240648
CF6MDZ
PRELIMINARY LOCAL CLIMATOLOGICAL DATA (WS FORM: F-6)
STATION: MEDFORD WI
MONTH: JULY
YEAR: 2022
LATITUDE: 45 5 N
LONGITUDE: 90 18 W
TEMPERATURE IN F: :PCPN: SNOW: WIND :SUNSHINE: SKY :PK WND
================================================================================
1 2 3 4 5 6A 6B 7 8 9 10 11 12 13 14 15 16 17 18
12Z AVG MX 2MIN
DY MAX MIN AVG DEP HDD CDD WTR SNW DPTH SPD SPD DIR MIN PSBL S-S WX SPD DR
================================================================================
1 77 56 67 M 0 2 0.00 0.0 0 7.8 16 260 M M 1 24 300
2 72 48 60 M 5 0 0.00 0.0 0 2.6 10 270 M M 2 M M
3 76 48 62 M 3 0 0.00 0.0 0 2.6 9 180 M M 6 M M
4 72 59 66 M 0 1 0.12 0.0 0 4.7 9 210 M M 7 21 210
5 83 64 74 M 0 9 0.00 0.0 0 3.2 13 60 M M 7 12 17 60
6 74 62 68 M 0 3 0.00 0.0 0 5.2 10 70 M M 8 M M
7 83 60 72 M 0 7 0.00 0.0 0 2.2 8 170 M M 8 1 M M
8 76 55 66 M 0 1 0.20 0.0 0 6.8 14 80 M M 7 18 80
9 76 49 63 M 2 0 M 0.0 0 2.0 8 120 M M 4 M M
10 78 57 68 M 0 3 0.18 0.0 0 7.5 13 210 M M 3 18 190
11 76 61 69 M 0 4 0.78 0.0 0 7.9 27 330 M M 7 3 45 330
12 76 57 67 M 0 2 2.12 0.0 0 6.0 12 290 M M 4 44 0
13 73 54 64 M 1 0 0.00 0.0 0 3.3 8 20 M M 6 M M
14 76 50 63 M 2 0 0.00 0.0 0 5.3 8 160 M M 4 17 120
15 73 57 65 M 0 0 0.70 0.0 0 3.9 14 170 M M 7 3 28 160
16 78 57 68 M 0 3 0.00 0.0 0 0.8 5 170 M M 6 M M
17 80 60 70 M 0 5 0.00 0.0 0 1.3 8 320 M M 4 M M
18 86 58 72 M 0 7 0.00 0.0 0 5.8 15 270 M M 3 21 270
19 82 69 76 M 0 11 0.00 0.0 0 10.5 17 190 M M 2 27 190
20 76 65 71 M 0 6 0.00 0.0 0 10.4 16 290 M M 6 24 290
21 79 59 69 M 0 4 0.00 0.0 0 7.8 15 280 M M 1 27 290
22 84 56 70 M 0 5 0.00 0.0 0 6.7 16 330 M M 2 22 300
23 81 57 69 M 0 4 0.44 0.0 0 2.7 10 110 M M 4 3 18 110
24 73 53 63 M 2 0 0.44 0.0 0 8.0 17 290 M M 6 24 290
25 71 48 60 M 5 0 0.00 0.0 0 4.1 8 290 M M 2 17 320
26 76 46 61 M 4 0 0.00 0.0 0 3.9 10 210 M M 6 18 240
27 77 60 69 M 0 4 0.00 0.0 0 7.9 15 270 M M 5 23 270
28 71 53 62 M 3 0 0.00 0.0 0 8.1 15 300 M M 5 24 320
29 73 51 62 M 3 0 0.00 0.0 0 5.3 12 340 M M 4 16 340
30 79 47 63 M 2 0 0.00 0.0 0 3.8 9 230 M M 3 M M
31 79 58 69 M 0 4 0.00 0.0 0 9.6 16 210 M M 4 22 190
================================================================================
SM 2386 1734 32 85 4.98 0.0 167.7 M 144
================================================================================
AV 77.0 55.9 5.4 FASTST M M 5 MAX(MPH)
MISC ----> 27 330 45 330
================================================================================
NOTES:
# LAST OF SEVERAL OCCURRENCES
COLUMN 17 PEAK WIND IN M.P.H.
PRELIMINARY LOCAL CLIMATOLOGICAL DATA (WS FORM: F-6) , PAGE 2
STATION: MEDFORD WI
MONTH: JULY
YEAR: 2022
LATITUDE: 45 5 N
LONGITUDE: 90 18 W
[TEMPERATURE DATA] [PRECIPITATION DATA] SYMBOLS USED IN COLUMN 16
AVERAGE MONTHLY: 66.5 TOTAL FOR MONTH: 4.98 1 = FOG OR MIST
DPTR FM NORMAL: 0.0 DPTR FM NORMAL: M 2 = FOG REDUCING VISIBILITY
HIGHEST: 86 ON 18 GRTST 24HR 2.12 ON 12-12 TO 1/4 MILE OR LESS
LOWEST: 46 ON 26 3 = THUNDER
SNOW, ICE PELLETS, HAIL 4 = ICE PELLETS
TOTAL MONTH: 0.0 INCH 5 = HAIL
GRTST 24HR 0.0 6 = FREEZING RAIN OR DRIZZLE
GRTST DEPTH: 0 7 = DUSTSTORM OR SANDSTORM:
VSBY 1/2 MILE OR LESS
8 = SMOKE OR HAZE
[NO. OF DAYS WITH] [WEATHER - DAYS WITH] 9 = BLOWING SNOW
X = TORNADO
MAX 32 OR BELOW: 0 0.01 INCH OR MORE: 8
MAX 90 OR ABOVE: 0 0.10 INCH OR MORE: 8
MIN 32 OR BELOW: 0 0.50 INCH OR MORE: 3
MIN 0 OR BELOW: 0 1.00 INCH OR MORE: 1
[HDD (BASE 65) ]
TOTAL THIS MO. 32 CLEAR (SCALE 0-3) 7
DPTR FM NORMAL M PTCLDY (SCALE 4-7) 23
TOTAL FM JUL 1 32 CLOUDY (SCALE 8-10) 1
DPTR FM NORMAL M
[CDD (BASE 65) ]
TOTAL THIS MO. 85
DPTR FM NORMAL M [PRESSURE DATA]
TOTAL FM JAN 1 184 HIGHEST SLP M ON M
DPTR FM NORMAL M LOWEST SLP M ON M
[REMARKS]
#FINAL-07-22#