000
CXUS53 KARX 080948
CF6MDZ
PRELIMINARY LOCAL CLIMATOLOGICAL DATA (WS FORM: F-6)
STATION: MEDFORD WI
MONTH: NOVEMBER
YEAR: 2020
LATITUDE: 45 5 N
LONGITUDE: 90 18 W
TEMPERATURE IN F: :PCPN: SNOW: WIND :SUNSHINE: SKY :PK WND
================================================================================
1 2 3 4 5 6A 6B 7 8 9 10 11 12 13 14 15 16 17 18
12Z AVG MX 2MIN
DY MAX MIN AVG DEP HDD CDD WTR SNW DPTH SPD SPD DIR MIN PSBL S-S WX SPD DR
================================================================================
1 33 22 28 M 37 0 0.00 0.0 0 15.2 25 320 M M 6 41 300
2 48 22 35 M 30 0 0.00 0.0 0 7.8 13 250 M M 0 20 240
3 69 27 48 M 17 0 M M 0 6.8 14 230 M M 0 22 230
4 71 35 53 M 12 0 0.00 0.0 0 6.5 12 250 M M 0 18 250
5 65 40 53 M 12 0 0.00 0.0 0 4.6 8 240 M M 0 16 280
6 67 41 54 M 11 0 0.00 0.0 0 7.5 10 190 M M 0 20 200
7 70 50 60 M 5 0 0.00 0.0 0 11.7 17 200 M M 0 23 200
8 68 46 57 M 8 0 0.00 0.0 0 11.1 22 180 M M 2 29 180
9 67 40 54 M 11 0 0.64 0.0 0 12.7 21 200 M M 8 31 200
10 40 27 34 M 31 0 0.38 T 0 10.5 18 240 M M 10 1 31 240
11 37 25 31 M 34 0 0.00 0.0 0 10.9 20 240 M M 4 32 240
12 35 23 29 M 36 0 0.02 M 0 6.8 12 280 M M 5 1 20 310
13 27 20 24 M 41 0 0.00 0.0 1 8.1 14 310 M M 4 18 310
14 37 21 29 M 36 0 0.20 0.0 0 9.5 15 130 M M 6 1 25 130
15 37 24 31 M 34 0 0.10 T T 16.3 25 280 M M 10 1 36 280
16 28 17 23 M 42 0 0.04 M M 8.7 17 280 M M 6 25 280
17 30 11 21 M 44 0 0.00 0.0 M 6.2 12 270 M M 1 16 270
18 41 25 33 M 32 0 0.00 0.0 0 9.9 17 160 M M 1 23 140
19 54 34 44 M 21 0 0.00 0.0 0 5.6 10 200 M M 0 17 200
20 37 21 29 M 36 0 0.00 0.0 0 8.6 17 270 M M 6 27 270
21 33 17 25 M 40 0 0.00 0.0 0 2.1 8 250 M M 1 1 M M
22 32 17 25 M 40 0 T T 0 5.7 15 270 M M 8 1 20 270
23 32 20 26 M 39 0 0.00 0.0 0 4.5 12 320 M M 2 20 290
24 32 23 28 M 37 0 M M 0 7.7 15 140 M M 9 12 20 140
25 33 31 32 M 33 0 0.00 0.0 0 3.9 9 60 M M 10 12 M M
26 32 30 31 M 34 0 M M M 6.6 12 260 M M 10 1 20 260
27 30 24 27 M 38 0 0.00 0.0 0 7.5 14 270 M M 6 20 270
28 46 24 35 M 30 0 0.00 0.0 0 6.8 10 240 M M 0 M M
29 35 25 30 M 35 0 T T 0 11.7 20 320 M M 6 25 320
30 27 12 20 M 45 0 0.00 0.0 0 9.8 15 340 M M 5 23 340
================================================================================
SM 1293 794 901 0 1.38 T 251.3 M 126
================================================================================
AV 43.1 26.5 8.4 FASTST M M 4 MAX(MPH)
MISC ----> # 25 320 41 300
================================================================================
NOTES:
# LAST OF SEVERAL OCCURRENCES
COLUMN 17 PEAK WIND IN M.P.H.
PRELIMINARY LOCAL CLIMATOLOGICAL DATA (WS FORM: F-6) , PAGE 2
STATION: MEDFORD WI
MONTH: NOVEMBER
YEAR: 2020
LATITUDE: 45 5 N
LONGITUDE: 90 18 W
[TEMPERATURE DATA] [PRECIPITATION DATA] SYMBOLS USED IN COLUMN 16
AVERAGE MONTHLY: 34.8 TOTAL FOR MONTH: 1.38 1 = FOG OR MIST
DPTR FM NORMAL: 0.0 DPTR FM NORMAL: M 2 = FOG REDUCING VISIBILITY
HIGHEST: 71 ON 4 GRTST 24HR 0.64 ON 9- 9 TO 1/4 MILE OR LESS
LOWEST: 11 ON 17 3 = THUNDER
SNOW, ICE PELLETS, HAIL 4 = ICE PELLETS
TOTAL MONTH: T 5 = HAIL
GRTST 24HR T ON 10-10 6 = FREEZING RAIN OR DRIZZLE
GRTST DEPTH: 1 ON 13 7 = DUSTSTORM OR SANDSTORM:
VSBY 1/2 MILE OR LESS
8 = SMOKE OR HAZE
[NO. OF DAYS WITH] [WEATHER - DAYS WITH] 9 = BLOWING SNOW
X = TORNADO
MAX 32 OR BELOW: 9 0.01 INCH OR MORE: 6
MAX 90 OR ABOVE: 0 0.10 INCH OR MORE: 4
MIN 32 OR BELOW: 23 0.50 INCH OR MORE: 1
MIN 0 OR BELOW: 0 1.00 INCH OR MORE: 0
[HDD (BASE 65) ]
TOTAL THIS MO. 901 CLEAR (SCALE 0-3) 13
DPTR FM NORMAL M PTCLDY (SCALE 4-7) 12
TOTAL FM JUL 1 2212 CLOUDY (SCALE 8-10) 5
DPTR FM NORMAL M
[CDD (BASE 65) ]
TOTAL THIS MO. 0
DPTR FM NORMAL M [PRESSURE DATA]
TOTAL FM JAN 1 253 HIGHEST SLP M ON M
DPTR FM NORMAL M LOWEST SLP M ON M
[REMARKS]
#FINAL-11-20#