000
CXUS53 KARX 011737
CF6MDZ
PRELIMINARY LOCAL CLIMATOLOGICAL DATA (WS FORM: F-6)
STATION: MEDFORD WI
MONTH: SEPTEMBER
YEAR: 2020
LATITUDE: 45 5 N
LONGITUDE: 90 18 W
TEMPERATURE IN F: :PCPN: SNOW: WIND :SUNSHINE: SKY :PK WND
================================================================================
1 2 3 4 5 6A 6B 7 8 9 10 11 12 13 14 15 16 17 18
12Z AVG MX 2MIN
DY MAX MIN AVG DEP HDD CDD WTR SNW DPTH SPD SPD DIR MIN PSBL S-S WX SPD DR
================================================================================
1 65 42 54 M 11 0 0.00 0.0 0 4.2 8 190 M M 3 12 M M
2 72 52 62 M 3 0 0.00 0.0 0 9.0 16 290 M M 0 27 290
3 64 47 56 M 9 0 T 0.0 0 12.9 21 280 M M 5 33 280
4 66 42 54 M 11 0 0.00 0.0 0 6.6 16 280 M M 2 24 280
5 70 44 57 M 8 0 0.00 0.0 0 3.5 14 340 M M 4 1 17 300
6 71 48 60 M 5 0 0.00 0.0 0 9.6 16 290 M M 4 24 290
7 59 44 52 M 13 0 0.16 0.0 0 7.0 15 310 M M 4 21 310
8 48 42 45 M 20 0 T 0.0 0 4.9 9 10 M M 10 M M
9 44 39 42 M 23 0 0.24 0.0 0 3.3 7 360 M M 10 M M
10 56 33 45 M 20 0 0.00 0.0 0 0.9 5 110 M M 3 12 M M
11 61 30 46 M 19 0 0.00 0.0 0 4.5 10 130 M M 5 12 22 120
12 62 50 56 M 9 0 1.11 0.0 0 5.6 10 270 M M 10 M M
13 66 49 58 M 7 0 T 0.0 0 6.4 10 280 M M 9 16 290
14 62 43 53 M 12 0 0.00 0.0 0 6.3 10 160 M M 6 1 M M
15 73 56 65 M 0 0 0.00 0.0 0 10.8 17 220 M M 1 25 230
16 65 39 52 M 13 0 0.00 0.0 0 8.0 17 320 M M 2 20 310
17 57 33 45 M 20 0 0.00 0.0 0 5.3 9 330 M M 0 M M
18 56 26 41 M 24 0 0.00 0.0 0 1.5 6 210 M M 0 M M
19 64 32 48 M 17 0 0.00 0.0 0 7.1 12 210 M M 2 21 210
20 65 44 55 M 10 0 0.00 0.0 0 9.7 18 170 M M 3 23 160
21 71 44 58 M 7 0 T 0.0 0 9.2 15 180 M M 2 3 23 180
22 77 47 62 M 3 0 0.00 0.0 0 3.7 6 200 M M 0 M M
23 M M M M M M 0.00 0.0 0 M M M M M 0 M M
24 M 52 M M M M 0.22 0.0 0 3.1 10 80 M M 5 12 M M
25 76 55 66 M 0 1 0.00 0.0 0 9.6 17 180 M M 6 12 23 180
26 68 55 62 M 3 0 0.07 0.0 0 4.4 14 160 M M 6 123 17 160
27 61 50 56 M 9 0 0.00 0.0 0 5.8 10 240 M M 8 1 16 240
28 55 42 49 M 16 0 T 0.0 0 8.2 13 350 M M 8 18 340
29 55 41 48 M 17 0 0.00 0.0 0 6.4 10 270 M M 9 1 16 270
30 53 36 45 M 20 0 0.23 0.0 0 8.3 16 290 M M 6 1 30 290
================================================================================
SM 1762 1257 329 1 2.03 0.0 185.8 M 133
================================================================================
AV 62.9 43.3 6.4 FASTST M M 4 MAX(MPH)
MISC ----> # 21 280 # 33 280
================================================================================
NOTES:
# LAST OF SEVERAL OCCURRENCES
COLUMN 17 PEAK WIND IN M.P.H.
PRELIMINARY LOCAL CLIMATOLOGICAL DATA (WS FORM: F-6) , PAGE 2
STATION: MEDFORD WI
MONTH: SEPTEMBER
YEAR: 2020
LATITUDE: 45 5 N
LONGITUDE: 90 18 W
[TEMPERATURE DATA] [PRECIPITATION DATA] SYMBOLS USED IN COLUMN 16
AVERAGE MONTHLY: 53.1 TOTAL FOR MONTH: 2.03 1 = FOG OR MIST
DPTR FM NORMAL: M DPTR FM NORMAL: M 2 = FOG REDUCING VISIBILITY
HIGHEST: 77 ON 22 GRTST 24HR 1.11 ON 12-12 TO 1/4 MILE OR LESS
LOWEST: 26 ON 18 3 = THUNDER
SNOW, ICE PELLETS, HAIL 4 = ICE PELLETS
TOTAL MONTH: 0.0 INCH 5 = HAIL
GRTST 24HR 0.0 6 = FREEZING RAIN OR DRIZZLE
GRTST DEPTH: 0 7 = DUSTSTORM OR SANDSTORM:
VSBY 1/2 MILE OR LESS
8 = SMOKE OR HAZE
[NO. OF DAYS WITH] [WEATHER - DAYS WITH] 9 = BLOWING SNOW
X = TORNADO
MAX 32 OR BELOW: 0 0.01 INCH OR MORE: 6
MAX 90 OR ABOVE: 0 0.10 INCH OR MORE: 5
MIN 32 OR BELOW: 3 0.50 INCH OR MORE: 1
MIN 0 OR BELOW: 0 1.00 INCH OR MORE: 1
[HDD (BASE 65) ]
TOTAL THIS MO. 329 CLEAR (SCALE 0-3) 12
DPTR FM NORMAL M PTCLDY (SCALE 4-7) 13
TOTAL FM JUL 1 457 CLOUDY (SCALE 8-10) 5
DPTR FM NORMAL M
[CDD (BASE 65) ]
TOTAL THIS MO. 1
DPTR FM NORMAL M [PRESSURE DATA]
TOTAL FM JAN 1 253 HIGHEST SLP M ON M
DPTR FM NORMAL M LOWEST SLP M ON M
[REMARKS]
#FINAL-09-20#