000
CXUS54 KMEG 010900
CF6MEG
PRELIMINARY LOCAL CLIMATOLOGICAL DATA (WS FORM: F-6)
STATION: MEMPHIS/GERMANTOWN WFO
MONTH: MAY
YEAR: 2022
LATITUDE: 35 7 N
LONGITUDE: 89 48 W
TEMPERATURE IN F: :PCPN: SNOW: WIND :SUNSHINE: SKY :PK WND
================================================================================
1 2 3 4 5 6A 6B 7 8 9 10 11 12 13 14 15 16 17 18
12Z AVG MX 2MIN
DY MAX MIN AVG DEP HDD CDD WTR SNW DPTH SPD SPD DIR MIN PSBL S-S WX SPD DR
================================================================================
1 83 57 70 4 0 5 0.00 0.0 0 M M M M M M M M
2 86 54 70 4 0 5 0.00 0.0 0 M M M M M M M M
3 80 64 72 6 0 7 0.00 0.0 0 M M M M M M 1 M M
4 77 57 67 1 0 2 0.00 0.0 0 M M M M M M M M
5 82 62 72 5 0 7 0.60 0.0 0 M M M M M M 13 M M
6 72 55 64 -3 1 0 0.06 0.0 0 M M M M M M M M
7 70 53 62 -5 3 0 0.00 0.0 0 M M M M M M M M
8 81 49 65 -3 0 0 0.00 0.0 0 M M M M M M M M
9 85 67 76 8 0 11 0.00 0.0 0 M M M M M M M M
10 91 69 80 12 0 15 0.00 0.0 0 M M M M M M M M
11 93 67 80 11 0 15 0.00 0.0 0 M M M M M M M M
12 95 70 83 14 0 18 0.00 0.0 0 M M M M M M M M
13 86 63 75 6 0 10 0.79 0.0 0 M M M M M M 135 M M
14 88 64 76 6 0 11 0.00 0.0 0 M M M M M M M M
15 90 66 78 8 0 13 0.01 0.0 0 M M M M M M 3 M M
16 81 59 70 0 0 5 0.00 0.0 0 M M M M M M M M
17 84 56 70 0 0 5 0.00 0.0 0 M M M M M M M M
18 92 63 78 7 0 13 0.00 0.0 0 M M M M M M M M
19 89 73 81 10 0 16 0.00 0.0 0 M M M M M M M M
20 90 74 82 11 0 17 0.00 0.0 0 M M M M M M M M
21 88 66 77 5 0 12 1.75 0.0 0 M M M M M M 13 M M
22 70 62 66 -6 0 1 0.30 0.0 0 M M M M M M 13 M M
23 70 59 65 -7 0 0 0.00 0.0 0 M M M M M M M M
24 79 64 72 0 0 7 0.10 0.0 0 M M M M M M 1 M M
25 78 68 73 0 0 8 0.50 0.0 0 M M M M M M 13 M M
26 73 60 67 -6 0 2 0.04 0.0 0 M M M M M M 3 M M
27 70 55 63 -10 2 0 0.00 0.0 0 M M M M M M M M
28 82 51 67 -7 0 2 0.00 0.0 0 M M M M M M M M
29 87 60 74 0 0 9 0.00 0.0 0 M M M M M M M M
30 90 67 79 5 0 14 0.00 0.0 0 M M M M M M M M
31 93 71 82 8 0 17 0.00 0.0 0 M M M M M M M M
================================================================================
SM 2575 1925 6 247 4.15 0.0 M M M
================================================================================
AV 83.1 62.1 M FASTST M M M MAX(MPH)
MISC ----> M M M M
================================================================================
NOTES:
# LAST OF SEVERAL OCCURRENCES
COLUMN 17 PEAK WIND IN M.P.H.
PRELIMINARY LOCAL CLIMATOLOGICAL DATA (WS FORM: F-6) , PAGE 2
STATION: MEMPHIS/GERMANTOWN WFO
MONTH: MAY
YEAR: 2022
LATITUDE: 35 7 N
LONGITUDE: 89 48 W
[TEMPERATURE DATA] [PRECIPITATION DATA] SYMBOLS USED IN COLUMN 16
AVERAGE MONTHLY: 72.6 TOTAL FOR MONTH: 4.15 1 = FOG OR MIST
DPTR FM NORMAL: 2.5 DPTR FM NORMAL: -1.33 2 = FOG REDUCING VISIBILITY
HIGHEST: 95 ON 12 GRTST 24HR 1.75 ON 21-21 TO 1/4 MILE OR LESS
LOWEST: 49 ON 8 3 = THUNDER
SNOW, ICE PELLETS, HAIL 4 = ICE PELLETS
TOTAL MONTH: 0.0 INCH 5 = HAIL
GRTST 24HR 0.0 6 = FREEZING RAIN OR DRIZZLE
GRTST DEPTH: 0 7 = DUSTSTORM OR SANDSTORM:
VSBY 1/2 MILE OR LESS
8 = SMOKE OR HAZE
[NO. OF DAYS WITH] [WEATHER - DAYS WITH] 9 = BLOWING SNOW
X = TORNADO
MAX 32 OR BELOW: 0 0.01 INCH OR MORE: 9
MAX 90 OR ABOVE: 8 0.10 INCH OR MORE: 6
MIN 32 OR BELOW: 0 0.50 INCH OR MORE: 4
MIN 0 OR BELOW: 0 1.00 INCH OR MORE: 1
[HDD (BASE 65) ]
TOTAL THIS MO. 6 CLEAR (SCALE 0-3) 0
DPTR FM NORMAL -33 PTCLDY (SCALE 4-7) 0
TOTAL FM JUL 1 2834 CLOUDY (SCALE 8-10) 31
DPTR FM NORMAL -516
[CDD (BASE 65) ]
TOTAL THIS MO. 247
DPTR FM NORMAL 50 [PRESSURE DATA]
TOTAL FM JAN 1 324 HIGHEST SLP M ON M
DPTR FM NORMAL 58 LOWEST SLP M ON M
[REMARKS]
#FINAL-05-22#