000
CXUS54 KMEG 011619
CLMMEM
CLIMATE REPORT
NATIONAL WEATHER SERVICE MEMPHIS TN
1019 AM CST THU FEB 01 2024
...................................
...THE MEMPHIS CLIMATE SUMMARY FOR THE MONTH OF JANUARY 2024...
CLIMATE NORMAL PERIOD 1991 TO 2020
CLIMATE RECORD PERIOD 1872 TO 2024
WEATHER OBSERVED NORMAL DEPART LAST YEAR`S
VALUE DATE(S) VALUE FROM VALUE DATE(S)
NORMAL
................................................................
TEMPERATURE (F)
RECORD
HIGH 79 01/31/2002
01/12/1890
LOW -8 01/12/1918
01/09/1886
HIGHEST 66 01/11 49 17 74 01/01
LOWEST 2 01/17 31 -29 25 01/31
AVG. MAXIMUM 45.7 50.9 -5.2 56.7
AVG. MINIMUM 29.5 33.3 -3.8 39.9
MEAN 37.6 42.1 -4.5 48.3
DAYS MAX >= 90 0 0.0 0.0 0
DAYS MAX <= 32 5 2.0 3.0 1
DAYS MIN <= 32 19 14.9 4.1 8
DAYS MIN <= 0 0 0.0 0.0 0
PRECIPITATION (INCHES)
RECORD
MAXIMUM 17.56 1937
MINIMUM 0.57 1986
TOTALS 6.63 4.14 2.49 9.13
DAILY AVG. 0.21 0.13 0.08 0.29
DAYS >= .01 14 10.0 4.0 15
DAYS >= .10 11 6.4 4.6 11
DAYS >= .50 5 2.8 2.2 6
DAYS >= 1.00 3 1.2 1.8 1
GREATEST
24 HR. TOTAL 1.76 01/08 TO 01/09
SNOWFALL (INCHES)
RECORDS
TOTAL 15.1 1948
TOTALS 3.4 0.9 2.5 0.2
SINCE 7/1 3.4 1.2 2.2 MM
SNOWDEPTH AVG. 0 0
DAYS >= 1.0 2 0.4 1.6 0
GREATEST
SNOW DEPTH 3 01/16 0 MM
01/17
24 HR TOTAL 2.8 01/14 TO 01/15
DEGREE DAYS
HEATING TOTAL 841 710 131 512
SINCE 7/1 1729 1838 -109 MM
COOLING TOTAL 0 1 -1 2
SINCE 1/1 0 1 -1 MM
................................................................
WIND (MPH)
AVERAGE WIND SPEED 8.2
HIGHEST WIND SPEED/DIRECTION 31/170 DATE 01/12
HIGHEST GUST SPEED/DIRECTION 49/230 DATE 01/09
SKY COVER
POSSIBLE SUNSHINE (PERCENT) MM
AVERAGE SKY COVER 0.60
NUMBER OF DAYS FAIR 10
NUMBER OF DAYS PC 6
NUMBER OF DAYS CLOUDY 15
AVERAGE RH (PERCENT) 72
WEATHER CONDITIONS. NUMBER OF DAYS WITH
THUNDERSTORM 1 MIXED PRECIP 0
HEAVY RAIN 7 RAIN 8
LIGHT RAIN 14 FREEZING RAIN 0
LT FREEZING RAIN 1 HAIL 0
HEAVY SNOW 0 SNOW 0
LIGHT SNOW 2 SLEET 1
FOG 15 FOG W/VIS <= 1/4 MILE 2
HAZE 7
- INDICATES NEGATIVE NUMBERS.
R INDICATES RECORD WAS SET OR TIED.
MM INDICATES DATA IS MISSING.
T INDICATES TRACE AMOUNT.
$$