000
CXUS51 KCLE 041836
CLSMFD
CLIMATE REPORT
NATIONAL WEATHER SERVICE CLEVELAND, OH
136 PM EST MON MAR 04 2024
...................................
...THE MANSFIELD OH CLIMATE SUMMARY FOR THE SEASON, FROM
12/1/2023 TO 2/29/2024...
CLIMATE NORMAL PERIOD 1991 TO 2020
CLIMATE RECORD PERIOD 1916 TO 2024
WEATHER OBSERVED NORMAL DEPART
VALUE DATE(S) VALUE FROM
NORMAL
................................................
TEMPERATURE (F)
RECORD
HIGH 74 02/24/2017
LOW -26 01/15/1929
HIGHEST 68 02/27
LOWEST -3 01/15
AVG. MAXIMUM 41.9 36.5 5.4
AVG. MINIMUM 27.9 21.8 6.1
MEAN 34.9 29.1 5.8
DAYS MAX >= 90 0 0.0
DAYS MAX <= 32 18 37.1
DAYS MIN <= 32 65 75.9
DAYS MIN <= 0 1 5.1
PRECIPITATION (INCHES)
RECORD
MAXIMUM 20.95 1950
MINIMUM 2.70 1977
TOTALS 7.75 8.77 -1.02
DAYS >= .01 43 43.5
DAYS >= .10 22 21.2
DAYS >= .50 4 5.1
DAYS >= 1.00 1 1.4
SNOWFALL (INCHES)
RECORDS
TOTAL 77.3 2010
TOTALS 7.7 36.9
DAYS >= TRACE 31
DAYS >= 1.0 5 11.8
DEGREE DAYS
HEATING TOTAL 2722 3226 -504
COOLING TOTAL 0 0 0
................................................
WIND (MPH)
HIGHEST GUST SPEED/DIRECTION 54/190 DATE 01/09
SKY COVER
POSSIBLE SUNSHINE (PERCENT) MM
NUMBER OF DAYS FAIR 23
NUMBER OF DAYS PC 22
NUMBER OF DAYS CLOUDY 46
WEATHER CONDITIONS. NUMBER OF DAYS WITH
THUNDERSTORM 1 MIXED PRECIP 0
HEAVY RAIN 3 RAIN 5
LIGHT RAIN 27 FREEZING RAIN 0
LT FREEZING RAIN 0 HAIL 0
HEAVY SNOW 0 SNOW 1
LIGHT SNOW 29 SLEET 0
FOG 50 FOG W/VIS <= 1/4 MILE 6
HAZE 4
- INDICATES NEGATIVE NUMBERS.
R INDICATES RECORD WAS SET OR TIED.
MM INDICATES DATA IS MISSING.
T INDICATES TRACE AMOUNT.
$$