000
CXUS54 KBRO 030408
CLMMFE
CLIMATE REPORT
NATIONAL WEATHER SERVICE BROWNSVILLE, TX
1012 PM CST SAT DEC 02 2023
...................................
...THE MCALLEN CLIMATE SUMMARY FOR THE MONTH OF NOVEMBER 2023...
CLIMATE NORMAL PERIOD 1991 TO 2020
CLIMATE RECORD PERIOD 1961 TO 2023
WEATHER OBSERVED NORMAL DEPART LAST YEAR`S
VALUE DATE(S) VALUE FROM VALUE DATE(S)
NORMAL
................................................................
TEMPERATURE (F)
HIGHEST 90 11/08 91 -1 96 11/04
11/09
LOWEST 48 11/02 42 6 44 11/20
11/24
11/21
AVG. MAXIMUM 74.6 80.2 -5.6
AVG. MINIMUM 57.9 60.1 -2.2
MEAN 66.3 70.2 -3.9 66.6
DAYS MAX >= 90 2 3.0 -1.0
DAYS MAX <= 32 0 0.0 0.0
DAYS MIN <= 32 0 0.0 0.0
DAYS MIN <= 0 0 0.0 0.0
PRECIPITATION (INCHES)
TOTALS 3.13 1.17 1.96 3.73
DAILY AVG. 0.10 0.04 0.06 0.12
DAYS >= .01 10 5.2 4.8 15
DAYS >= .10 5 2.1 2.9 7
DAYS >= .50 2 0.7 1.3 3
DAYS >= 1.00 1 0.2 0.8 1
GREATEST
24 HR. TOTAL 1.32 11/12 TO 11/12
11/11 TO 11/12
11/12 TO 11/12
STORM TOTAL 1.32
SNOWFALL (INCHES)
TOTALS 0.0 0.0 0.0 0.0
SINCE 7/1 0.0 0.0 0.0 0.0
DEGREE DAYS
HEATING TOTAL 76 51 25 134
SINCE 7/1 94 56 38 MM
COOLING TOTAL 121 206 -85 190
SINCE 1/1 5035 4886 149 MM
................................................................
WIND (MPH)
AVERAGE WIND SPEED 7.3
HIGHEST WIND SPEED/DIRECTION 26/340 DATE 11/21
HIGHEST GUST SPEED/DIRECTION 35/340 DATE 11/21
SKY COVER
POSSIBLE SUNSHINE (PERCENT) MM
AVERAGE SKY COVER 0.56
NUMBER OF DAYS FAIR 9
NUMBER OF DAYS PC 12
NUMBER OF DAYS CLOUDY 9
AVERAGE RH (PERCENT) 76
WEATHER CONDITIONS. NUMBER OF DAYS WITH
THUNDERSTORM 0 MIXED PRECIP 0
HEAVY RAIN 2 RAIN 6
LIGHT RAIN 13 FREEZING RAIN 0
LT FREEZING RAIN 0 HAIL 0
HEAVY SNOW 0 SNOW 0
LIGHT SNOW 0 SLEET 0
FOG 17 FOG W/VIS <= 1/4 MILE 3
HAZE 2
- INDICATES NEGATIVE NUMBERS.
R INDICATES RECORD WAS SET OR TIED.
MM INDICATES DATA IS MISSING.
T INDICATES TRACE AMOUNT.
$$