000
CXUS53 KGRB 301401
CF6MFI
PRELIMINARY LOCAL CLIMATOLOGICAL DATA (WS FORM: F-6)
STATION: MARSHFIELD WI
MONTH: MAY
YEAR: 2023
LATITUDE: 44 37 N
LONGITUDE: 90 11 W
TEMPERATURE IN F: :PCPN: SNOW: WIND :SUNSHINE: SKY :PK WND
================================================================================
1 2 3 4 5 6A 6B 7 8 9 10 11 12 13 14 15 16 17 18
12Z AVG MX 2MIN
DY MAX MIN AVG DEP HDD CDD WTR SNW DPTH SPD SPD DIR MIN PSBL S-S WX SPD DR
================================================================================
1 47 36 42 -8 23 0 0.00 0.0 0 22.6 32 340 M M 10 49 320
2 50 33 42 -9 23 0 0.00 0.0 0 17.0 31 330 M M 7 41 340
3 60 31 46 -5 19 0 0.00 0.0 0 7.5 15 320 M M 3 23 360
4 76 46 61 10 4 0 T 0.0 0 10.1 20 220 M M 5 26 230
5 58 44 51 -1 14 0 0.31 0.0 0 9.2 18 90 M M 9 13 27 90
6 59 49 54 2 11 0 1.31 0.0 0 10.6 21 300 M M 10 138 33 300
7 74 50 62 9 3 0 0.00 0.0 0 5.6 22 110 M M 5 18 31 120
8 54 48 51 -2 14 0 0.17 0.0 0 8.1 17 90 M M 9 12 23 80
9 71 50 61 7 4 0 0.00 0.0 0 4.6 9 180 M M 7 12 13 170
10 77 51 64 10 1 0 0.00 0.0 0 4.6 14 180 M M 1 1 19 140
11 81 52 67 13 0 2 0.00 0.0 0 3.7 14 190 M M 1 18 190
12 65 59 62 7 3 0 T 0.0 0 5.9 13 80 M M 9 16 90
13 72 59 66 11 0 1 T 0.0 0 9.3 20 70 M M 9 29 160
14 63 44 54 -1 11 0 T 0.0 0 7.1 20 80 M M 6 26 70
15 74 37 56 0 9 0 0.00 0.0 0 6.5 14 290 M M 0 19 290
16 77 48 63 7 2 0 0.00 0.0 0 9.3 17 340 M M 0 24 340
17 61 39 50 -6 15 0 0.00 0.0 0 7.5 13 110 M M 0 19 80
18 73 41 57 0 8 0 0.33 0.0 0 8.6 18 190 M M 4 13 25 180
19 58 44 51 -6 14 0 0.00 0.0 0 12.1 23 330 M M 8 128 29 340
20 72 41 57 -1 8 0 0.00 0.0 0 9.7 17 340 M M 0 39 270
21 76 44 60 2 5 0 0.00 0.0 0 4.1 9 310 M M 0 14 280
22 77 49 63 5 2 0 0.00 0.0 0 4.2 14 190 M M 0 20 180
23 81 49 65 6 0 0 0.00 0.0 0 4.3 16 220 M M 0 22 190
24 61 51 56 -3 9 0 0.00 0.0 0 10.4 20 80 M M 5 29 80
25 69 44 57 -2 8 0 0.00 0.0 0 8.5 16 130 M M 1 24 90
26 74 38 56 -4 9 0 0.00 0.0 0 4.9 12 140 M M 0 20 160
27 78 44 61 1 4 0 0.00 0.0 0 4.7 14 150 M M 0 18 180
28 78 48 63 3 2 0 0.00 0.0 0 4.0 15 190 M M 0 21 190
29 79 52 66 5 0 1 0.00 0.0 0 4.7 13 130 M M 0 20 180
30 86 53 70 9 0 5 0.00 0.0 0 6.8 18 180 M M 0 28 170
31 88 58 73 12 0 8 0.00 0.0 0 7.1 22 180 M M 0 28 170
================================================================================
SM 2169 1432 225 17 2.12 0.0 243.3 M 109
================================================================================
AV 70.0 46.2 7.8 FASTST M M 4 MAX(MPH)
MISC ----> 32 340 49 320
================================================================================
NOTES:
# LAST OF SEVERAL OCCURRENCES
COLUMN 17 PEAK WIND IN M.P.H.
PRELIMINARY LOCAL CLIMATOLOGICAL DATA (WS FORM: F-6) , PAGE 2
STATION: MARSHFIELD WI
MONTH: MAY
YEAR: 2023
LATITUDE: 44 37 N
LONGITUDE: 90 11 W
[TEMPERATURE DATA] [PRECIPITATION DATA] SYMBOLS USED IN COLUMN 16
AVERAGE MONTHLY: 58.1 TOTAL FOR MONTH: 2.12 1 = FOG OR MIST
DPTR FM NORMAL: 2.1 DPTR FM NORMAL: -0.86 2 = FOG REDUCING VISIBILITY
HIGHEST: 88 ON 31 GRTST 24HR 1.37 ON 5- 6 TO 1/4 MILE OR LESS
LOWEST: 31 ON 3 3 = THUNDER
SNOW, ICE PELLETS, HAIL 4 = ICE PELLETS
TOTAL MONTH: T 5 = HAIL
GRTST 24HR 0.0 6 = FREEZING RAIN OR DRIZZLE
GRTST DEPTH: 0 7 = DUSTSTORM OR SANDSTORM:
VSBY 1/2 MILE OR LESS
8 = SMOKE OR HAZE
[NO. OF DAYS WITH] [WEATHER - DAYS WITH] 9 = BLOWING SNOW
X = TORNADO
MAX 32 OR BELOW: 0 0.01 INCH OR MORE: 4
MAX 90 OR ABOVE: 0 0.10 INCH OR MORE: 4
MIN 32 OR BELOW: 1 0.50 INCH OR MORE: 1
MIN 0 OR BELOW: 0 1.00 INCH OR MORE: 1
[HDD (BASE 65) ]
TOTAL THIS MO. 225 CLEAR (SCALE 0-3) 17
DPTR FM NORMAL -73 PTCLDY (SCALE 4-7) 8
TOTAL FM JUL 1 7556 CLOUDY (SCALE 8-10) 6
DPTR FM NORMAL -489
[CDD (BASE 65) ]
TOTAL THIS MO. 17
DPTR FM NORMAL -2 [PRESSURE DATA]
TOTAL FM JAN 1 26 HIGHEST SLP 30.49 ON 15
DPTR FM NORMAL 7 LOWEST SLP 29.49 ON 1
[REMARKS]
#FINAL-05-23#