000
CXUS56 KMFR 011030
CF6MFR
PRELIMINARY LOCAL CLIMATOLOGICAL DATA (WS FORM: F-6)
STATION: MEDFORD OR
MONTH: FEBRUARY
YEAR: 2022
LATITUDE: 42 22 N
LONGITUDE: 122 52 W
TEMPERATURE IN F: :PCPN: SNOW: WIND :SUNSHINE: SKY :PK WND
================================================================================
1 2 3 4 5 6A 6B 7 8 9 10 11 12 13 14 15 16 17 18
12Z AVG MX 2MIN
DY MAX MIN AVG DEP HDD CDD WTR SNW DPTH SPD SPD DIR MIN PSBL S-S WX SPD DR
================================================================================
1 48 22 35 -7 30 0 0.00 0.0 0 1.6 9 320 M M 2 13 340
2 51 29 40 -2 25 0 0.00 0.0 0 2.3 8 190 M M 4 10 190
3 54 27 41 -1 24 0 0.00 0.0 0 1.1 7 190 M M 0 9 190
4 53 24 39 -3 26 0 0.00 0.0 0 1.2 8 160 M M 1 9 160
5 56 25 41 -2 24 0 0.00 0.0 0 1.1 7 190 M M 0 9 190
6 65 23 44 1 21 0 0.00 0.0 0 1.3 7 200 M M 0 8 200
7 61 26 44 1 21 0 0.00 0.0 0 1.0 7 200 M M 0 8 190
8 61 27 44 1 21 0 0.00 0.0 0 1.4 6 170 M M 0 7 360
9 66 31 49 6 16 0 0.00 0.0 0 1.5 6 10 M M 0 1 8 340
10 70 32 51 8 14 0 0.00 0.0 0 1.2 8 130 M M 0 9 170
11 69 33 51 7 14 0 0.00 0.0 0 0.9 8 140 M M 0 9 170
12 71 31 51 7 14 0 0.00 0.0 0 0.9 8 170 M M 0 11 170
13 69 31 50 6 15 0 0.00 0.0 0 0.6 6 200 M M 0 6 270
14 56 34 45 1 20 0 0.02 0.0 0 5.1 25 310 M M 5 35 290
15 49 29 39 -5 26 0 0.00 0.0 0 2.7 9 320 M M 7 1 13 60
16 54 33 44 0 21 0 0.00 0.0 0 2.2 7 10 M M 7 10 30
17 59 27 43 -1 22 0 0.00 0.0 0 0.9 6 190 M M 2 12 7 270
18 64 27 46 2 19 0 0.00 0.0 0 2.1 10 180 M M 0 13 170
19 64 30 47 2 18 0 0.00 0.0 0 1.5 12 30 M M 0 14 340
20 51 28 40 -5 25 0 0.01 0.0 0 5.2 24 300 M M 4 1 34 320
21 44 34 39 -6 26 0 0.04 T 0 3.7 14 240 M M 9 1 20 250
22 47 29 38 -7 27 0 0.01 T 0 3.2 25 30 M M 7 1 29 40
23 45 20 33 -12 32 0 0.00 0.0 0 1.6 8 180 M M 0 11 180
24 50 20 35 -11 30 0 0.00 0.0 0 2.0 13 20 M M 1 16 30
25 56 21 39 -7 26 0 0.00 0.0 0 2.0 7 140 M M 0 10 330
26 54 25 40 -6 25 0 T 0.0 0 2.8 14 150 M M 4 18 20 150
27 66 44 55 9 10 0 T 0.0 0 8.4 24 150 M M 7 32 150
28 72 44 58 12 7 0 0.00 0.0 0 5.8 20 180 M M 7 27 200
================================================================================
SM 1625 806 599 0 0.08 T 65.3 M 67
================================================================================
AV 58.0 28.8 2.3 FASTST M M 2 MAX(MPH)
MISC ----> # 25 310 35 290
================================================================================
NOTES:
# LAST OF SEVERAL OCCURRENCES
COLUMN 17 PEAK WIND IN M.P.H.
PRELIMINARY LOCAL CLIMATOLOGICAL DATA (WS FORM: F-6) , PAGE 2
STATION: MEDFORD OR
MONTH: FEBRUARY
YEAR: 2022
LATITUDE: 42 22 N
LONGITUDE: 122 52 W
[TEMPERATURE DATA] [PRECIPITATION DATA] SYMBOLS USED IN COLUMN 16
AVERAGE MONTHLY: 43.4 TOTAL FOR MONTH: 0.08 1 = FOG OR MIST
DPTR FM NORMAL: -0.7 DPTR FM NORMAL: -1.88 2 = FOG REDUCING VISIBILITY
HIGHEST: 72 ON 28 GRTST 24HR 0.04 ON 21-21 TO 1/4 MILE OR LESS
LOWEST: 20 ON 24,23 3 = THUNDER
SNOW, ICE PELLETS, HAIL 4 = ICE PELLETS
TOTAL MONTH: T 5 = HAIL
GRTST 24HR T ON 21-21 6 = FREEZING RAIN OR DRIZZLE
GRTST DEPTH: 0 7 = DUSTSTORM OR SANDSTORM:
VSBY 1/2 MILE OR LESS
8 = SMOKE OR HAZE
[NO. OF DAYS WITH] [WEATHER - DAYS WITH] 9 = BLOWING SNOW
X = TORNADO
MAX 32 OR BELOW: 0 0.01 INCH OR MORE: 4
MAX 90 OR ABOVE: 0 0.10 INCH OR MORE: 0
MIN 32 OR BELOW: 22 0.50 INCH OR MORE: 0
MIN 0 OR BELOW: 0 1.00 INCH OR MORE: 0
[HDD (BASE 65) ]
TOTAL THIS MO. 599 CLEAR (SCALE 0-3) 18
DPTR FM NORMAL 12 PTCLDY (SCALE 4-7) 9
TOTAL FM JUL 1 2956 CLOUDY (SCALE 8-10) 1
DPTR FM NORMAL -127
[CDD (BASE 65) ]
TOTAL THIS MO. 0
DPTR FM NORMAL 0 [PRESSURE DATA]
TOTAL FM JAN 1 0 HIGHEST SLP 30.60 ON 8
DPTR FM NORMAL 0 LOWEST SLP 29.87 ON 21
[REMARKS]
#FINAL-02-22#