000
CXUS53 KTOP 010810
CF6MHK
PRELIMINARY LOCAL CLIMATOLOGICAL DATA (WS FORM: F-6)
STATION: MANHATTAN KS
MONTH: MARCH
YEAR: 2023
LATITUDE: 39 9 N
LONGITUDE: 96 40 W
TEMPERATURE IN F: :PCPN: SNOW: WIND :SUNSHINE: SKY :PK WND
================================================================================
1 2 3 4 5 6A 6B 7 8 9 10 11 12 13 14 15 16 17 18
12Z AVG MX 2MIN
DY MAX MIN AVG DEP HDD CDD WTR SNW DPTH SPD SPD DIR MIN PSBL S-S WX SPD DR
================================================================================
1 61 32 47 8 18 0 0.00 M M 6.6 20 40 M M 0 27 40
2 45 30 38 -1 27 0 0.00 M M 11.5 17 50 M M 4 24 40
3 62 29 46 6 19 0 0.00 M M 4.8 13 260 M M 2 18 280
4 61 29 45 5 20 0 0.03 M M 5.4 16 270 M M 3 1 24 270
5 74 39 57 17 8 0 0.00 M M 9.0 24 200 M M 2 37 190
6 56 38 47 6 18 0 0.00 M M 10.3 21 40 M M 2 29 40
7 50 35 43 2 22 0 T M M 11.9 18 70 M M 9 24 30
8 46 41 44 2 21 0 0.00 M M 6.7 13 60 M M 10 18 15 50
9 47 37 42 0 23 0 0.10 M M 6.4 13 350 M M 10 1 22 300
10 43 30 37 -5 28 0 0.00 M M 5.9 18 80 M M 6 23 110
11 43 35 39 -4 26 0 0.06 M M 7.9 13 30 M M 8 18 20 100
12 46 27 37 -6 28 0 0.00 M M 7.3 15 330 M M 3 28 320
13 39 18 29 -15 36 0 0.00 M M 3.0 13 40 M M 3 17 50
14 57 19 38 -6 27 0 0.00 M M 8.7 22 180 M M 0 33 180
15 68 41 55 11 10 0 0.00 M M 17.6 32 180 M M 0 47 190
16 58 30 44 -1 21 0 0.31 M M 9.5 22 180 M M 7 1 34 360
17 49 24 37 -8 28 0 0.00 M M 7.9 15 360 M M 2 26 310
18 35 18 27 -19 38 0 0.00 M M 7.2 15 330 M M 4 29 300
19 51 9 30 -16 35 0 0.00 M M 9.2 22 210 M M 0 29 210
20 66 36 51 5 14 0 0.00 M M 18.6 33 210 M M 2 47 200
21 51 44 48 1 17 0 0.00 M M 10.0 18 160 M M 9 1 25 180
22 57 49 53 6 12 0 0.02 M M 9.8 17 40 M M 10 1 22 70
23 52 37 45 -3 20 0 0.00 M M 10.7 18 30 M M 6 18 27 10
24 56 36 46 -2 19 0 0.13 M M 8.8 17 70 M M 7 26 50
25 63 34 49 1 16 0 0.06 M M 6.3 24 250 M M 5 1 36 250
26 42 32 37 -11 28 0 0.00 M M 6.5 15 230 M M 8 22 270
27 51 23 37 -12 28 0 0.02 M M 2.9 12 70 M M 4 1 16 60
28 54 27 41 -8 24 0 0.01 M M 4.2 14 220 M M 3 1 19 290
29 66 26 46 -4 19 0 0.00 M M 6.2 17 130 M M 0 8 24 120
30 76 38 57 7 8 0 0.00 M M 15.4 33 210 M M 5 46 210
31 71 36 54 4 11 0 0.00 M M 17.3 31 270 M M 3 49 280
================================================================================
SM 1696 979 669 0 0.74 M 273.5 M 137
================================================================================
AV 54.7 31.6 8.8 FASTST M M 4 MAX(MPH)
MISC ----> # 33 210 49 280
================================================================================
NOTES:
# LAST OF SEVERAL OCCURRENCES
COLUMN 17 PEAK WIND IN M.P.H.
PRELIMINARY LOCAL CLIMATOLOGICAL DATA (WS FORM: F-6) , PAGE 2
STATION: MANHATTAN KS
MONTH: MARCH
YEAR: 2023
LATITUDE: 39 9 N
LONGITUDE: 96 40 W
[TEMPERATURE DATA] [PRECIPITATION DATA] SYMBOLS USED IN COLUMN 16
AVERAGE MONTHLY: 43.1 TOTAL FOR MONTH: 0.74 1 = FOG OR MIST
DPTR FM NORMAL: -1.6 DPTR FM NORMAL: -1.09 2 = FOG REDUCING VISIBILITY
HIGHEST: 76 ON 30 GRTST 24HR 0.31 ON 16-16 TO 1/4 MILE OR LESS
LOWEST: 9 ON 19 3 = THUNDER
SNOW, ICE PELLETS, HAIL 4 = ICE PELLETS
TOTAL MONTH: M 5 = HAIL
GRTST 24HR M ON M 6 = FREEZING RAIN OR DRIZZLE
GRTST DEPTH: M ON M 7 = DUSTSTORM OR SANDSTORM:
VSBY 1/2 MILE OR LESS
8 = SMOKE OR HAZE
[NO. OF DAYS WITH] [WEATHER - DAYS WITH] 9 = BLOWING SNOW
X = TORNADO
MAX 32 OR BELOW: 0 0.01 INCH OR MORE: 9
MAX 90 OR ABOVE: 0 0.10 INCH OR MORE: 3
MIN 32 OR BELOW: 16 0.50 INCH OR MORE: 0
MIN 0 OR BELOW: 0 1.00 INCH OR MORE: 0
[HDD (BASE 65) ]
TOTAL THIS MO. 669 CLEAR (SCALE 0-3) 13
DPTR FM NORMAL 35 PTCLDY (SCALE 4-7) 12
TOTAL FM JUL 1 4557 CLOUDY (SCALE 8-10) 6
DPTR FM NORMAL -94
[CDD (BASE 65) ]
TOTAL THIS MO. 0
DPTR FM NORMAL -4 [PRESSURE DATA]
TOTAL FM JAN 1 0 HIGHEST SLP M ON M
DPTR FM NORMAL -4 LOWEST SLP 29.41 ON 31
[REMARKS]
#FINAL-03-23#