000
CXUS53 KTOP 010910
CF6MHK
PRELIMINARY LOCAL CLIMATOLOGICAL DATA (WS FORM: F-6)
STATION: MANHATTAN KS
MONTH: DECEMBER
YEAR: 2021
LATITUDE: 39 9 N
LONGITUDE: 96 40 W
TEMPERATURE IN F: :PCPN: SNOW: WIND :SUNSHINE: SKY :PK WND
================================================================================
1 2 3 4 5 6A 6B 7 8 9 10 11 12 13 14 15 16 17 18
12Z AVG MX 2MIN
DY MAX MIN AVG DEP HDD CDD WTR SNW DPTH SPD SPD DIR MIN PSBL S-S WX SPD DR
================================================================================
1 66 30 48 12 17 0 0.00 M M 5.7 17 230 M M 0 1 23 220
2 73 36 55 19 10 0 0.00 M M 3.6 12 240 M M 0 15 250
3 66 36 51 15 14 0 0.00 M M 7.6 22 30 M M 0 33 20
4 53 34 44 8 21 0 0.00 M M 7.7 18 40 M M 2 23 40
5 62 38 50 15 15 0 0.00 M M 9.7 23 350 M M 3 18 43 350
6 38 24 31 -4 34 0 0.00 M M 4.6 22 350 M M 0 42 30
7 46 22 34 0 31 0 0.00 M M 7.9 18 220 M M 0 26 230
8 61 18 40 6 25 0 0.00 M M 5.7 15 220 M M 0 21 160
9 66 31 49 15 16 0 0.00 M M 6.0 17 180 M M 0 1 26 290
10 72 34 53 19 12 0 0.00 M M 10.8 20 250 M M 3 33 260
11 49 28 39 6 26 0 0.00 M M 7.8 10 240 M M 5 30 300
12 59 30 45 12 20 0 0.00 M M 13.8 28 210 M M 0 40 210
13 60 24 42 9 23 0 0.00 M M 3.0 13 150 M M 0 17 140
14 68 28 48 16 17 0 0.00 M M 7.4 22 200 M M 1 31 220
15 77 40 59 27 6 0 0.50 M M 24.8 49 260 M M 4 1238 88 250
16 51 23 37 5 28 0 0.00 M M 3.5 12 330 M M 0 23 310
17 55 20 38 6 27 0 0.00 M M 4.6 10 80 M M 1 14 80
18 33 12 23 -8 42 0 0.00 M M 5.0 13 340 M M 5 23 360
19 44 8 26 -5 39 0 0.00 M M 6.7 17 190 M M 0 25 190
20 46 24 35 4 30 0 0.00 M M 7.8 16 220 M M 0 22 210
21 50 14 32 1 33 0 0.00 M M 3.7 15 230 M M 0 20 230
22 60 16 38 7 27 0 0.00 M M 6.5 21 220 M M 0 29 220
23 61 31 46 16 19 0 0.00 M M 5.8 15 230 M M 0 1 21 220
24 69 31 50 20 15 0 T M M 6.1 23 240 M M 0 12 28 240
25 57 24 41 11 24 0 0.00 M M 2.3 12 50 M M 0 15 60
26 66 24 45 15 20 0 0.00 M M 8.0 20 220 M M 0 18 28 230
27 58 30 44 14 21 0 0.00 M M 3.3 17 280 M M 0 27 280
28 56 20 38 8 27 0 T M M 7.4 17 270 M M 2 25 360
29 32 18 25 -5 40 0 0.00 M M 9.0 16 60 M M 7 20 60
30 48 24 36 6 29 0 0.00 M M 3.5 14 220 M M 5 22 180
31 50 22 36 6 29 0 0.00 M M 7.6 23 40 M M 3 18 31 40
================================================================================
SM 1752 794 737 0 0.50 M 216.9 M 41
================================================================================
AV 56.5 25.6 7.0 FASTST M M 1 MAX(MPH)
MISC ----> 49 260 88 250
================================================================================
NOTES:
# LAST OF SEVERAL OCCURRENCES
COLUMN 17 PEAK WIND IN M.P.H.
PRELIMINARY LOCAL CLIMATOLOGICAL DATA (WS FORM: F-6) , PAGE 2
STATION: MANHATTAN KS
MONTH: DECEMBER
YEAR: 2021
LATITUDE: 39 9 N
LONGITUDE: 96 40 W
[TEMPERATURE DATA] [PRECIPITATION DATA] SYMBOLS USED IN COLUMN 16
AVERAGE MONTHLY: 41.1 TOTAL FOR MONTH: 0.50 1 = FOG OR MIST
DPTR FM NORMAL: 8.8 DPTR FM NORMAL: -0.56 2 = FOG REDUCING VISIBILITY
HIGHEST: 77 ON 15 GRTST 24HR 0.50 ON 15-15 TO 1/4 MILE OR LESS
LOWEST: 8 ON 19 3 = THUNDER
SNOW, ICE PELLETS, HAIL 4 = ICE PELLETS
TOTAL MONTH: M 5 = HAIL
GRTST 24HR M ON M 6 = FREEZING RAIN OR DRIZZLE
GRTST DEPTH: M ON M 7 = DUSTSTORM OR SANDSTORM:
VSBY 1/2 MILE OR LESS
8 = SMOKE OR HAZE
[NO. OF DAYS WITH] [WEATHER - DAYS WITH] 9 = BLOWING SNOW
X = TORNADO
MAX 32 OR BELOW: 1 0.01 INCH OR MORE: 1
MAX 90 OR ABOVE: 0 0.10 INCH OR MORE: 1
MIN 32 OR BELOW: 25 0.50 INCH OR MORE: 1
MIN 0 OR BELOW: 0 1.00 INCH OR MORE: 0
[HDD (BASE 65) ]
TOTAL THIS MO. 737 CLEAR (SCALE 0-3) 26
DPTR FM NORMAL -277 PTCLDY (SCALE 4-7) 5
TOTAL FM JUL 1 1475 CLOUDY (SCALE 8-10) 0
DPTR FM NORMAL -571
[CDD (BASE 65) ]
TOTAL THIS MO. 0
DPTR FM NORMAL 0 [PRESSURE DATA]
TOTAL FM JAN 1 1744 HIGHEST SLP 30.46 ON 18
DPTR FM NORMAL 255 LOWEST SLP 29.22 ON 15
[REMARKS]
#FINAL-12-21#