000
CXUS53 KTOP 011615
CLMMHK
CLIMATE REPORT
NATIONAL WEATHER SERVICE TOPEKA KS
1015 AM CST FRI DEC 01 2023
...................................
...THE MANHATTAN KS CLIMATE SUMMARY FOR THE MONTH OF NOVEMBER 2023...
CLIMATE NORMAL PERIOD 1991 TO 2020
CLIMATE RECORD PERIOD 9999 TO 9999
WEATHER OBSERVED NORMAL DEPART LAST YEAR`S
VALUE DATE(S) VALUE FROM VALUE
NORMAL
..............................................................
TEMPERATURE (F)
HIGHEST 75 11/07 82
11/15
LOWEST 12 11/27 11
AVG. MAXIMUM 59.2 55.4 3.8 55.1
AVG. MINIMUM 30.9 30.4 0.5 28.5
MEAN 45.0 42.9 2.1 41.8
DAYS MAX >= 90 0 0.0 0.0 0
DAYS MAX <= 32 1 0.7 0.3 1
DAYS MIN <= 32 17 18.8 -1.8 19
DAYS MIN <= 0 0 0.0 0.0 0
PRECIPITATION (INCHES)
TOTALS 1.72 1.54 0.18 2.97
DAILY AVG. 0.06 0.10
DAYS >= .01 4 5
DAYS >= .10 4 4
DAYS >= .50 2 2
DAYS >= 1.00 0 1
GREATEST
24 HR. TOTAL 0.98 11/19 TO 11/20 2.57
DEGREE DAYS
HEATING TOTAL 593 664 -71 703
SINCE 7/1 863 1031 -168 MM
COOLING TOTAL 0 1 -1 14
SINCE 1/1 1833 1489 344 MM
..............................................................
WIND (MPH)
AVERAGE WIND SPEED 5.8
HIGHEST WIND SPEED/DIRECTION 25/200 DATE 11/14
25/200 11/16
25/040 11/23
HIGHEST GUST SPEED/DIRECTION 42/360 DATE 11/21
SKY COVER
POSSIBLE SUNSHINE (PERCENT) MM
AVERAGE SKY COVER 0.21
NUMBER OF DAYS FAIR 21
NUMBER OF DAYS PC 7
NUMBER OF DAYS CLOUDY 2
AVERAGE RH (PERCENT) 64
WEATHER CONDITIONS. NUMBER OF DAYS WITH
THUNDERSTORM 0 MIXED PRECIP 0
HEAVY RAIN 1 RAIN 2
LIGHT RAIN 6 FREEZING RAIN 0
LT FREEZING RAIN 0 HAIL 0
HEAVY SNOW 1 SNOW 1
LIGHT SNOW 2 SLEET 0
FOG 5 FOG W/VIS <= 1/4 MILE 1
HAZE 3
- INDICATES NEGATIVE NUMBERS.
R INDICATES RECORD WAS SET OR TIED.
MM INDICATES DATA IS MISSING.
T INDICATES TRACE AMOUNT.
$$