000
CXUS53 KIND 010700
CF6MIE
PRELIMINARY LOCAL CLIMATOLOGICAL DATA (WS FORM: F-6)
STATION: MUNCIE IN
MONTH: NOVEMBER
YEAR: 2023
LATITUDE: 40 13 N
LONGITUDE: 85 23 W
TEMPERATURE IN F: :PCPN: SNOW: WIND :SUNSHINE: SKY :PK WND
================================================================================
1 2 3 4 5 6A 6B 7 8 9 10 11 12 13 14 15 16 17 18
12Z AVG MX 2MIN
DY MAX MIN AVG DEP HDD CDD WTR SNW DPTH SPD SPD DIR MIN PSBL S-S WX SPD DR
================================================================================
1 47 31 39 -11 26 0 0.00 M M 4.2 12 290 M M 4 18 300
2 55 33 44 -5 21 0 0.00 M M 9.0 18 240 M M 1 29 220
3 63 41 52 3 13 0 0.00 M M 11.2 21 240 M M 0 8 33 240
4 66 41 54 6 11 0 T M M 6.8 16 290 M M 3 18 21 280
5 62 34 48 0 17 0 0.00 M M 2.5 8 50 M M 3 128 11 50
6 74 48 61 13 4 0 0.00 M M 11.9 25 230 M M 4 39 230
7 64 45 55 8 10 0 0.00 M M 6.5 13 50 M M 0 16 270
8 80 46 63 16 2 0 T M M 11.8 22 230 M M 5 41 200
9 71 47 59 13 6 0 0.00 M M 10.6 21 290 M M 4 8 27 300
10 58 32 45 -1 20 0 0.00 M M 7.9 20 310 M M 0 26 310
11 52 28 40 -6 25 0 0.00 M M 3.2 12 100 M M 0 17 70
12 57 32 45 0 20 0 0.00 M M 5.8 17 120 M M 1 21 130
13 64 36 50 5 15 0 0.00 M M 7.3 20 320 M M 0 28 310
14 63 30 47 3 18 0 0.00 M M 3.5 9 190 M M 0 14 180
15 67 35 51 7 14 0 0.00 M M 6.1 13 240 M M 0 18 260
16 68 38 53 9 12 0 0.00 M M 8.1 20 190 M M 2 29 190
17 63 38 51 8 14 0 0.59 M M 9.3 21 350 M M 9 1 26 340
18 51 29 40 -3 25 0 0.00 M M 3.8 10 270 M M 0 18 18 250
19 59 37 48 6 17 0 0.00 M M 5.0 9 100 M M 0 11 100
20 52 39 46 4 19 0 0.09 M M 13.3 20 80 M M 5 27 100
21 54 42 48 6 17 0 0.18 M M 12.2 23 150 M M 10 18 30 140
22 50 38 44 3 21 0 0.00 M M 9.0 15 250 M M 7 18 22 240
23 53 34 44 3 21 0 0.00 M M 7.5 17 260 M M 2 22 250
24 40 27 34 -7 31 0 0.00 M M 9.7 21 60 M M 3 27 50
25 43 22 33 -7 32 0 0.00 M M 4.6 14 130 M M 0 16 120
26 41 25 33 -7 32 0 0.15 M M 8.1 25 280 M M 7 18 37 290
27 35 23 29 -11 36 0 0.00 M M 14.6 24 270 M M 9 36 250
28 29 18 24 -15 41 0 T M M 10.5 20 300 M M 4 27 300
29 46 20 33 -6 32 0 0.00 M M 10.1 18 240 M M 1 29 210
30 57 37 47 9 18 0 0.01 M M 10.0 24 220 M M 3 35 210
================================================================================
SM 1684 1026 590 0 1.02 M 244.1 M 87
================================================================================
AV 56.1 34.2 8.1 FASTST M M 3 MAX(MPH)
MISC ----> # 25 230 41 200
================================================================================
NOTES:
# LAST OF SEVERAL OCCURRENCES
COLUMN 17 PEAK WIND IN M.P.H.
PRELIMINARY LOCAL CLIMATOLOGICAL DATA (WS FORM: F-6) , PAGE 2
STATION: MUNCIE IN
MONTH: NOVEMBER
YEAR: 2023
LATITUDE: 40 13 N
LONGITUDE: 85 23 W
[TEMPERATURE DATA] [PRECIPITATION DATA] SYMBOLS USED IN COLUMN 16
AVERAGE MONTHLY: 45.2 TOTAL FOR MONTH: 1.02 1 = FOG OR MIST
DPTR FM NORMAL: 1.3 DPTR FM NORMAL: -2.21 2 = FOG REDUCING VISIBILITY
HIGHEST: 80 ON 8 GRTST 24HR 0.59 ON 17-17 TO 1/4 MILE OR LESS
LOWEST: 18 ON 28 3 = THUNDER
SNOW, ICE PELLETS, HAIL 4 = ICE PELLETS
TOTAL MONTH: M 5 = HAIL
GRTST 24HR M ON M 6 = FREEZING RAIN OR DRIZZLE
GRTST DEPTH: M ON M 7 = DUSTSTORM OR SANDSTORM:
VSBY 1/2 MILE OR LESS
8 = SMOKE OR HAZE
[NO. OF DAYS WITH] [WEATHER - DAYS WITH] 9 = BLOWING SNOW
X = TORNADO
MAX 32 OR BELOW: 1 0.01 INCH OR MORE: 5
MAX 90 OR ABOVE: 0 0.10 INCH OR MORE: 3
MIN 32 OR BELOW: 12 0.50 INCH OR MORE: 1
MIN 0 OR BELOW: 0 1.00 INCH OR MORE: 0
[HDD (BASE 65) ]
TOTAL THIS MO. 590 CLEAR (SCALE 0-3) 17
DPTR FM NORMAL -43 PTCLDY (SCALE 4-7) 10
TOTAL FM JUL 1 893 CLOUDY (SCALE 8-10) 3
DPTR FM NORMAL -122
[CDD (BASE 65) ]
TOTAL THIS MO. 0
DPTR FM NORMAL -2 [PRESSURE DATA]
TOTAL FM JAN 1 1002 HIGHEST SLP M ON M
DPTR FM NORMAL -170 LOWEST SLP 29.62 ON 8
[REMARKS]
#FINAL-11-23#