000
CXUS53 KIND 011508
CLMMIE
CLIMATE REPORT
NATIONAL WEATHER SERVICE INDIANAPOLIS IN
1108 AM EDT SAT APR 01 2023
...................................
...THE MUNCIE IN CLIMATE SUMMARY FOR THE MONTH OF MARCH 2023...
CLIMATE NORMAL PERIOD 1991 TO 2020
CLIMATE RECORD PERIOD 9999 TO 9999
WEATHER OBSERVED NORMAL DEPART LAST YEAR`S
VALUE DATE(S) VALUE FROM VALUE DATE(S)
NORMAL
................................................................
TEMPERATURE (F)
HIGHEST 74 03/06 78 03/30
LOWEST 16R 03/19 16 03/13
03/12
AVG. MAXIMUM 51.3 50.9 0.4 55.4
AVG. MINIMUM 32.8 32.5 0.3 35.0
MEAN 42.0 41.7 0.3 45.2
DAYS MAX >= 90 0 0.0 0.0 0
DAYS MAX <= 32 1 2.6 -1.6 1
DAYS MIN <= 32 15 19.1 -4.1 12
DAYS MIN <= 0 0 0.0 0.0 0
PRECIPITATION (INCHES)
TOTALS 5.24 3.08 2.16 3.47
DAILY AVG. 0.17 0.10 0.07 0.11
DAYS >= .01 13 11.5 1.5 10
DAYS >= .10 6 7.0 -1.0 7
DAYS >= .50 4 2.3 1.7 3
DAYS >= 1.00 3 0.6 2.4 1
GREATEST
24 HR. TOTAL 1.67 03/03 TO 03/03
DEGREE DAYS
HEATING TOTAL 703 725 -22 605
SINCE 7/1 4209 4761 -552 MM
COOLING TOTAL 0 3 -3 0
SINCE 1/1 0 3 -3 MM
................................................................
WIND (MPH)
AVERAGE WIND SPEED 11.0
HIGHEST WIND SPEED/DIRECTION 48/270 DATE 03/31
HIGHEST GUST SPEED/DIRECTION 67/270 DATE 03/31
SKY COVER
AVERAGE SKY COVER 0.51
AVERAGE RH (PERCENT) 65
WEATHER CONDITIONS. NUMBER OF DAYS WITH
THUNDERSTORM 2 MIXED PRECIP 0
HEAVY RAIN 3 RAIN 3
LIGHT RAIN 15 FREEZING RAIN 0
LT FREEZING RAIN 0 HAIL 0
HEAVY SNOW 2 SNOW 3
LIGHT SNOW 6 SLEET 0
FOG 15 FOG W/VIS <= 1/4 MILE 3
HAZE 16
- INDICATES NEGATIVE NUMBERS.
R INDICATES RECORD WAS SET OR TIED.
MM INDICATES DATA IS MISSING.
T INDICATES TRACE AMOUNT.
$$