000
CXUS53 KEAX 010736
CF6MKC
PRELIMINARY LOCAL CLIMATOLOGICAL DATA (WS FORM: F-6)
STATION: DOWNTOWN KANSAS CITY MO
MONTH: JULY
YEAR: 2022
LATITUDE: 39 7 N
LONGITUDE: 94 36 W
TEMPERATURE IN F: :PCPN: SNOW: WIND :SUNSHINE: SKY :PK WND
================================================================================
1 2 3 4 5 6A 6B 7 8 9 10 11 12 13 14 15 16 17 18
12Z AVG MX 2MIN
DY MAX MIN AVG DEP HDD CDD WTR SNW DPTH SPD SPD DIR MIN PSBL S-S WX SPD DR
================================================================================
1 87 75 81 1 0 16 T M M 6.7 15 10 M M 2 19 10
2 80 66 73 -7 0 8 2.09 M M 6.2 13 70 M M 8 13 17 60
3 90 71 81 1 0 16 0.00 M M 5.4 17 190 M M 6 13 23 170
4 96 76 86 6 0 21 0.00 M M 10.7 22 200 M M 0 32 200
5 96 80 88 8 0 23 0.00 M M 10.8 20 200 M M 0 26 210
6 91 78 85 5 0 20 0.00 M M 8.0 16 80 M M 1 23 30
7 92 74 83 2 0 18 0.04 M M 8.1 16 20 M M 4 138 25 50
8 89 74 82 1 0 17 0.00 M M 8.5 23 10 M M 5 3 34 330
9 87 73 80 -1 0 15 0.00 M M 8.4 16 30 M M 4 23 30
10 91 73 82 1 0 17 0.00 M M 7.2 15 170 M M 0 21 190
11 93 73 83 2 0 18 0.00 M M 8.3 18 340 M M 0 26 350
12 86 69 78 -3 0 13 0.00 M M 5.7 17 360 M M 0 23 310
13 92 66 79 -2 0 14 0.00 M M 3.1 12 50 M M 0 17 50
14 97 73 85 4 0 20 0.00 M M 8.7 15 150 M M 1 24 140
15 100 77 89 8 0 24 T M M 11.5 25 200 M M 2 36 210
16 90 76 83 2 0 18 T M M 4.9 14 110 M M 1 22 100
17 87 74 81 0 0 16 0.08 M M 7.6 13 20 M M 6 13 18 100
18 91 71 81 0 0 16 0.00 M M 3.0 10 50 M M 1 8 16 70
19 99 74 87 6 0 22 0.00 M M 6.1 16 200 M M 0 23 200
20 91 74 83 1 0 18 0.00 M M 6.6 15 300 M M 1 25 310
21 96 68 82 0 0 17 0.00 M M 3.8 10 200 M M 0 1 15 270
22 100 77 89 7 0 24 0.00 M M 8.8 21 210 M M 0 28 210
23 100 81 91 9 0 26 0.00 M M 15.1 24 210 M M 0 41 210
24 91 74 83 1 0 18 T M M 9.2 21 210 M M 2 28 200
25 77 67 72 -10 0 7 0.53 M M 7.0 16 70 M M 7 13 27 60
26 79 66 73 -9 0 8 M M M 5.0 15 330 M M 6 13 22 100
27 87 70 79 -3 0 14 M M M 4.5 14 210 M M 4 13 18 220
28 83 70 77 -5 0 12 T M M 5.5 15 10 M M 5 1 20 360
29 80 63 72 -10 0 7 0.00 M M 3.9 13 360 M M 0 17 30
30 83 62 73 -8 0 8 T M M 6.2 15 110 M M 6 23 70
31 91 71 81 0 0 16 0.00 M M 6.4 14 210 M M 6 20 220
================================================================================
SM 2792 2236 0 507 2.74 M 220.9 M 78
================================================================================
AV 90.1 72.1 7.1 FASTST M M 3 MAX(MPH)
MISC ----> 25 200 41 210
================================================================================
NOTES:
# LAST OF SEVERAL OCCURRENCES
COLUMN 17 PEAK WIND IN M.P.H.
PRELIMINARY LOCAL CLIMATOLOGICAL DATA (WS FORM: F-6) , PAGE 2
STATION: DOWNTOWN KANSAS CITY MO
MONTH: JULY
YEAR: 2022
LATITUDE: 39 7 N
LONGITUDE: 94 36 W
[TEMPERATURE DATA] [PRECIPITATION DATA] SYMBOLS USED IN COLUMN 16
AVERAGE MONTHLY: 81.1 TOTAL FOR MONTH: 2.74 1 = FOG OR MIST
DPTR FM NORMAL: 0.1 DPTR FM NORMAL: -1.64 2 = FOG REDUCING VISIBILITY
HIGHEST: 100 ON 23,22 GRTST 24HR 2.09 ON 2- 2 TO 1/4 MILE OR LESS
LOWEST: 62 ON 30 3 = THUNDER
SNOW, ICE PELLETS, HAIL 4 = ICE PELLETS
TOTAL MONTH: M 5 = HAIL
GRTST 24HR M ON M 6 = FREEZING RAIN OR DRIZZLE
GRTST DEPTH: M ON M 7 = DUSTSTORM OR SANDSTORM:
VSBY 1/2 MILE OR LESS
8 = SMOKE OR HAZE
[NO. OF DAYS WITH] [WEATHER - DAYS WITH] 9 = BLOWING SNOW
X = TORNADO
MAX 32 OR BELOW: 0 0.01 INCH OR MORE: 4
MAX 90 OR ABOVE: 19 0.10 INCH OR MORE: 2
MIN 32 OR BELOW: 0 0.50 INCH OR MORE: 2
MIN 0 OR BELOW: 0 1.00 INCH OR MORE: 1
[HDD (BASE 65) ]
TOTAL THIS MO. 0 CLEAR (SCALE 0-3) 19
DPTR FM NORMAL 0 PTCLDY (SCALE 4-7) 12
TOTAL FM JUL 1 0 CLOUDY (SCALE 8-10) 0
DPTR FM NORMAL 0
[CDD (BASE 65) ]
TOTAL THIS MO. 507
DPTR FM NORMAL 9 [PRESSURE DATA]
TOTAL FM JAN 1 1093 HIGHEST SLP M ON M
DPTR FM NORMAL 79 LOWEST SLP 29.67 ON 19
[REMARKS]
#FINAL-07-22#