000
CXHW52 PHFO 011250
CF6MKK
PRELIMINARY LOCAL CLIMATOLOGICAL DATA (WS FORM: F-6)
STATION: MOLOKAI HI
MONTH: NOVEMBER
YEAR: 2021
LATITUDE: 21 8 N
LONGITUDE: 157 6 W
TEMPERATURE IN F: :PCPN: SNOW: WIND :SUNSHINE: SKY :PK WND
================================================================================
1 2 3 4 5 6A 6B 7 8 9 10 11 12 13 14 15 16 17 18
12Z AVG MX 2MIN
DY MAX MIN AVG DEP HDD CDD WTR SNW DPTH SPD SPD DIR MIN PSBL S-S WX SPD DR
================================================================================
1 83 64 74 -3 0 9 0.01 M M 2.4 13 170 M M 3 16 160
2 84 65 75 -2 0 10 0.04 M M 5.9 14 30 M M 6 1 19 360
3 85 70 78 1 0 13 0.00 M M 9.9 21 50 M M 4 28 60
4 81 69 75 -2 0 10 0.01 M M 11.6 23 50 M M 4 1 30 60
5 86 71 79 2 0 14 T M M 13.8 22 50 M M 2 31 30
6 87 71 79 2 0 14 0.00 M M 13.5 23 50 M M 1 31 60
7 84 73 79 2 0 14 0.00 M M 11.8 22 60 M M 1 29 60
8 83 69 76 -1 0 11 0.00 M M 9.5 21 50 M M 2 27 50
9 86 63 75 -2 0 10 0.00 M M 4.4 15 60 M M 1 20 60
10 85 62 74 -3 0 9 0.00 M M 5.9 15 130 M M 1 20 130
11 85 59 72 -4 0 7 0.00 M M 5.5 15 50 M M 2 20 50
12 84 64 74 -2 0 9 0.00 M M 3.9 14 180 M M 3 19 150
13 85 65 75 -1 0 10 0.00 M M 4.3 10 310 M M 2 13 350
14 78 66 72 -4 0 7 0.01 M M 4.7 15 150 M M 7 19 150
15 86 71 79 3 0 14 0.00 M M 6.4 14 360 M M 6 17 340
16 85 70 78 2 0 13 0.01 M M 4.2 13 160 M M 5 8 16 160
17 84 67 76 0 0 11 T M M 7.5 16 360 M M 3 1 22 360
18 84 69 77 1 0 12 T M M 7.5 16 10 M M 3 1 22 30
19 87 68 78 2 0 13 0.00 M M 6.2 15 40 M M 1 22 30
20 86 64 75 -1 0 10 0.00 M M 4.9 13 340 M M 2 17 40
21 86 69 78 2 0 13 0.00 M M 8.2 20 50 M M 1 28 40
22 84 71 78 2 0 13 0.00 M M 11.4 21 50 M M 4 31 50
23 85 66 76 0 0 11 0.00 M M 7.6 18 50 M M 1 23 50
24 83 61 72 -4 0 7 0.00 M M 5.8 14 50 M M 1 19 50
25 85 60 73 -3 0 8 0.00 M M 8.2 22 50 M M 1 29 50
26 82 69 76 1 0 11 0.00 M M 9.9 20 50 M M 1 27 40
27 82 66 74 -1 0 9 T M M 7.5 15 10 M M 4 21 10
28 80 69 75 0 0 10 T M M 11.5 20 30 M M 5 1 34 40
29 79 69 74 -1 0 9 0.15 M M 12.4 21 40 M M 4 1 33 40
30 84 70 77 2 0 12 0.10 M M 9.0 20 40 M M 3 27 30
================================================================================
SM 2518 2010 0 323 0.33 M 235.3 M 84
================================================================================
AV 83.9 67.0 7.8 FASTST M M 3 MAX(MPH)
MISC ----> # 23 50 34 40
================================================================================
NOTES:
# LAST OF SEVERAL OCCURRENCES
COLUMN 17 PEAK WIND IN M.P.H.
PRELIMINARY LOCAL CLIMATOLOGICAL DATA (WS FORM: F-6) , PAGE 2
STATION: MOLOKAI HI
MONTH: NOVEMBER
YEAR: 2021
LATITUDE: 21 8 N
LONGITUDE: 157 6 W
[TEMPERATURE DATA] [PRECIPITATION DATA] SYMBOLS USED IN COLUMN 16
AVERAGE MONTHLY: 75.5 TOTAL FOR MONTH: 0.33 1 = FOG OR MIST
DPTR FM NORMAL: -0.7 DPTR FM NORMAL: -2.34 2 = FOG REDUCING VISIBILITY
HIGHEST: 87 ON 19, 6 GRTST 24HR 0.25 ON 29-30 TO 1/4 MILE OR LESS
LOWEST: 59 ON 11 3 = THUNDER
SNOW, ICE PELLETS, HAIL 4 = ICE PELLETS
TOTAL MONTH: M 5 = HAIL
GRTST 24HR M ON M 6 = FREEZING RAIN OR DRIZZLE
GRTST DEPTH: M ON M 7 = DUSTSTORM OR SANDSTORM:
VSBY 1/2 MILE OR LESS
8 = SMOKE OR HAZE
[NO. OF DAYS WITH] [WEATHER - DAYS WITH] 9 = BLOWING SNOW
X = TORNADO
MAX 32 OR BELOW: 0 0.01 INCH OR MORE: 7
MAX 90 OR ABOVE: 0 0.10 INCH OR MORE: 2
MIN 32 OR BELOW: 0 0.50 INCH OR MORE: 0
MIN 0 OR BELOW: 0 1.00 INCH OR MORE: 0
[HDD (BASE 65) ]
TOTAL THIS MO. 0 CLEAR (SCALE 0-3) 16
DPTR FM NORMAL 0 PTCLDY (SCALE 4-7) 14
TOTAL FM JUL 1 0 CLOUDY (SCALE 8-10) 0
DPTR FM NORMAL 0
[CDD (BASE 65) ]
TOTAL THIS MO. 323
DPTR FM NORMAL -13 [PRESSURE DATA]
TOTAL FM JAN 1 3718 HIGHEST SLP 30.16 ON 7
DPTR FM NORMAL 2 LOWEST SLP 29.89 ON 29
[REMARKS]
#FINAL-11-21#