000
CXUS54 KMEG 010900
CF6MKL
PRELIMINARY LOCAL CLIMATOLOGICAL DATA (WS FORM: F-6)
STATION: JACKSON
MONTH: JUNE
YEAR: 2023
LATITUDE: 35 35 N
LONGITUDE: 88 55 W
TEMPERATURE IN F: :PCPN: SNOW: WIND :SUNSHINE: SKY :PK WND
================================================================================
1 2 3 4 5 6A 6B 7 8 9 10 11 12 13 14 15 16 17 18
12Z AVG MX 2MIN
DY MAX MIN AVG DEP HDD CDD WTR SNW DPTH SPD SPD DIR MIN PSBL S-S WX SPD DR
================================================================================
1 87 63 75 2 0 10 0.00 M M 2.0 9 110 M M 1 1 13 180
2 90 66 78 4 0 13 0.05 M M 2.7 12 60 M M 2 1 14 70
3 91 63 77 3 0 12 0.00 M M 3.9 15 40 M M 0 1 19 40
4 93 61 77 3 0 12 0.13 M M 2.7 16 10 M M 2 13 22 10
5 92 65 79 5 0 14 0.00 M M 3.5 14 280 M M 1 1 18 290
6 89 62 76 2 0 11 0.00 M M 2.5 12 360 M M 0 18 13 360
7 90 58 74 -1 0 9 0.00 M M 5.3 14 10 M M 1 18 20 300
8 85 62 74 -1 0 9 0.00 M M 2.6 13 30 M M 1 18 16 40
9 86 59 73 -2 0 8 0.00 M M 3.0 12 360 M M 3 15 360
10 87 57 72 -3 0 7 0.05 M M 4.1 18 210 M M 3 13 23 230
11 86 65 76 0 0 11 T M M 10.4 24 240 M M 4 3 33 260
12 77 57 67 -9 0 2 0.00 M M 5.3 13 330 M M 5 18 16 290
13 82 55 69 -7 0 4 0.00 M M 4.9 17 230 M M 2 1 22 230
14 84 64 74 -2 0 9 0.04 M M 4.3 13 150 M M 4 13 17 210
15 86 64 75 -1 0 10 0.00 M M 3.5 12 240 M M 4 123 14 250
16 90 64 77 0 0 12 0.00 M M 3.3 17 260 M M 1 1 21 260
17 91 62 77 0 0 12 0.00 M M 2.3 8 40 M M 0 1 13 340
18 82 67 75 -2 0 10 1.50 M M 6.5 25 240 M M 5 138 33 260
19 84 68 76 -1 0 11 0.04 M M 7.0 18 320 M M 4 1 24 320
20 86 68 77 -1 0 12 T M M 8.0 16 40 M M 3 18 24 60
21 85 68 77 -1 0 12 0.29 M M 6.5 24 70 M M 7 13 31 60
22 81 62 72 -6 0 7 T M M 6.4 21 360 M M 5 1 24 360
23 88 59 74 -4 0 9 0.00 M M 3.5 12 340 M M 1 1 15 330
24 91 65 78 0 0 13 0.00 M M 5.7 14 200 M M 1 1 20 210
25 95 73 84 6 0 19 0.00 M M 11.4 33 270 M M 2 3 41 270
26 89 67 78 0 0 13 0.00 M M 8.8 18 290 M M 0 24 260
27 90 62 76 -2 0 11 0.00 M M 3.3 12 310 M M 0 1 16 310
28 88 64 76 -3 0 11 0.00 M M 2.9 9 170 M M 0 1 13 170
29 96 72 84 5 0 19 0.00 M M 6.3 15 210 M M 2 22 230
30 96 72 84 5 0 19 0.00 M M 6.1 15 240 M M 1 24 260
================================================================================
SM 2637 1914 0 331 2.10 M 148.7 M 65
================================================================================
AV 87.9 63.8 5.0 FASTST M M 2 MAX(MPH)
MISC ----> 33 270 41 270
================================================================================
NOTES:
# LAST OF SEVERAL OCCURRENCES
COLUMN 17 PEAK WIND IN M.P.H.
PRELIMINARY LOCAL CLIMATOLOGICAL DATA (WS FORM: F-6) , PAGE 2
STATION: JACKSON
MONTH: JUNE
YEAR: 2023
LATITUDE: 35 35 N
LONGITUDE: 88 55 W
[TEMPERATURE DATA] [PRECIPITATION DATA] SYMBOLS USED IN COLUMN 16
AVERAGE MONTHLY: 75.9 TOTAL FOR MONTH: 2.10 1 = FOG OR MIST
DPTR FM NORMAL: -0.6 DPTR FM NORMAL: -2.66 2 = FOG REDUCING VISIBILITY
HIGHEST: 96 ON 30,29 GRTST 24HR 1.50 ON 18-18 TO 1/4 MILE OR LESS
LOWEST: 55 ON 13 3 = THUNDER
SNOW, ICE PELLETS, HAIL 4 = ICE PELLETS
TOTAL MONTH: M 5 = HAIL
GRTST 24HR M ON M 6 = FREEZING RAIN OR DRIZZLE
GRTST DEPTH: M ON M 7 = DUSTSTORM OR SANDSTORM:
VSBY 1/2 MILE OR LESS
8 = SMOKE OR HAZE
[NO. OF DAYS WITH] [WEATHER - DAYS WITH] 9 = BLOWING SNOW
X = TORNADO
MAX 32 OR BELOW: 0 0.01 INCH OR MORE: 7
MAX 90 OR ABOVE: 12 0.10 INCH OR MORE: 3
MIN 32 OR BELOW: 0 0.50 INCH OR MORE: 1
MIN 0 OR BELOW: 0 1.00 INCH OR MORE: 1
[HDD (BASE 65) ]
TOTAL THIS MO. 0 CLEAR (SCALE 0-3) 20
DPTR FM NORMAL -1 PTCLDY (SCALE 4-7) 10
TOTAL FM JUL 1 3155 CLOUDY (SCALE 8-10) 0
DPTR FM NORMAL -365
[CDD (BASE 65) ]
TOTAL THIS MO. 331
DPTR FM NORMAL -12 [PRESSURE DATA]
TOTAL FM JAN 1 539 HIGHEST SLP 30.05 ON 1
DPTR FM NORMAL -33 LOWEST SLP 29.66 ON 11
[REMARKS]
#FINAL-06-23#