000
CXUS54 KMEG 011516
CLMMKL
CLIMATE REPORT
NATIONAL WEATHER SERVICE MEMPHIS TN
1016 AM CDT WED NOV 01 2023
...................................
...THE JACKSON CLIMATE SUMMARY FOR THE MONTH OF OCTOBER 2023...
CLIMATE NORMAL PERIOD 1991 TO 2020
CLIMATE RECORD PERIOD 1948 TO 2023
WEATHER OBSERVED NORMAL DEPART LAST YEAR`S
VALUE DATE(S) VALUE FROM VALUE DATE(S)
NORMAL
................................................................
TEMPERATURE (F)
RECORD
HIGH 96 10/03/2019
10/02/2019
10/01/1953
LOW 25 10/29/1952
10/22/1952
HIGHEST 90 10/01 74 16 85 10/12
10/02
LOWEST 28 10/31 48 -20 28 10/20
AVG. MAXIMUM 74.9 73.3 1.6 73.1
AVG. MINIMUM 50.0 48.1 1.9 44.1
MEAN 62.5 60.7 1.8 58.6
DAYS MAX >= 90 2 0.4 1.6 0
DAYS MAX <= 32 0 0.0 0.0 0
DAYS MIN <= 32 1 1.7 -0.7 3
DAYS MIN <= 0 0 0.0 0.0 0
PRECIPITATION (INCHES)
RECORD
MAXIMUM 8.96 2019
MINIMUM 0.00 1963
TOTALS 1.33 3.63 -2.30 2.40
DAILY AVG. 0.04 0.12 -0.08 0.08
DAYS >= .01 6 8.4 -2.4 5
DAYS >= .10 4 5.2 -1.2 3
DAYS >= .50 0 2.4 -2.4 2
DAYS >= 1.00 0 1.2 -1.2 1
GREATEST
24 HR. TOTAL 0.51 10/29 TO 10/30
DEGREE DAYS
HEATING TOTAL 139 187 -48 207
SINCE 7/1 139 209 -70 MM
COOLING TOTAL 67 54 13 14
SINCE 1/1 1698 1710 -12 MM
................................................................
WIND (MPH)
AVERAGE WIND SPEED 5.9
HIGHEST WIND SPEED/DIRECTION 24/350 DATE 10/15
24/250 10/21
HIGHEST GUST SPEED/DIRECTION 35/250 DATE 10/21
SKY COVER
POSSIBLE SUNSHINE (PERCENT) MM
AVERAGE SKY COVER 0.29
NUMBER OF DAYS FAIR 22
NUMBER OF DAYS PC 4
NUMBER OF DAYS CLOUDY 5
AVERAGE RH (PERCENT) 69
WEATHER CONDITIONS. NUMBER OF DAYS WITH
THUNDERSTORM 0 MIXED PRECIP 0
HEAVY RAIN 1 RAIN 3
LIGHT RAIN 8 FREEZING RAIN 0
LT FREEZING RAIN 0 HAIL 0
HEAVY SNOW 0 SNOW 0
LIGHT SNOW 0 SLEET 0
FOG 8 FOG W/VIS <= 1/4 MILE 3
HAZE 1
- INDICATES NEGATIVE NUMBERS.
R INDICATES RECORD WAS SET OR TIED.
MM INDICATES DATA IS MISSING.
T INDICATES TRACE AMOUNT.
$$