000
CXUS54 KTSA 311127
CF6MKO
PRELIMINARY LOCAL CLIMATOLOGICAL DATA (WS FORM: F-6)
STATION: MUSKOGEE OKLAHOMA
MONTH: JUNE
YEAR: 2022
LATITUDE: 35 40 N
LONGITUDE: 95 22 W
TEMPERATURE IN F: :PCPN: SNOW: WIND :SUNSHINE: SKY :PK WND
================================================================================
1 2 3 4 5 6A 6B 7 8 9 10 11 12 13 14 15 16 17 18
12Z AVG MX 2MIN
DY MAX MIN AVG DEP HDD CDD WTR SNW DPTH SPD SPD DIR MIN PSBL S-S WX SPD DR
================================================================================
1 85 67 76 2 0 11 T 0.0 M 7.5 23 250 M M 1 34 220
2 80 63 72 -2 0 7 0.00 0.0 M 8.4 17 350 M M 6 22 340
3 81 61 71 -3 0 6 T 0.0 M 3.7 9 130 M M 2 13 130
4 84 57 71 -3 0 6 0.00 0.0 M 5.0 13 120 M M 1 1 17 110
5 73 63 68 -7 0 3 0.38 0.0 M 6.6 26 340 M M 3 13 41 340
6 86 66 76 1 0 11 1.68 0.0 M 8.6 29 340 M M 4 13 46 340
7 82 70 76 1 0 11 0.14 0.0 M 5.1 14 110 M M 5 13 21 110
8 74 65 70 -5 0 5 2.02 0.0 M 5.2 20 340 M M 6 123 28 360
9 85 62 74 -2 0 9 0.00 0.0 M 3.9 12 140 M M 2 12 17 130
10 85 66 76 0 0 11 2.19 0.0 M 5.9 26 40 M M 3 13 36 40
11 91 69 80 4 0 15 0.00 0.0 M 7.3 14 180 M M 1 20 170
12 96 75 86 10 0 21 0.00 0.0 M 9.4 16 190 M M 0 1 25 170
13 93 76 85 8 0 20 0.00 0.0 M 9.9 18 180 M M 0 8 25 190
14 91 76 84 7 0 19 0.00 0.0 M 10.7 23 190 M M 0 8 33 180
15 91 76 84 7 0 19 0.00 0.0 M 11.3 22 190 M M 1 33 170
16 92 75 84 7 0 19 0.00 0.0 M 5.7 13 160 M M 0 19 160
17 95 72 84 6 0 19 0.00 0.0 M 4.4 9 150 M M 0 1 14 150
18 95 73 84 6 0 19 0.00 0.0 M 4.6 16 150 M M 0 1 24 170
19 89 72 81 3 0 16 0.00 0.0 M 9.0 17 130 M M 0 25 130
20 90 65 78 0 0 13 0.00 0.0 M 6.8 13 120 M M 0 18 170
21 95 70 83 5 0 18 0.00 0.0 M 5.4 10 220 M M 0 16 200
22 98 71 85 6 0 20 0.00 0.0 M 2.4 9 90 M M 0 1 12 100
23 96 71 84 5 0 19 0.00 0.0 M 4.8 10 140 M M 1 12 14 150
24 97 73 85 6 0 20 0.00 0.0 M 7.5 14 180 M M 0 22 150
25 96 76 86 7 0 21 0.00 0.0 M 6.6 15 190 M M 0 18 23 170
26 88 71 80 1 0 15 0.00 0.0 M 12.5 26 10 M M 1 1 36 10
27 87 65 76 -4 0 11 0.00 0.0 M 7.9 15 60 M M 0 22 60
28 86 64 75 -5 0 10 T 0.0 M 4.7 13 100 M M 1 19 100
29 89 57 73 -7 0 8 0.00 0.0 M 3.9 12 190 M M 0 1 15 190
30 93 60 77 -3 0 12 0.00 0.0 M 6.6 13 150 M M 0 19 180
================================================================================
SM 2663 2047 0 414 6.41 0.0 201.3 M 38
================================================================================
AV 88.8 68.2 6.7 FASTST M M 1 MAX(MPH)
MISC ----> 29 340 46 340
================================================================================
NOTES:
# LAST OF SEVERAL OCCURRENCES
COLUMN 17 PEAK WIND IN M.P.H.
PRELIMINARY LOCAL CLIMATOLOGICAL DATA (WS FORM: F-6) , PAGE 2
STATION: MUSKOGEE OKLAHOMA
MONTH: JUNE
YEAR: 2022
LATITUDE: 35 40 N
LONGITUDE: 95 22 W
[TEMPERATURE DATA] [PRECIPITATION DATA] SYMBOLS USED IN COLUMN 16
AVERAGE MONTHLY: 78.5 TOTAL FOR MONTH: 6.41 1 = FOG OR MIST
DPTR FM NORMAL: 1.4 DPTR FM NORMAL: 1.99 2 = FOG REDUCING VISIBILITY
HIGHEST: 98 ON 22 GRTST 24HR 2.19 ON 10-10 TO 1/4 MILE OR LESS
LOWEST: 57 ON 29, 4 3 = THUNDER
SNOW, ICE PELLETS, HAIL 4 = ICE PELLETS
TOTAL MONTH: 0.0 INCH 5 = HAIL
GRTST 24HR 0.0 6 = FREEZING RAIN OR DRIZZLE
GRTST DEPTH: M ON M 7 = DUSTSTORM OR SANDSTORM:
VSBY 1/2 MILE OR LESS
8 = SMOKE OR HAZE
[NO. OF DAYS WITH] [WEATHER - DAYS WITH] 9 = BLOWING SNOW
X = TORNADO
MAX 32 OR BELOW: 0 0.01 INCH OR MORE: 5
MAX 90 OR ABOVE: 15 0.10 INCH OR MORE: 5
MIN 32 OR BELOW: 0 0.50 INCH OR MORE: 3
MIN 0 OR BELOW: 0 1.00 INCH OR MORE: 3
[HDD (BASE 65) ]
TOTAL THIS MO. 0 CLEAR (SCALE 0-3) 25
DPTR FM NORMAL -1 PTCLDY (SCALE 4-7) 5
TOTAL FM JUL 1 3043 CLOUDY (SCALE 8-10) 0
DPTR FM NORMAL -368
[CDD (BASE 65) ]
TOTAL THIS MO. 414
DPTR FM NORMAL 52 [PRESSURE DATA]
TOTAL FM JAN 1 682 HIGHEST SLP 30.30 ON 27
DPTR FM NORMAL 107 LOWEST SLP 29.63 ON 6
[REMARKS]
#FINAL-06-22#