000
CXUS53 KDVN 011130
CLMMLI
CLIMATE REPORT
NATIONAL WEATHER SERVICE QUAD CITIES IA IL
630 AM CDT SAT JUL 01 2023
...................................
...THE MOLINE IL CLIMATE SUMMARY FOR THE MONTH OF JUNE 2023...
CLIMATE NORMAL PERIOD 1991 TO 2020
CLIMATE RECORD PERIOD 1872 TO 2023
WEATHER OBSERVED NORMAL DEPART LAST YEAR`S
VALUE DATE(S) VALUE FROM VALUE
NORMAL
..............................................................
TEMPERATURE (F)
RECORD
HIGH 104 06/25/1988
06/29/1936
06/02/1934
LOW 39 06/01/1993
06/11/1972
06/04/1945
HIGHEST 96 06/03 86 10
LOWEST 46 06/08 56 -10
06/12
AVG. MAXIMUM 87.8 83.1 4.7
AVG. MINIMUM 59.1 61.0 -1.9
MEAN 73.5 72.1 1.4
DAYS MAX >= 90 13 5.4 7.6
DAYS MAX <= 32 0 0.0 0.0
DAYS MIN <= 32 0 0.0 0.0
DAYS MIN <= 0 0 0.0 0.0
PRECIPITATION (INCHES)
RECORD
MAXIMUM 13.21 1993
MINIMUM 0.49 1886
TOTALS 2.02 5.01 -2.99
DAILY AVG. 0.07 0.17 -0.10
DAYS >= .01 10 11.3 -1.3
DAYS >= .10 4
DAYS >= .50 1
DAYS >= 1.00 0 1.6 -1.6
GREATEST
24 HR. TOTAL 0.84 06/24 TO 06/25
SNOWFALL (INCHES)
RECORDS
TOTAL MM MM
TOTALS 0.0 0.0 0.0
SINCE 7/1 24.6 36.1 -11.5
SNOWDEPTH AVG. 0
DAYS >= TRACE 0 0.0 0.0
DAYS >= 1.0 0 0.0 0.0
GREATEST
SNOW DEPTH 0
24 HR TOTAL MM
DEGREE DAYS
HEATING TOTAL 2 16 -14
SINCE 7/1 5355 6020 -665
COOLING TOTAL 264 228 36
SINCE 1/1 368 317 51
..............................................................
WIND (MPH)
AVERAGE WIND SPEED 6.1
HIGHEST WIND SPEED/DIRECTION 36/150 DATE 06/02
36/260 06/29
HIGHEST GUST SPEED/DIRECTION 49/140 DATE 06/02
49/260 06/25
SKY COVER
POSSIBLE SUNSHINE (PERCENT) MM
AVERAGE SKY COVER 0.19
NUMBER OF DAYS FAIR 24
NUMBER OF DAYS PC 5
NUMBER OF DAYS CLOUDY 1
AVERAGE RH (PERCENT) 59
WEATHER CONDITIONS. NUMBER OF DAYS WITH
THUNDERSTORM 6 HAIL 0
SLEET 0 FOG 8
FOG W/VIS <= 1/4 MILE 1 HAZE 12
- INDICATES NEGATIVE NUMBERS.
R INDICATES RECORD WAS SET OR TIED.
MM INDICATES DATA IS MISSING.
T INDICATES TRACE AMOUNT.
$$