000
CXUS55 KBYZ 011000
CF6MLS
PRELIMINARY LOCAL CLIMATOLOGICAL DATA (WS FORM: F-6)
STATION: MILES CITY MT
MONTH: JUNE
YEAR: 2020
LATITUDE: 46 25 N
LONGITUDE: 105 53 W
TEMPERATURE IN F: :PCPN: SNOW: WIND :SUNSHINE: SKY :PK WND
================================================================================
1 2 3 4 5 6A 6B 7 8 9 10 11 12 13 14 15 16 17 18
12Z AVG MX 2MIN
DY MAX MIN AVG DEP HDD CDD WTR SNW DPTH SPD SPD DIR MIN PSBL S-S WX SPD DR
================================================================================
1 79 54 67 6 0 2 T M M 7.6 16 310 M M 0 23 30
2 76 56 66 5 0 1 0.06 M M 7.1 16 290 M M 3 3 22 280
3 81 53 67 6 0 2 0.00 M M 8.5 24 330 M M 0 30 330
4 78 54 66 4 0 1 T M M 7.2 21 340 M M 4 26 330
5 83 50 67 5 0 2 0.00 M M 12.0 23 130 M M 3 29 120
6 88 60 74 12 0 9 0.38 M M 12.6 33 230 M M 1 13 42 240
7 76 54 65 2 0 0 0.11 M M 8.9 23 290 M M 5 1 30 250
8 69 49 59 -4 6 0 0.01 M M 10.4 22 300 M M 5 28 290
9 68 43 56 -7 9 0 T M M 11.4 23 330 M M 4 30 310
10 74 42 58 -6 7 0 0.00 M M 12.9 29 300 M M 3 40 280
11 84 46 65 1 0 0 0.00 M M 6.9 18 260 M M 1 26 250
12 93 51 72 8 0 7 0.00 M M 12.2 25 140 M M 0 35 140
13 98 68 83 18 0 18 T M M 19.0 37 140 M M 0 49 140
14 79 53 66 1 0 1 T M M 11.6 22 340 M M 1 26 360
15 80 47 64 -1 1 0 0.00 M M 9.2 20 120 M M 0 24 120
16 71 53 62 -4 3 0 T M M 10.6 21 330 M M 1 26 320
17 62 50 56 -10 9 0 0.25 M M 12.3 25 270 M M 7 1 32 270
18 64 46 55 -11 10 0 T M M 12.4 26 330 M M 7 1 32 280
19 75 41 58 -9 7 0 0.00 M M 7.8 18 290 M M 4 12 23 320
20 82 47 65 -2 0 0 0.03 M M 7.8 23 280 M M 4 18 30 280
21 78 56 67 -1 0 2 0.03 M M 9.2 23 320 M M 7 13 28 310
22 79 54 67 -1 0 2 0.00 M M 9.2 18 340 M M 2 24 350
23 89 54 72 4 0 7 0.00 M M 6.4 14 270 M M 1 20 230
24 94 60 77 9 0 12 T M M 6.4 22 240 M M 1 3 31 250
25 84 60 72 3 0 7 T M M 11.4 28 320 M M 2 34 310
26 90 53 72 3 0 7 0.00 M M 6.3 17 170 M M 0 24 190
27 95 61 78 9 0 13 0.31 M M 10.7 40 320 M M 1 13 57 310
28 77 61 69 -1 0 4 0.06 M M 11.3 21 20 M M 5 24 300
29 77 60 69 -1 0 4 0.08 M M 13.3 22 290 M M 9 1 26 290
30 68 55 62 -8 3 0 0.66 M M 7.9 26 240 M M 7 13 32 240
================================================================================
SM 2391 1591 55 101 1.98 M 300.5 M 88
================================================================================
AV 79.7 53.0 10.0 FASTST M M 3 MAX(MPH)
MISC ----> 40 320 57 310
================================================================================
NOTES:
# LAST OF SEVERAL OCCURRENCES
COLUMN 17 PEAK WIND IN M.P.H.
PRELIMINARY LOCAL CLIMATOLOGICAL DATA (WS FORM: F-6) , PAGE 2
STATION: MILES CITY MT
MONTH: JUNE
YEAR: 2020
LATITUDE: 46 25 N
LONGITUDE: 105 53 W
[TEMPERATURE DATA] [PRECIPITATION DATA] SYMBOLS USED IN COLUMN 16
AVERAGE MONTHLY: 66.4 TOTAL FOR MONTH: 1.98 1 = FOG OR MIST
DPTR FM NORMAL: 0.8 DPTR FM NORMAL: -0.53 2 = FOG REDUCING VISIBILITY
HIGHEST: 98 ON 13 GRTST 24HR 0.66 ON 29-30 TO 1/4 MILE OR LESS
LOWEST: 41 ON 19 3 = THUNDER
SNOW, ICE PELLETS, HAIL 4 = ICE PELLETS
TOTAL MONTH: M 5 = HAIL
GRTST 24HR M ON M 6 = FREEZING RAIN OR DRIZZLE
GRTST DEPTH: M ON M 7 = DUSTSTORM OR SANDSTORM:
VSBY 1/2 MILE OR LESS
8 = SMOKE OR HAZE
[NO. OF DAYS WITH] [WEATHER - DAYS WITH] 9 = BLOWING SNOW
X = TORNADO
MAX 32 OR BELOW: 0 0.01 INCH OR MORE: 11
MAX 90 OR ABOVE: 5 0.10 INCH OR MORE: 5
MIN 32 OR BELOW: 0 0.50 INCH OR MORE: 1
MIN 0 OR BELOW: 0 1.00 INCH OR MORE: 0
[HDD (BASE 65) ]
TOTAL THIS MO. 55 CLEAR (SCALE 0-3) 15
DPTR FM NORMAL -34 PTCLDY (SCALE 4-7) 14
TOTAL FM JUL 1 7539 CLOUDY (SCALE 8-10) 1
DPTR FM NORMAL -92
[CDD (BASE 65) ]
TOTAL THIS MO. 101
DPTR FM NORMAL -6 [PRESSURE DATA]
TOTAL FM JAN 1 107 HIGHEST SLP 30.15 ON 11
DPTR FM NORMAL -20 LOWEST SLP 29.21 ON 6
[REMARKS]
#FINAL-06-20#