000
CXUS51 KCAR 011021
CLMMLT
CLIMATE REPORT
NATIONAL WEATHER SERVICE CARIBOU ME
521 AM EST THU FEB 01 2024
...................................
...THE MILLINOCKET ME CLIMATE SUMMARY FOR THE MONTH OF JANUARY 2024...
CLIMATE NORMAL PERIOD: 1991 TO 2020
CLIMATE RECORD PERIOD: 1903 TO 2024
WEATHER OBSERVED NORMAL DEPART LAST YEAR`S
VALUE DATE(S) VALUE FROM VALUE DATE(S)
NORMAL
................................................................
TEMPERATURE (F)
RECORD
HIGH 57 01/05/1950
LOW -41 01/19/1925
HIGHEST 46 01/10 MM MM 43 01/04
LOWEST -13 01/31 MM MM -3 01/11
AVG. MAXIMUM 27.9 24.8 3.1 31.3
AVG. MINIMUM 12.1 6.1 6.0 16.2
MEAN 20.0 15.5 4.5 23.7
DAYS MAX >= 90 0 0.0 0.0 0
DAYS MAX <= 32 23 23.1 -0.1 17
DAYS MIN <= 32 31 30.4 0.6 31
DAYS MIN <= 0 2 10.3 -8.3 2
PRECIPITATION (INCHES)
RECORD
MAXIMUM 4.40 2023
MINIMUM 1.29 2021
TOTALS 2.66 -0.04
DAILY AVG. 0.09 0.09 0.00 0.14
DAYS >= .01 9 9.9 -0.9 14
DAYS >= .10 5 5.3 -0.3 9
DAYS >= .50 2 1.5 0.5 3
DAYS >= 1.00 1 0.4 0.6 1
SNOWFALL (INCHES)
RECORDS
TOTAL MM MM
TOTALS MM MM MM MM
SINCE 7/1 MM MM MM MM
SNOWDEPTH AVG. MM MM
DAYS >= 1.0 MM MM MM MM
GREATEST
SNOW DEPTH MM MM MM
24 HR TOTAL MM MM
DEGREE DAYS
HEATING TOTAL 1386 1536 -150 1270
SINCE 7/1 4028 4638 -610 MM
COOLING TOTAL 0 0 0 0
SINCE 1/1 0 0 0 MM
................................................................
WIND (MPH)
AVERAGE WIND SPEED 6.1
HIGHEST WIND SPEED/DIRECTION 26/120 DATE 01/10
26/300 01/17
HIGHEST GUST SPEED/DIRECTION 46/110 DATE 01/10
SKY COVER
POSSIBLE SUNSHINE (PERCENT) MM
AVERAGE SKY COVER 0.62
NUMBER OF DAYS FAIR 7
NUMBER OF DAYS PC 13
NUMBER OF DAYS CLOUDY 11
AVERAGE RH (PERCENT) 70
WEATHER CONDITIONS. NUMBER OF DAYS WITH
THUNDERSTORM 0 MIXED PRECIP 0
HEAVY RAIN 1 RAIN 2
LIGHT RAIN 2 FREEZING RAIN 1
LT FREEZING RAIN 1 HAIL 0
HEAVY SNOW 4 SNOW 6
LIGHT SNOW 14 SLEET 0
FOG 13 FOG W/VIS <= 1/4 MILE 5
HAZE 7
- INDICATES NEGATIVE NUMBERS.
* INDICATES RECORD WAS SET OR TIED.
MM INDICATES DATA IS MISSING.
T INDICATES TRACE AMOUNT.
$$