000
CXUS54 KSHV 011400
CF6MLU
PRELIMINARY LOCAL CLIMATOLOGICAL DATA (WS FORM: F-6)
STATION: MONROE
MONTH: FEBRUARY
YEAR: 2021
LATITUDE: 32 30 N
LONGITUDE: 92 2 W
TEMPERATURE IN F: :PCPN: SNOW: WIND :SUNSHINE: SKY :PK WND
================================================================================
1 2 3 4 5 6A 6B 7 8 9 10 11 12 13 14 15 16 17 18
12Z AVG MX 2MIN
DY MAX MIN AVG DEP HDD CDD WTR SNW DPTH SPD SPD DIR MIN PSBL S-S WX SPD DR
================================================================================
1 54 34 44 -4 21 0 0.00 0.0 0 8.4 21 340 M M 2 29 330
2 54 30 42 -6 23 0 0.00 0.0 0 3.9 12 360 M M 0 1 15 330
3 58 28 43 -5 22 0 0.00 0.0 0 2.5 8 160 M M 0 1 13 170
4 70 47 59 11 6 0 0.44 0.0 0 11.4 24 360 M M 6 13 31 360
5 53 35 44 -4 21 0 0.00 0.0 0 3.7 12 30 M M 1 16 40
6 51 38 45 -4 20 0 0.07 0.0 0 5.9 18 320 M M 10 18 23 320
7 47 36 42 -7 23 0 T 0.0 0 6.6 17 360 M M 8 1 23 20
8 64 36 50 1 15 0 0.00 0.0 0 6.4 13 210 M M 5 17 210
9 74 47 61 12 4 0 0.00 0.0 0 4.3 14 40 M M 7 12 16 50
10 64 40 52 3 13 0 0.05 0.0 0 7.8 16 360 M M 9 138 20 10
11 40 32 36 -14 29 0 0.02 T 0 11.1 18 20 M M 10 1 22 20
12 33 30 32 -18 33 0 T 0.0 0 13.3 20 20 M M 10 18 25 20
13 36 28 32 -18 33 0 0.00 0.0 0 13.7 20 360 M M 10 24 360
14 29 21 25 -25 40 0 0.04 0.1 0 13.7 21 30 M M 10 148 28 40
15 22 17 20 -30 45 0 0.77 2.2 2 13.1 23 340 M M 10 12 30 350
16 28 16 22 -29 43 0 0.01 0.2 2 5.8 13 50 M M 6 16 290
17 32 22 27 -24 38 0 1.07 1.0 2 10.1 21 40 M M 10 16 25 40
18 31 24 28 -23 37 0 T T 2 11.1 18 330 M M 9 16 23 10
19 33 21 27 -24 38 0 0.00 0.0 2 5.2 13 10 M M 5 1 16 10
20 45 26 36 -16 29 0 0.00 0.0 1 2.6 7 100 M M 5 1 10 170
21 62 27 45 -7 20 0 0.00 0.0 T 4.7 13 160 M M 7 1 19 150
22 66 40 53 1 12 0 T 0.0 0 5.0 15 300 M M 2 19 300
23 75 36 56 4 9 0 0.00 0.0 0 5.9 15 230 M M 0 18 190
24 76 45 61 8 4 0 0.00 0.0 0 5.7 18 210 M M 4 1 24 220
25 66 50 58 5 7 0 0.02 0.0 0 8.6 21 50 M M 10 1 26 60
26 79 48 64 11 1 0 0.02 0.0 0 8.1 21 200 M M 7 1 29 180
27 79 61 70 16 0 5 0.06 0.0 0 6.3 20 190 M M 8 1 24 200
28 81 68 75 21 0 10 T 0.0 0 10.8 26 210 M M 6 32 210
================================================================================
SM 1502 983 586 15 2.57 3.5 215.7 M 177
================================================================================
AV 53.6 35.1 7.7 FASTST M M 6 MAX(MPH)
MISC ----> 26 210 32 210
================================================================================
NOTES:
# LAST OF SEVERAL OCCURRENCES
COLUMN 17 PEAK WIND IN M.P.H.
PRELIMINARY LOCAL CLIMATOLOGICAL DATA (WS FORM: F-6) , PAGE 2
STATION: MONROE
MONTH: FEBRUARY
YEAR: 2021
LATITUDE: 32 30 N
LONGITUDE: 92 2 W
[TEMPERATURE DATA] [PRECIPITATION DATA] SYMBOLS USED IN COLUMN 16
AVERAGE MONTHLY: 44.4 TOTAL FOR MONTH: 2.57 1 = FOG OR MIST
DPTR FM NORMAL: -6.1 DPTR FM NORMAL: -2.06 2 = FOG REDUCING VISIBILITY
HIGHEST: 81 ON 28 GRTST 24HR 1.07 ON 17-17 TO 1/4 MILE OR LESS
LOWEST: 16 ON 16 3 = THUNDER
SNOW, ICE PELLETS, HAIL 4 = ICE PELLETS
TOTAL MONTH: 3.5 INCHES 5 = HAIL
GRTST 24HR 2.2 ON 15-15 6 = FREEZING RAIN OR DRIZZLE
GRTST DEPTH: 2 ON 19,18 7 = DUSTSTORM OR SANDSTORM:
VSBY 1/2 MILE OR LESS
8 = SMOKE OR HAZE
[NO. OF DAYS WITH] [WEATHER - DAYS WITH] 9 = BLOWING SNOW
X = TORNADO
MAX 32 OR BELOW: 5 0.01 INCH OR MORE: 11
MAX 90 OR ABOVE: 0 0.10 INCH OR MORE: 3
MIN 32 OR BELOW: 13 0.50 INCH OR MORE: 2
MIN 0 OR BELOW: 0 1.00 INCH OR MORE: 1
[HDD (BASE 65) ]
TOTAL THIS MO. 586 CLEAR (SCALE 0-3) 6
DPTR FM NORMAL 173 PTCLDY (SCALE 4-7) 11
TOTAL FM JUL 1 1855 CLOUDY (SCALE 8-10) 11
DPTR FM NORMAL -38
[CDD (BASE 65) ]
TOTAL THIS MO. 15
DPTR FM NORMAL 8 [PRESSURE DATA]
TOTAL FM JAN 1 17 HIGHEST SLP 30.54 ON 19
DPTR FM NORMAL 13 LOWEST SLP 29.71 ON 4
[REMARKS]
#FINAL-02-21#