000
CXUS56 KPQR 011155
CF6MMV
PRELIMINARY LOCAL CLIMATOLOGICAL DATA (WS FORM: F-6)
STATION: MCMINNVILLE OR
MONTH: MARCH
YEAR: 2021
LATITUDE: 45 11 N
LONGITUDE: 123 8 W
TEMPERATURE IN F: :PCPN: SNOW: WIND :SUNSHINE: SKY :PK WND
================================================================================
1 2 3 4 5 6A 6B 7 8 9 10 11 12 13 14 15 16 17 18
12Z AVG MX 2MIN
DY MAX MIN AVG DEP HDD CDD WTR SNW DPTH SPD SPD DIR MIN PSBL S-S WX SPD DR
================================================================================
1 60 35 48 4 17 0 0.00 M M 1.2 7 330 M M 0 1 28 210
2 57 36 47 3 18 0 0.00 M M 2.9 9 50 M M 4 128 22 210
3 61 31 46 1 19 0 0.00 M M 2.8 14 220 M M 3 128 16 220
4 53 37 45 0 20 0 0.05 M M 3.4 10 310 M M 5 128 23 30
5 50 39 45 0 20 0 0.19 M M 6.3 18 170 M M 10 12 22 170
6 52 37 45 0 20 0 0.09 M M 5.5 21 230 M M 7 1 24 230
7 53 38 46 1 19 0 0.30 M M 9.2 22 190 M M 5 1 28 190
8 52 36 44 -2 21 0 0.01 M M 6.4 24 210 M M 2 8 32 210
9 55 38 47 1 18 0 0.14 M M 6.4 20 190 M M 7 1 27 140
10 57 36 47 1 18 0 0.01 M M 3.3 13 280 M M 8 1 15 280
11 62 32 47 1 18 0 0.00 M M 1.7 8 160 M M 0 1 10 170
12 62 32 47 1 18 0 0.00 M M 1.4 7 310 M M 0 1 11 140
13 63 32 48 2 17 0 0.00 M M 2.3 13 240 M M 1 12 17 230
14 51 40 46 0 19 0 0.17 M M 6.3 16 330 M M 7 1 20 330
15 49 29 39 -8 26 0 T M M 4.4 18 320 M M 5 24 330
16 54 29 42 -5 23 0 0.00 M M 2.6 7 260 M M 0 9 90
17 60 31 46 -1 19 0 0.00 M M 2.6 8 350 M M 0 18 13 90
18 52 37 45 -2 20 0 0.19 M M 5.4 20 240 M M 7 1 24 240
19 55 43 49 2 16 0 0.07 M M 15.6 26 200 M M 6 35 190
20 55 41 48 1 17 0 0.15 M M 9.8 20 250 M M 8 1 32 300
21 51 40 46 -1 19 0 0.05 M M 8.3 17 190 M M 10 28 180
22 54 35 45 -3 20 0 0.12 M M 9.0 20 320 M M 6 1 28 310
23 59 30 45 -3 20 0 0.00 M M 3.4 12 30 M M 2 1 16 250
24 52 40 46 -2 19 0 0.06 M M 9.8 20 190 M M 8 1 27 240
25 55 38 47 -1 18 0 T M M 7.7 14 250 M M 6 19 230
26 58 32 45 -3 20 0 0.00 M M 3.4 10 210 M M 3 1 18 80
27 65 32 49 1 16 0 0.00 M M 2.3 9 260 M M 0 1 11 270
28 52 36 44 -4 21 0 0.15 M M 11.1 25 250 M M 5 1 33 250
29 55 33 44 -4 21 0 0.01 M M 8.2 20 290 M M 5 24 300
30 56 28 42 -6 23 0 0.00 M M 4.4 13 10 M M 1 1 18 20
31 70 30 50 2 15 0 0.00 M M 2.4 9 360 M M 0 1 12 360
================================================================================
SM 1740 1083 595 0 1.76 M 169.5 M 131
================================================================================
AV 56.1 34.9 5.5 FASTST M M 4 MAX(MPH)
MISC ----> 26 200 35 190
================================================================================
NOTES:
# LAST OF SEVERAL OCCURRENCES
COLUMN 17 PEAK WIND IN M.P.H.
PRELIMINARY LOCAL CLIMATOLOGICAL DATA (WS FORM: F-6) , PAGE 2
STATION: MCMINNVILLE OR
MONTH: MARCH
YEAR: 2021
LATITUDE: 45 11 N
LONGITUDE: 123 8 W
[TEMPERATURE DATA] [PRECIPITATION DATA] SYMBOLS USED IN COLUMN 16
AVERAGE MONTHLY: 45.5 TOTAL FOR MONTH: 1.76 1 = FOG OR MIST
DPTR FM NORMAL: -1.0 DPTR FM NORMAL: -2.27 2 = FOG REDUCING VISIBILITY
HIGHEST: 70 ON 31 GRTST 24HR 0.33 ON 6- 7 TO 1/4 MILE OR LESS
LOWEST: 28 ON 30 3 = THUNDER
SNOW, ICE PELLETS, HAIL 4 = ICE PELLETS
TOTAL MONTH: M 5 = HAIL
GRTST 24HR M ON M 6 = FREEZING RAIN OR DRIZZLE
GRTST DEPTH: M ON M 7 = DUSTSTORM OR SANDSTORM:
VSBY 1/2 MILE OR LESS
8 = SMOKE OR HAZE
[NO. OF DAYS WITH] [WEATHER - DAYS WITH] 9 = BLOWING SNOW
X = TORNADO
MAX 32 OR BELOW: 0 0.01 INCH OR MORE: 16
MAX 90 OR ABOVE: 0 0.10 INCH OR MORE: 8
MIN 32 OR BELOW: 12 0.50 INCH OR MORE: 0
MIN 0 OR BELOW: 0 1.00 INCH OR MORE: 0
[HDD (BASE 65) ]
TOTAL THIS MO. 595 CLEAR (SCALE 0-3) 13
DPTR FM NORMAL 23 PTCLDY (SCALE 4-7) 15
TOTAL FM JUL 1 3555 CLOUDY (SCALE 8-10) 3
DPTR FM NORMAL -397
[CDD (BASE 65) ]
TOTAL THIS MO. 0
DPTR FM NORMAL 0 [PRESSURE DATA]
TOTAL FM JAN 1 0 HIGHEST SLP 30.51 ON 23
DPTR FM NORMAL 0 LOWEST SLP 29.75 ON 3
[REMARKS]
#FINAL-03-21#