000
CXUS56 KPQR 011604
CLMMMV
CLIMATE REPORT
NATIONAL WEATHER SERVICE PORTLAND OREGON
904 AM PDT FRI SEP 01 2023
...................................
...THE MCMINNVILLE OR CLIMATE SUMMARY FOR THE MONTH OF AUGUST 2023...
CLIMATE NORMAL PERIOD 1991 TO 2020
CLIMATE RECORD PERIOD 1894 TO 2023
WEATHER OBSERVED NORMAL DEPART LAST YEAR`S
VALUE DATE(S) VALUE FROM VALUE DATE(S)
NORMAL
................................................................
TEMPERATURE (F)
HIGHEST 107 99 08/07
LOWEST 44 48 08/28
AVG. MAXIMUM 86.9 83.1 3.8 85.9
AVG. MINIMUM 55.6 51.9 3.7 54.7
MEAN 71.3 67.5 3.8 70.3
DAYS MAX >= 90 10 7.2 2.8 8
DAYS MAX <= 32 0 0.0 0.0 0
DAYS MIN <= 32 0 0.0 0.0 0
DAYS MIN <= 0 0 0.0 0.0 0
PRECIPITATION (INCHES)
RECORD
MAXIMUM 4.51 1968
MINIMUM 0.00 2000
TOTALS 0.81 0.36 0.45 0.04
DAYS >= .01 4 2.7 1.3 1
DAYS >= .10 1 1.1 -0.1 0
DAYS >= .50 1 0.0 1.0 0
DAYS >= 1.00 0 0.0 0.0 0
GREATEST
24 HR. TOTAL 0.72 08/31 TO 08/31
DEGREE DAYS
HEATING TOTAL 9 29 -20 2
SINCE 7/1 11 60 -49 MM
COOLING TOTAL 210 107 103 174
SINCE 1/1 440 242 198 MM
................................................................
WIND (MPH)
AVERAGE WIND SPEED 5.0
RESULTANT WIND SPEED/DIRECTION 1/280
HIGHEST WIND SPEED/DIRECTION 20/220 DATE 08/27
HIGHEST GUST SPEED/DIRECTION 24/220 DATE 08/27
24/280 08/29
SKY COVER
POSSIBLE SUNSHINE (PERCENT) MM
AVERAGE SKY COVER 0.22
AVERAGE RH (PERCENT) 61
WEATHER CONDITIONS. NUMBER OF DAYS WITH
THUNDERSTORM 1 MIXED PRECIP 0
HEAVY RAIN 1 RAIN 1
LIGHT RAIN 3 FREEZING RAIN 0
LT FREEZING RAIN 0 HAIL 0
HEAVY SNOW 0 SNOW 0
LIGHT SNOW 0 SLEET 0
FOG 5 FOG W/VIS <= 1/4 MILE 0
HAZE 9
- INDICATES NEGATIVE NUMBERS.
R INDICATES RECORD WAS SET OR TIED.
MM INDICATES DATA IS MISSING.
T INDICATES TRACE AMOUNT.
$$