000
CXUS55 KBOU 011000
CF6MNH
PRELIMINARY LOCAL CLIMATOLOGICAL DATA (WS FORM: F-6)
STATION: ELBERT 6W CO
MONTH: DECEMBER
YEAR: 2020
LATITUDE: 39 13 N
LONGITUDE: 104 38 W
TEMPERATURE IN F: :PCPN: SNOW: WIND :SUNSHINE: SKY :PK WND
================================================================================
1 2 3 4 5 6A 6B 7 8 9 10 11 12 13 14 15 16 17 18
12Z AVG MX 2MIN
DY MAX MIN AVG DEP HDD CDD WTR SNW DPTH SPD SPD DIR MIN PSBL S-S WX SPD DR
================================================================================
1 32 19 26 M 39 0 0.00 M M 12.8 22 360 M M 5 33 350
2 21 10 16 M 49 0 0.00 M M 14.3 22 330 M M 2 29 350
3 39 10 25 M 40 0 0.00 M M 8.9 13 320 M M 0 17 310
4 50 21 36 M 29 0 0.00 M M 6.4 9 310 M M 0 M M
5 45 21 33 M 32 0 0.00 M M 6.1 9 360 M M 0 M M
6 54 21 38 M 27 0 0.00 M M 6.8 12 340 M M 0 16 340
7 54 23 39 M 26 0 0.00 M M 5.8 13 220 M M 0 M M
8 63 21 42 M 23 0 0.00 M M 6.0 12 210 M M 0 8 16 210
9 59 23 41 M 24 0 0.00 M M 8.7 14 180 M M 0 8 17 180
10 37 21 29 M 36 0 0.01 M M 6.7 9 310 M M 2 M M
11 23 9 16 M 49 0 0.01 M M 5.3 9 300 M M 9 12 M M
12 23 1 12 M 53 0 0.03 M M 10.1 21 170 M M 6 25 180
13 27 9 18 M 47 0 0.00 M M 10.4 18 330 M M 4 12 25 330
14 37 18 28 M 37 0 0.02 M M 9.8 16 230 M M 3 16 150
15 21 5 13 M 52 0 0.00 M M 12.3 22 340 M M 6 1 29 340
16 32 12 22 M 43 0 0.00 M M 7.4 10 330 M M 1 17 320
17 45 16 31 M 34 0 0.00 M M 10.0 24 230 M M 0 28 240
18 34 10 22 M 43 0 0.00 M M 9.0 18 230 M M 5 26 360
19 37 12 25 M 40 0 0.00 M M 8.3 12 310 M M 0 17 340
20 45 14 30 M 35 0 0.00 M M 8.9 14 280 M M 0 M M
21 48 28 38 M 27 0 0.00 M M 6.5 10 190 M M 0 M M
22 52 23 38 M 27 0 0.00 M M 13.7 31 240 M M 0 39 240
23 21 5 13 M 52 0 0.00 M M 15.3 28 310 M M 2 33 310
24 43 9 26 M 39 0 0.00 M M 11.0 18 330 M M 1 23 330
25 52 23 38 M 27 0 0.00 M M 7.9 13 190 M M 0 M M
26 55 28 42 M 23 0 0.00 M M 8.5 13 180 M M 0 M M
27 36 21 29 M 36 0 0.00 M M 6.6 13 280 M M 2 16 310
28 28 21 25 M 40 0 0.00 M M 6.8 22 160 M M 10 1 30 170
29 32 7 20 M 45 0 0.00 M M 9.4 21 170 M M 3 1 25 300
30 37 5 21 M 44 0 0.00 M M 8.1 14 210 M M 0 M M
31 41 19 30 M 35 0 0.00 M M 6.4 9 50 M M 2 M M
================================================================================
SM 1223 485 1153 0 0.07 M 274.1 M 63
================================================================================
AV 39.5 15.6 8.8 FASTST M M 2 MAX(MPH)
MISC ----> 31 240 39 240
================================================================================
NOTES:
# LAST OF SEVERAL OCCURRENCES
COLUMN 17 PEAK WIND IN M.P.H.
PRELIMINARY LOCAL CLIMATOLOGICAL DATA (WS FORM: F-6) , PAGE 2
STATION: ELBERT 6W CO
MONTH: DECEMBER
YEAR: 2020
LATITUDE: 39 13 N
LONGITUDE: 104 38 W
[TEMPERATURE DATA] [PRECIPITATION DATA] SYMBOLS USED IN COLUMN 16
AVERAGE MONTHLY: 27.5 TOTAL FOR MONTH: 0.07 1 = FOG OR MIST
DPTR FM NORMAL: 0.0 DPTR FM NORMAL: M 2 = FOG REDUCING VISIBILITY
HIGHEST: 63 ON 8 GRTST 24HR 0.03 ON 12-12 TO 1/4 MILE OR LESS
LOWEST: 1 ON 12 3 = THUNDER
SNOW, ICE PELLETS, HAIL 4 = ICE PELLETS
TOTAL MONTH: M 5 = HAIL
GRTST 24HR M ON M 6 = FREEZING RAIN OR DRIZZLE
GRTST DEPTH: M ON M 7 = DUSTSTORM OR SANDSTORM:
VSBY 1/2 MILE OR LESS
8 = SMOKE OR HAZE
[NO. OF DAYS WITH] [WEATHER - DAYS WITH] 9 = BLOWING SNOW
X = TORNADO
MAX 32 OR BELOW: 10 0.01 INCH OR MORE: 4
MAX 90 OR ABOVE: 0 0.10 INCH OR MORE: 0
MIN 32 OR BELOW: 31 0.50 INCH OR MORE: 0
MIN 0 OR BELOW: 0 1.00 INCH OR MORE: 0
[HDD (BASE 65) ]
TOTAL THIS MO. 1153 CLEAR (SCALE 0-3) 23
DPTR FM NORMAL M PTCLDY (SCALE 4-7) 6
TOTAL FM JUL 1 2830 CLOUDY (SCALE 8-10) 2
DPTR FM NORMAL M
[CDD (BASE 65) ]
TOTAL THIS MO. 0
DPTR FM NORMAL M [PRESSURE DATA]
TOTAL FM JAN 1 289 HIGHEST SLP M ON M
DPTR FM NORMAL M LOWEST SLP M ON M
[REMARKS]
#FINAL-12-20#